69.249.66.112 - - [23/May/2005:15:35:00 +0200] "GET / HTTP/1.0" 200 644 "http://www.comites-it.org/" "Mozilla/4.0 (compatible; MSIE 6.0; Windows NT 5.1; FunWebProducts; .NET CLR 1.0.3705)"
69.249.66.112 - - [23/May/2005:15:35:00 +0200] "GET /icons/blank.gif HTTP/1.0" 200 148 "http://newark.comites-it.org/" "Mozilla/4.0 (compatible; MSIE 6.0; Windows NT 5.1; FunWebProducts; .NET CLR 1.0.3705)"
69.249.66.112 - - [23/May/2005:15:35:00 +0200] "GET /icons/back.gif HTTP/1.0" 200 216 "http://newark.comites-it.org/" "Mozilla/4.0 (compatible; MSIE 6.0; Windows NT 5.1; FunWebProducts; .NET CLR 1.0.3705)"
69.249.66.112 - - [23/May/2005:15:35:00 +0200] "GET /icons/folder.gif HTTP/1.0" 200 225 "http://newark.comites-it.org/" "Mozilla/4.0 (compatible; MSIE 6.0; Windows NT 5.1; FunWebProducts; .NET CLR 1.0.3705)"
69.249.66.112 - - [23/May/2005:15:35:06 +0200] "GET /logs/ HTTP/1.0" 200 776 "http://newark.comites-it.org/" "Mozilla/4.0 (compatible; MSIE 6.0; Windows NT 5.1; FunWebProducts; .NET CLR 1.0.3705)"
69.249.66.112 - - [23/May/2005:15:35:06 +0200] "GET /icons/unknown.gif HTTP/1.0" 200 245 "http://newark.comites-it.org/logs/" "Mozilla/4.0 (compatible; MSIE 6.0; Windows NT 5.1; FunWebProducts; .NET CLR 1.0.3705)"
192.4.227.243 - - [24/May/2005:06:52:46 +0200] "GET / HTTP/1.1" 200 656 "http://www.comites-it.org/" "Mozilla/4.0 (compatible; MSIE 6.0; Windows NT 5.1; SV1)"
192.4.227.243 - - [24/May/2005:06:52:46 +0200] "GET /icons/blank.gif HTTP/1.1" 200 148 "http://newark.comites-it.org/" "Mozilla/4.0 (compatible; MSIE 6.0; Windows NT 5.1; SV1)"
192.4.227.243 - - [24/May/2005:06:52:46 +0200] "GET /icons/back.gif HTTP/1.1" 200 216 "http://newark.comites-it.org/" "Mozilla/4.0 (compatible; MSIE 6.0; Windows NT 5.1; SV1)"
192.4.227.243 - - [24/May/2005:06:52:46 +0200] "GET /icons/folder.gif HTTP/1.1" 200 225 "http://newark.comites-it.org/" "Mozilla/4.0 (compatible; MSIE 6.0; Windows NT 5.1; SV1)"
192.4.227.243 - - [24/May/2005:06:52:49 +0200] "GET /logs/ HTTP/1.1" 200 788 "http://newark.comites-it.org/" "Mozilla/4.0 (compatible; MSIE 6.0; Windows NT 5.1; SV1)"
192.4.227.243 - - [24/May/2005:06:52:49 +0200] "GET /icons/unknown.gif HTTP/1.1" 200 245 "http://newark.comites-it.org/logs/" "Mozilla/4.0 (compatible; MSIE 6.0; Windows NT 5.1; SV1)"
207.46.98.141 - - [24/May/2005:07:10:58 +0200] "GET /robots.txt HTTP/1.0" 404 282 "-" "msnbot/1.0 (+http://search.msn.com/msnbot.htm)"
207.46.98.141 - - [24/May/2005:07:10:58 +0200] "GET / HTTP/1.0" 200 644 "-" "msnbot/1.0 (+http://search.msn.com/msnbot.htm)"
207.46.98.141 - - [24/May/2005:12:14:39 +0200] "GET /robots.txt HTTP/1.0" 404 282 "-" "msnbot/1.0 (+http://search.msn.com/msnbot.htm)"
207.46.98.141 - - [24/May/2005:12:14:40 +0200] "GET / HTTP/1.0" 200 644 "-" "msnbot/1.0 (+http://search.msn.com/msnbot.htm)"
207.46.98.141 - - [24/May/2005:17:01:26 +0200] "GET / HTTP/1.0" 200 644 "-" "msnbot/1.0 (+http://search.msn.com/msnbot.htm)"
64.242.88.10 - - [24/May/2005:18:58:00 +0200] "GET /logs/ HTTP/1.1" 200 788 "-" "Mozilla/4.0 compatible ZyBorg/1.0 (wn-14.zyborg@looksmart.net; http://www.WISEnutbot.com)"
207.46.98.141 - - [24/May/2005:21:35:13 +0200] "GET /robots.txt HTTP/1.0" 404 282 "-" "msnbot/1.0 (+http://search.msn.com/msnbot.htm)"
207.46.98.141 - - [24/May/2005:21:35:14 +0200] "GET / HTTP/1.0" 200 644 "-" "msnbot/1.0 (+http://search.msn.com/msnbot.htm)"
207.46.98.141 - - [25/May/2005:02:12:06 +0200] "GET /robots.txt HTTP/1.0" 404 282 "-" "msnbot/1.0 (+http://search.msn.com/msnbot.htm)"
207.46.98.141 - - [25/May/2005:02:12:06 +0200] "GET / HTTP/1.0" 200 644 "-" "msnbot/1.0 (+http://search.msn.com/msnbot.htm)"
207.46.98.141 - - [25/May/2005:18:35:13 +0200] "GET /robots.txt HTTP/1.0" 404 282 "-" "msnbot/1.0 (+http://search.msn.com/msnbot.htm)"
207.46.98.141 - - [25/May/2005:18:35:14 +0200] "GET / HTTP/1.0" 200 644 "-" "msnbot/1.0 (+http://search.msn.com/msnbot.htm)"
207.46.98.141 - - [25/May/2005:23:22:30 +0200] "GET / HTTP/1.0" 200 644 "-" "msnbot/1.0 (+http://search.msn.com/msnbot.htm)"
207.46.98.141 - - [26/May/2005:04:00:20 +0200] "GET /robots.txt HTTP/1.0" 404 282 "-" "msnbot/1.0 (+http://search.msn.com/msnbot.htm)"
207.46.98.141 - - [26/May/2005:04:00:21 +0200] "GET / HTTP/1.0" 200 644 "-" "msnbot/1.0 (+http://search.msn.com/msnbot.htm)"
207.46.98.141 - - [26/May/2005:08:58:01 +0200] "GET /robots.txt HTTP/1.0" 404 282 "-" "msnbot/1.0 (+http://search.msn.com/msnbot.htm)"
207.46.98.141 - - [26/May/2005:08:58:02 +0200] "GET / HTTP/1.0" 200 644 "-" "msnbot/1.0 (+http://search.msn.com/msnbot.htm)"
207.46.98.141 - - [26/May/2005:13:54:56 +0200] "GET /robots.txt HTTP/1.0" 404 282 "-" "msnbot/1.0 (+http://search.msn.com/msnbot.htm)"
207.46.98.141 - - [26/May/2005:13:54:57 +0200] "GET / HTTP/1.0" 200 644 "-" "msnbot/1.0 (+http://search.msn.com/msnbot.htm)"
207.46.98.141 - - [26/May/2005:18:56:12 +0200] "GET /robots.txt HTTP/1.0" 404 282 "-" "msnbot/1.0 (+http://search.msn.com/msnbot.htm)"
207.46.98.141 - - [26/May/2005:18:56:12 +0200] "GET / HTTP/1.0" 200 644 "-" "msnbot/1.0 (+http://search.msn.com/msnbot.htm)"
207.46.98.141 - - [26/May/2005:23:31:01 +0200] "GET / HTTP/1.0" 200 644 "-" "msnbot/1.0 (+http://search.msn.com/msnbot.htm)"
207.46.98.141 - - [27/May/2005:00:14:26 +0200] "GET /robots.txt HTTP/1.0" 404 282 "-" "msnbot/1.0 (+http://search.msn.com/msnbot.htm)"
207.46.98.141 - - [27/May/2005:00:14:26 +0200] "GET / HTTP/1.0" 200 644 "-" "msnbot/1.0 (+http://search.msn.com/msnbot.htm)"
207.46.98.141 - - [27/May/2005:05:04:23 +0200] "GET / HTTP/1.0" 200 644 "-" "msnbot/1.0 (+http://search.msn.com/msnbot.htm)"
207.46.98.141 - - [27/May/2005:05:42:16 +0200] "GET /robots.txt HTTP/1.0" 404 282 "-" "msnbot/1.0 (+http://search.msn.com/msnbot.htm)"
207.46.98.141 - - [27/May/2005:05:42:16 +0200] "GET / HTTP/1.0" 200 644 "-" "msnbot/1.0 (+http://search.msn.com/msnbot.htm)"
207.46.98.141 - - [27/May/2005:10:15:43 +0200] "GET / HTTP/1.0" 200 644 "-" "msnbot/1.0 (+http://search.msn.com/msnbot.htm)"
207.46.98.141 - - [27/May/2005:11:02:58 +0200] "GET / HTTP/1.0" 200 644 "-" "msnbot/1.0 (+http://search.msn.com/msnbot.htm)"
64.242.88.10 - - [27/May/2005:11:43:05 +0200] "GET /robots.txt HTTP/1.1" 404 294 "-" "Mozilla/4.0 compatible ZyBorg/1.0 (wn-14.zyborg@looksmart.net; http://www.WISEnutbot.com)"
207.46.98.141 - - [27/May/2005:17:43:22 +0200] "GET /robots.txt HTTP/1.0" 404 282 "-" "msnbot/1.0 (+http://search.msn.com/msnbot.htm)"
207.46.98.141 - - [27/May/2005:17:43:22 +0200] "GET / HTTP/1.0" 200 644 "-" "msnbot/1.0 (+http://search.msn.com/msnbot.htm)"
66.249.64.44 - - [28/May/2005:09:49:34 +0200] "GET /robots.txt HTTP/1.0" 404 282 "-" "Googlebot/2.1 (+http://www.google.com/bot.html)"
66.249.64.44 - - [28/May/2005:09:49:34 +0200] "GET / HTTP/1.0" 200 644 "-" "Googlebot/2.1 (+http://www.google.com/bot.html)"
207.46.98.141 - - [28/May/2005:10:40:57 +0200] "GET /robots.txt HTTP/1.0" 404 282 "-" "msnbot/1.0 (+http://search.msn.com/msnbot.htm)"
207.46.98.141 - - [28/May/2005:10:40:57 +0200] "GET / HTTP/1.0" 200 644 "-" "msnbot/1.0 (+http://search.msn.com/msnbot.htm)"
207.46.98.141 - - [28/May/2005:15:48:28 +0200] "GET /robots.txt HTTP/1.0" 404 282 "-" "msnbot/1.0 (+http://search.msn.com/msnbot.htm)"
207.46.98.141 - - [28/May/2005:15:48:28 +0200] "GET / HTTP/1.0" 200 644 "-" "msnbot/1.0 (+http://search.msn.com/msnbot.htm)"
207.46.98.141 - - [28/May/2005:22:01:24 +0200] "GET /robots.txt HTTP/1.0" 404 282 "-" "msnbot/1.0 (+http://search.msn.com/msnbot.htm)"
207.46.98.141 - - [28/May/2005:22:01:24 +0200] "GET / HTTP/1.0" 200 644 "-" "msnbot/1.0 (+http://search.msn.com/msnbot.htm)"
207.46.98.141 - - [29/May/2005:03:35:00 +0200] "GET /robots.txt HTTP/1.0" 404 282 "-" "msnbot/1.0 (+http://search.msn.com/msnbot.htm)"
207.46.98.141 - - [29/May/2005:03:35:00 +0200] "GET / HTTP/1.0" 200 644 "-" "msnbot/1.0 (+http://search.msn.com/msnbot.htm)"
207.46.98.141 - - [29/May/2005:10:00:32 +0200] "GET /robots.txt HTTP/1.0" 404 282 "-" "msnbot/1.0 (+http://search.msn.com/msnbot.htm)"
207.46.98.141 - - [29/May/2005:10:00:32 +0200] "GET / HTTP/1.0" 200 644 "-" "msnbot/1.0 (+http://search.msn.com/msnbot.htm)"
66.249.71.14 - - [29/May/2005:10:38:26 +0200] "GET /robots.txt HTTP/1.0" 404 282 "-" "Googlebot/2.1 (+http://www.google.com/bot.html)"
66.249.71.14 - - [29/May/2005:10:38:26 +0200] "GET / HTTP/1.0" 200 644 "-" "Googlebot/2.1 (+http://www.google.com/bot.html)"
66.249.65.211 - - [29/May/2005:12:48:41 +0200] "GET /robots.txt HTTP/1.1" 404 294 "-" "Mozilla/5.0 (compatible; Googlebot/2.1; +http://www.google.com/bot.html)"
66.249.65.211 - - [29/May/2005:12:48:41 +0200] "GET / HTTP/1.1" 200 656 "-" "Mozilla/5.0 (compatible; Googlebot/2.1; +http://www.google.com/bot.html)"
66.249.71.29 - - [29/May/2005:16:02:35 +0200] "GET /robots.txt HTTP/1.0" 404 282 "-" "Googlebot/2.1 (+http://www.google.com/bot.html)"
66.249.71.29 - - [29/May/2005:16:02:38 +0200] "GET / HTTP/1.0" 200 644 "-" "Googlebot/2.1 (+http://www.google.com/bot.html)"
66.249.64.79 - - [29/May/2005:16:39:38 +0200] "GET /logs/access_log HTTP/1.0" 200 58735 "-" "Googlebot/2.1 (+http://www.google.com/bot.html)"
66.249.64.68 - - [29/May/2005:16:46:26 +0200] "GET /logs/ HTTP/1.0" 200 776 "-" "Googlebot/2.1 (+http://www.google.com/bot.html)"
66.249.64.18 - - [29/May/2005:17:01:48 +0200] "GET /logs/error_log HTTP/1.0" 200 16645 "-" "Googlebot/2.1 (+http://www.google.com/bot.html)"
65.19.169.244 - - [30/May/2005:05:38:44 +0200] "GET / HTTP/1.1" 200 656 "" "OmniExplorer_Bot/1.07 (+http://www.omni-explorer.com) Internet Categorizer"
66.249.64.15 - - [30/May/2005:10:30:48 +0200] "GET /robots.txt HTTP/1.0" 404 282 "-" "Googlebot/2.1 (+http://www.google.com/bot.html)"
66.249.64.15 - - [30/May/2005:10:30:48 +0200] "GET / HTTP/1.0" 200 644 "-" "Googlebot/2.1 (+http://www.google.com/bot.html)"
210.173.179.70 - - [30/May/2005:12:28:55 +0200] "GET /robots.txt HTTP/1.1" 404 294 "-" "ichiro/1.0 (ichiro@nttr.co.jp)"
210.173.179.70 - - [30/May/2005:12:30:13 +0200] "GET / HTTP/1.1" 200 656 "-" "ichiro/1.0 (ichiro@nttr.co.jp)"
207.46.98.141 - - [30/May/2005:23:32:45 +0200] "GET /robots.txt HTTP/1.0" 404 282 "-" "msnbot/1.0 (+http://search.msn.com/msnbot.htm)"
207.46.98.141 - - [30/May/2005:23:32:45 +0200] "GET / HTTP/1.0" 200 644 "-" "msnbot/1.0 (+http://search.msn.com/msnbot.htm)"
207.46.98.141 - - [31/May/2005:05:15:36 +0200] "GET /robots.txt HTTP/1.0" 404 282 "-" "msnbot/1.0 (+http://search.msn.com/msnbot.htm)"
207.46.98.141 - - [31/May/2005:05:15:36 +0200] "GET / HTTP/1.0" 200 644 "-" "msnbot/1.0 (+http://search.msn.com/msnbot.htm)"
63.241.61.8 - - [31/May/2005:06:58:51 +0200] "GET /robots.txt HTTP/1.0" 404 282 "-" "ConveraCrawler/0.8 (+http://www.authoritativeweb.com/crawl)"
63.241.61.8 - - [31/May/2005:06:59:14 +0200] "GET / HTTP/1.0" 200 644 "-" "ConveraCrawler/0.8 (+http://www.authoritativeweb.com/crawl)"
63.241.61.8 - - [31/May/2005:06:59:29 +0200] "GET /logs/ HTTP/1.0" 200 776 "-" "ConveraCrawler/0.8 (+http://www.authoritativeweb.com/crawl)"
63.241.61.8 - - [31/May/2005:06:59:48 +0200] "GET /logs/access_log HTTP/1.0" 200 60733 "-" "ConveraCrawler/0.8 (+http://www.authoritativeweb.com/crawl)"
63.241.61.8 - - [31/May/2005:07:00:05 +0200] "GET /logs/error_log HTTP/1.0" 200 17293 "-" "ConveraCrawler/0.8 (+http://www.authoritativeweb.com/crawl)"
63.241.61.8 - - [31/May/2005:07:00:25 +0200] "GET /?S=A HTTP/1.0" 200 644 "-" "ConveraCrawler/0.8 (+http://www.authoritativeweb.com/crawl)"
63.241.61.8 - - [31/May/2005:07:00:44 +0200] "GET /logs/?D=A HTTP/1.0" 200 776 "-" "ConveraCrawler/0.8 (+http://www.authoritativeweb.com/crawl)"
63.241.61.8 - - [31/May/2005:07:01:05 +0200] "GET /logs/?N=D HTTP/1.0" 200 776 "-" "ConveraCrawler/0.8 (+http://www.authoritativeweb.com/crawl)"
63.241.61.8 - - [31/May/2005:07:01:28 +0200] "GET /?D=A HTTP/1.0" 200 644 "-" "ConveraCrawler/0.8 (+http://www.authoritativeweb.com/crawl)"
63.241.61.8 - - [31/May/2005:07:01:49 +0200] "GET /logs/?M=A HTTP/1.0" 200 776 "-" "ConveraCrawler/0.8 (+http://www.authoritativeweb.com/crawl)"
63.241.61.8 - - [31/May/2005:07:02:05 +0200] "GET /?N=A HTTP/1.0" 200 644 "-" "ConveraCrawler/0.8 (+http://www.authoritativeweb.com/crawl)"
63.241.61.8 - - [31/May/2005:07:02:21 +0200] "GET /logs/?D=D HTTP/1.0" 200 776 "-" "ConveraCrawler/0.8 (+http://www.authoritativeweb.com/crawl)"
63.241.61.8 - - [31/May/2005:07:02:37 +0200] "GET /logs/?N=A HTTP/1.0" 200 776 "-" "ConveraCrawler/0.8 (+http://www.authoritativeweb.com/crawl)"
63.241.61.8 - - [31/May/2005:07:02:54 +0200] "GET /?D=D HTTP/1.0" 200 644 "-" "ConveraCrawler/0.8 (+http://www.authoritativeweb.com/crawl)"
63.241.61.8 - - [31/May/2005:07:03:11 +0200] "GET /logs/?M=D HTTP/1.0" 200 776 "-" "ConveraCrawler/0.8 (+http://www.authoritativeweb.com/crawl)"
63.241.61.8 - - [31/May/2005:07:03:27 +0200] "GET /logs/?S=A HTTP/1.0" 200 776 "-" "ConveraCrawler/0.8 (+http://www.authoritativeweb.com/crawl)"
63.241.61.8 - - [31/May/2005:07:03:44 +0200] "GET /?S=D HTTP/1.0" 200 644 "-" "ConveraCrawler/0.8 (+http://www.authoritativeweb.com/crawl)"
63.241.61.8 - - [31/May/2005:07:03:59 +0200] "GET /logs/?S=D HTTP/1.0" 200 776 "-" "ConveraCrawler/0.8 (+http://www.authoritativeweb.com/crawl)"
63.241.61.8 - - [31/May/2005:07:04:17 +0200] "GET /?M=A HTTP/1.0" 200 644 "-" "ConveraCrawler/0.8 (+http://www.authoritativeweb.com/crawl)"
63.241.61.8 - - [31/May/2005:07:04:35 +0200] "GET /?M=D HTTP/1.0" 200 644 "-" "ConveraCrawler/0.8 (+http://www.authoritativeweb.com/crawl)"
63.241.61.8 - - [31/May/2005:07:04:53 +0200] "GET /?N=D HTTP/1.0" 200 644 "-" "ConveraCrawler/0.8 (+http://www.authoritativeweb.com/crawl)"
66.249.64.44 - - [31/May/2005:09:52:19 +0200] "GET /robots.txt HTTP/1.0" 404 282 "-" "Googlebot/2.1 (+http://www.google.com/bot.html)"
66.249.64.44 - - [31/May/2005:09:52:20 +0200] "GET / HTTP/1.0" 200 644 "-" "Googlebot/2.1 (+http://www.google.com/bot.html)"
207.46.98.141 - - [31/May/2005:10:20:55 +0200] "GET / HTTP/1.0" 200 644 "-" "msnbot/1.0 (+http://search.msn.com/msnbot.htm)"
207.46.98.141 - - [31/May/2005:15:43:11 +0200] "GET /robots.txt HTTP/1.0" 404 282 "-" "msnbot/1.0 (+http://search.msn.com/msnbot.htm)"
207.46.98.141 - - [31/May/2005:15:43:12 +0200] "GET / HTTP/1.0" 200 644 "-" "msnbot/1.0 (+http://search.msn.com/msnbot.htm)"
207.46.98.141 - - [31/May/2005:21:30:59 +0200] "GET /robots.txt HTTP/1.0" 404 282 "-" "msnbot/1.0 (+http://search.msn.com/msnbot.htm)"
207.46.98.141 - - [31/May/2005:21:30:59 +0200] "GET / HTTP/1.0" 200 644 "-" "msnbot/1.0 (+http://search.msn.com/msnbot.htm)"
66.249.71.3 - - [01/Jun/2005:13:39:55 +0200] "GET /robots.txt HTTP/1.0" 404 282 "-" "Googlebot/2.1 (+http://www.google.com/bot.html)"
66.249.71.3 - - [01/Jun/2005:13:39:55 +0200] "GET / HTTP/1.0" 200 644 "-" "Googlebot/2.1 (+http://www.google.com/bot.html)"
207.46.98.141 - - [01/Jun/2005:17:29:01 +0200] "GET /robots.txt HTTP/1.0" 404 282 "-" "msnbot/1.0 (+http://search.msn.com/msnbot.htm)"
207.46.98.141 - - [01/Jun/2005:17:29:01 +0200] "GET / HTTP/1.0" 200 644 "-" "msnbot/1.0 (+http://search.msn.com/msnbot.htm)"
129.188.33.221 - - [01/Jun/2005:18:29:17 +0200] "GET / HTTP/1.1" 200 656 "http://www.comites-it.org/" "Mozilla/4.0 (compatible; MSIE 6.0; Windows NT 5.0; H010818)"
129.188.33.221 - - [01/Jun/2005:18:29:17 +0200] "GET /icons/blank.gif HTTP/1.1" 200 148 "http://newark.comites-it.org/" "Mozilla/4.0 (compatible; MSIE 6.0; Windows NT 5.0; H010818)"
129.188.33.221 - - [01/Jun/2005:18:29:17 +0200] "GET /icons/folder.gif HTTP/1.1" 200 225 "http://newark.comites-it.org/" "Mozilla/4.0 (compatible; MSIE 6.0; Windows NT 5.0; H010818)"
129.188.33.221 - - [01/Jun/2005:18:29:17 +0200] "GET /icons/back.gif HTTP/1.1" 200 216 "http://newark.comites-it.org/" "Mozilla/4.0 (compatible; MSIE 6.0; Windows NT 5.0; H010818)"
207.46.98.141 - - [01/Jun/2005:23:04:39 +0200] "GET /robots.txt HTTP/1.0" 404 282 "-" "msnbot/1.0 (+http://search.msn.com/msnbot.htm)"
207.46.98.141 - - [01/Jun/2005:23:04:39 +0200] "GET / HTTP/1.0" 200 644 "-" "msnbot/1.0 (+http://search.msn.com/msnbot.htm)"
207.46.98.141 - - [02/Jun/2005:04:22:07 +0200] "GET /robots.txt HTTP/1.0" 404 282 "-" "msnbot/1.0 (+http://search.msn.com/msnbot.htm)"
207.46.98.141 - - [02/Jun/2005:04:22:07 +0200] "GET / HTTP/1.0" 200 644 "-" "msnbot/1.0 (+http://search.msn.com/msnbot.htm)"
66.249.64.25 - - [02/Jun/2005:05:53:50 +0200] "GET /robots.txt HTTP/1.0" 404 282 "-" "Googlebot/2.1 (+http://www.google.com/bot.html)"
66.249.64.25 - - [02/Jun/2005:05:53:51 +0200] "GET / HTTP/1.0" 200 644 "-" "Googlebot/2.1 (+http://www.google.com/bot.html)"
207.46.98.141 - - [02/Jun/2005:10:21:25 +0200] "GET /robots.txt HTTP/1.0" 404 282 "-" "msnbot/1.0 (+http://search.msn.com/msnbot.htm)"
207.46.98.141 - - [02/Jun/2005:10:21:25 +0200] "GET / HTTP/1.0" 200 644 "-" "msnbot/1.0 (+http://search.msn.com/msnbot.htm)"
212.171.168.226 - - [02/Jun/2005:14:38:37 +0200] "GET / HTTP/1.1" 200 656 "http://louisiana.comites-it.org/" "Mozilla/4.0 (compatible; MSIE 6.0; Windows NT 5.1; SV1)"
212.171.168.226 - - [02/Jun/2005:14:38:38 +0200] "GET /icons/blank.gif HTTP/1.1" 200 148 "http://newark.comites-it.org/" "Mozilla/4.0 (compatible; MSIE 6.0; Windows NT 5.1; SV1)"
212.171.168.226 - - [02/Jun/2005:14:38:38 +0200] "GET /icons/folder.gif HTTP/1.1" 200 225 "http://newark.comites-it.org/" "Mozilla/4.0 (compatible; MSIE 6.0; Windows NT 5.1; SV1)"
212.171.168.226 - - [02/Jun/2005:14:38:38 +0200] "GET /icons/back.gif HTTP/1.1" 200 216 "http://newark.comites-it.org/" "Mozilla/4.0 (compatible; MSIE 6.0; Windows NT 5.1; SV1)"
207.46.98.141 - - [02/Jun/2005:16:42:23 +0200] "GET /robots.txt HTTP/1.0" 404 282 "-" "msnbot/1.0 (+http://search.msn.com/msnbot.htm)"
207.46.98.141 - - [02/Jun/2005:16:42:23 +0200] "GET / HTTP/1.0" 200 644 "-" "msnbot/1.0 (+http://search.msn.com/msnbot.htm)"
207.46.98.141 - - [03/Jun/2005:00:39:28 +0200] "GET /robots.txt HTTP/1.0" 404 282 "-" "msnbot/1.0 (+http://search.msn.com/msnbot.htm)"
207.46.98.141 - - [03/Jun/2005:00:39:28 +0200] "GET / HTTP/1.0" 200 644 "-" "msnbot/1.0 (+http://search.msn.com/msnbot.htm)"
66.249.64.10 - - [03/Jun/2005:05:47:46 +0200] "GET /robots.txt HTTP/1.0" 404 282 "-" "Googlebot/2.1 (+http://www.google.com/bot.html)"
66.249.64.10 - - [03/Jun/2005:05:47:47 +0200] "GET / HTTP/1.0" 200 644 "-" "Googlebot/2.1 (+http://www.google.com/bot.html)"
66.249.71.3 - - [04/Jun/2005:05:40:41 +0200] "GET /robots.txt HTTP/1.0" 404 282 "-" "Googlebot/2.1 (+http://www.google.com/bot.html)"
66.249.71.3 - - [04/Jun/2005:05:40:41 +0200] "GET / HTTP/1.0" 200 644 "-" "Googlebot/2.1 (+http://www.google.com/bot.html)"
66.249.71.57 - - [05/Jun/2005:05:43:07 +0200] "GET /robots.txt HTTP/1.0" 404 282 "-" "Googlebot/2.1 (+http://www.google.com/bot.html)"
66.249.71.57 - - [05/Jun/2005:05:43:08 +0200] "GET / HTTP/1.0" 200 644 "-" "Googlebot/2.1 (+http://www.google.com/bot.html)"
65.214.44.254 - - [05/Jun/2005:22:01:39 +0200] "GET /robots.txt HTTP/1.0" 404 282 "-" "Mozilla/2.0 (compatible; Ask Jeeves/Teoma; +http://sp.ask.com/docs/about/tech_crawling.html)"
65.214.44.254 - - [05/Jun/2005:22:01:51 +0200] "GET / HTTP/1.0" 200 644 "-" "Mozilla/2.0 (compatible; Ask Jeeves/Teoma; +http://sp.ask.com/docs/about/tech_crawling.html)"
66.249.71.15 - - [06/Jun/2005:05:37:42 +0200] "GET /robots.txt HTTP/1.0" 404 282 "-" "Googlebot/2.1 (+http://www.google.com/bot.html)"
66.249.71.15 - - [06/Jun/2005:05:37:42 +0200] "GET / HTTP/1.0" 200 644 "-" "Googlebot/2.1 (+http://www.google.com/bot.html)"
207.46.98.140 - - [06/Jun/2005:20:16:00 +0200] "GET /robots.txt HTTP/1.0" 404 282 "-" "msnbot/1.0 (+http://search.msn.com/msnbot.htm)"
207.46.98.140 - - [06/Jun/2005:20:16:00 +0200] "GET / HTTP/1.0" 200 644 "-" "msnbot/1.0 (+http://search.msn.com/msnbot.htm)"
207.46.98.140 - - [07/Jun/2005:02:04:51 +0200] "GET /robots.txt HTTP/1.0" 404 282 "-" "msnbot/1.0 (+http://search.msn.com/msnbot.htm)"
207.46.98.140 - - [07/Jun/2005:02:04:51 +0200] "GET / HTTP/1.0" 200 644 "-" "msnbot/1.0 (+http://search.msn.com/msnbot.htm)"
66.249.64.10 - - [07/Jun/2005:06:03:57 +0200] "GET /robots.txt HTTP/1.0" 404 282 "-" "Googlebot/2.1 (+http://www.google.com/bot.html)"
66.249.64.10 - - [07/Jun/2005:06:03:58 +0200] "GET / HTTP/1.0" 200 644 "-" "Googlebot/2.1 (+http://www.google.com/bot.html)"
66.249.64.6 - - [07/Jun/2005:06:29:57 +0200] "GET / HTTP/1.0" 200 644 "-" "Googlebot/2.1 (+http://www.google.com/bot.html)"
207.46.98.140 - - [07/Jun/2005:09:03:36 +0200] "GET /robots.txt HTTP/1.0" 404 282 "-" "msnbot/1.0 (+http://search.msn.com/msnbot.htm)"
207.46.98.140 - - [07/Jun/2005:09:03:36 +0200] "GET / HTTP/1.0" 200 644 "-" "msnbot/1.0 (+http://search.msn.com/msnbot.htm)"
141.20.35.71 - - [07/Jun/2005:19:05:44 +0200] "GET /robots.txt HTTP/1.0" 404 282 "-" "Mozilla"
141.20.35.71 - - [07/Jun/2005:19:05:44 +0200] "GET / HTTP/1.0" 200 644 "-" "Mozilla"
207.46.98.140 - - [07/Jun/2005:19:10:16 +0200] "GET /robots.txt HTTP/1.0" 404 282 "-" "msnbot/1.0 (+http://search.msn.com/msnbot.htm)"
207.46.98.140 - - [07/Jun/2005:19:10:16 +0200] "GET / HTTP/1.0" 200 644 "-" "msnbot/1.0 (+http://search.msn.com/msnbot.htm)"
66.249.64.4 - - [08/Jun/2005:05:28:02 +0200] "GET /robots.txt HTTP/1.0" 404 282 "-" "Googlebot/2.1 (+http://www.google.com/bot.html)"
66.249.64.4 - - [08/Jun/2005:05:28:02 +0200] "GET / HTTP/1.0" 200 644 "-" "Googlebot/2.1 (+http://www.google.com/bot.html)"
207.46.98.140 - - [08/Jun/2005:06:34:39 +0200] "GET /robots.txt HTTP/1.0" 404 282 "-" "msnbot/1.0 (+http://search.msn.com/msnbot.htm)"
207.46.98.140 - - [08/Jun/2005:06:34:39 +0200] "GET / HTTP/1.0" 200 644 "-" "msnbot/1.0 (+http://search.msn.com/msnbot.htm)"
207.46.98.140 - - [08/Jun/2005:14:20:29 +0200] "GET /robots.txt HTTP/1.0" 404 282 "-" "msnbot/1.0 (+http://search.msn.com/msnbot.htm)"
207.46.98.140 - - [08/Jun/2005:14:20:29 +0200] "GET / HTTP/1.0" 200 644 "-" "msnbot/1.0 (+http://search.msn.com/msnbot.htm)"
66.249.71.18 - - [08/Jun/2005:18:58:27 +0200] "GET /robots.txt HTTP/1.0" 404 282 "-" "Googlebot/2.1 (+http://www.google.com/bot.html)"
66.249.71.18 - - [08/Jun/2005:18:58:28 +0200] "GET / HTTP/1.0" 200 644 "-" "Googlebot/2.1 (+http://www.google.com/bot.html)"
66.249.64.55 - - [08/Jun/2005:19:29:18 +0200] "GET /logs/ HTTP/1.0" 200 776 "-" "Googlebot/2.1 (+http://www.google.com/bot.html)"
66.249.65.69 - - [08/Jun/2005:19:49:14 +0200] "GET /robots.txt HTTP/1.1" 404 294 "-" "Mozilla/5.0 (compatible; Googlebot/2.1; +http://www.google.com/bot.html)"
66.249.65.69 - - [08/Jun/2005:19:49:14 +0200] "GET /logs/ HTTP/1.1" 200 788 "-" "Mozilla/5.0 (compatible; Googlebot/2.1; +http://www.google.com/bot.html)"
66.249.64.30 - - [08/Jun/2005:20:25:46 +0200] "GET /logs/access_log HTTP/1.0" 200 72192 "-" "Googlebot/2.1 (+http://www.google.com/bot.html)"
66.249.71.29 - - [08/Jun/2005:20:41:11 +0200] "GET /logs/error_log HTTP/1.0" 200 20788 "-" "Googlebot/2.1 (+http://www.google.com/bot.html)"
207.46.98.140 - - [08/Jun/2005:22:21:53 +0200] "GET /robots.txt HTTP/1.0" 404 282 "-" "msnbot/1.0 (+http://search.msn.com/msnbot.htm)"
207.46.98.140 - - [08/Jun/2005:22:21:55 +0200] "GET / HTTP/1.0" 200 644 "-" "msnbot/1.0 (+http://search.msn.com/msnbot.htm)"
66.249.66.169 - - [09/Jun/2005:03:49:40 +0200] "GET /?M=A HTTP/1.1" 200 656 "-" "Mozilla/5.0 (compatible; Googlebot/2.1; +http://www.google.com/bot.html)"
207.46.98.140 - - [09/Jun/2005:04:53:15 +0200] "GET /robots.txt HTTP/1.0" 404 282 "-" "msnbot/1.0 (+http://search.msn.com/msnbot.htm)"
207.46.98.140 - - [09/Jun/2005:04:53:16 +0200] "GET / HTTP/1.0" 200 644 "-" "msnbot/1.0 (+http://search.msn.com/msnbot.htm)"
66.249.71.42 - - [09/Jun/2005:05:34:25 +0200] "GET /robots.txt HTTP/1.0" 404 282 "-" "Googlebot/2.1 (+http://www.google.com/bot.html)"
66.249.71.42 - - [09/Jun/2005:05:34:26 +0200] "GET / HTTP/1.0" 200 644 "-" "Googlebot/2.1 (+http://www.google.com/bot.html)"
207.46.98.140 - - [09/Jun/2005:13:20:16 +0200] "GET /robots.txt HTTP/1.0" 404 282 "-" "msnbot/1.0 (+http://search.msn.com/msnbot.htm)"
207.46.98.140 - - [09/Jun/2005:13:20:16 +0200] "GET / HTTP/1.0" 200 644 "-" "msnbot/1.0 (+http://search.msn.com/msnbot.htm)"
207.46.98.140 - - [09/Jun/2005:18:37:36 +0200] "GET /robots.txt HTTP/1.0" 404 282 "-" "msnbot/1.0 (+http://search.msn.com/msnbot.htm)"
207.46.98.140 - - [09/Jun/2005:18:37:37 +0200] "GET / HTTP/1.0" 200 644 "-" "msnbot/1.0 (+http://search.msn.com/msnbot.htm)"
141.20.35.71 - - [09/Jun/2005:21:56:57 +0200] "GET /robots.txt HTTP/1.0" 404 282 "-" "NutchCVS/0.06-dev (Nutch; http://www.nutch.org/docs/en/bot.html; nutch-agent@lists.sourceforge.net)"
141.20.35.71 - - [09/Jun/2005:21:56:57 +0200] "GET / HTTP/1.0" 200 644 "-" "NutchCVS/0.06-dev (Nutch; http://www.nutch.org/docs/en/bot.html; nutch-agent@lists.sourceforge.net)"
207.46.98.140 - - [10/Jun/2005:00:23:59 +0200] "GET / HTTP/1.0" 200 644 "-" "msnbot/1.0 (+http://search.msn.com/msnbot.htm)"
66.249.71.47 - - [10/Jun/2005:06:18:34 +0200] "GET /robots.txt HTTP/1.0" 404 282 "-" "Googlebot/2.1 (+http://www.google.com/bot.html)"
66.249.71.47 - - [10/Jun/2005:06:18:35 +0200] "GET / HTTP/1.0" 200 644 "-" "Googlebot/2.1 (+http://www.google.com/bot.html)"
207.46.98.140 - - [10/Jun/2005:06:25:29 +0200] "GET /robots.txt HTTP/1.0" 404 282 "-" "msnbot/1.0 (+http://search.msn.com/msnbot.htm)"
207.46.98.140 - - [10/Jun/2005:06:25:29 +0200] "GET / HTTP/1.0" 200 644 "-" "msnbot/1.0 (+http://search.msn.com/msnbot.htm)"
207.46.98.140 - - [10/Jun/2005:15:36:06 +0200] "GET /robots.txt HTTP/1.0" 404 282 "-" "msnbot/1.0 (+http://search.msn.com/msnbot.htm)"
207.46.98.140 - - [10/Jun/2005:15:36:06 +0200] "GET / HTTP/1.0" 200 644 "-" "msnbot/1.0 (+http://search.msn.com/msnbot.htm)"
207.46.98.140 - - [10/Jun/2005:22:49:54 +0200] "GET /robots.txt HTTP/1.0" 404 282 "-" "msnbot/1.0 (+http://search.msn.com/msnbot.htm)"
207.46.98.140 - - [10/Jun/2005:22:49:54 +0200] "GET / HTTP/1.0" 200 644 "-" "msnbot/1.0 (+http://search.msn.com/msnbot.htm)"
66.249.65.78 - - [10/Jun/2005:23:00:39 +0200] "GET /robots.txt HTTP/1.1" 404 294 "-" "Mozilla/5.0 (compatible; Googlebot/2.1; +http://www.google.com/bot.html)"
66.249.65.78 - - [10/Jun/2005:23:00:39 +0200] "GET /logs/error_log HTTP/1.1" 200 22214 "-" "Mozilla/5.0 (compatible; Googlebot/2.1; +http://www.google.com/bot.html)"
66.249.65.229 - - [11/Jun/2005:05:25:38 +0200] "GET /logs/access_log HTTP/1.1" 200 75785 "-" "Mozilla/5.0 (compatible; Googlebot/2.1; +http://www.google.com/bot.html)"
66.249.71.9 - - [11/Jun/2005:06:06:16 +0200] "GET /robots.txt HTTP/1.0" 404 282 "-" "Googlebot/2.1 (+http://www.google.com/bot.html)"
66.249.71.9 - - [11/Jun/2005:06:06:16 +0200] "GET / HTTP/1.0" 200 644 "-" "Googlebot/2.1 (+http://www.google.com/bot.html)"
207.46.98.140 - - [11/Jun/2005:15:15:34 +0200] "GET /robots.txt HTTP/1.0" 404 282 "-" "msnbot/1.0 (+http://search.msn.com/msnbot.htm)"
207.46.98.140 - - [11/Jun/2005:15:15:34 +0200] "GET / HTTP/1.0" 200 644 "-" "msnbot/1.0 (+http://search.msn.com/msnbot.htm)"
207.46.98.140 - - [12/Jun/2005:03:41:59 +0200] "GET /robots.txt HTTP/1.0" 404 282 "-" "msnbot/1.0 (+http://search.msn.com/msnbot.htm)"
207.46.98.140 - - [12/Jun/2005:03:41:59 +0200] "GET / HTTP/1.0" 200 644 "-" "msnbot/1.0 (+http://search.msn.com/msnbot.htm)"
66.249.71.47 - - [12/Jun/2005:05:45:26 +0200] "GET /robots.txt HTTP/1.0" 404 282 "-" "Googlebot/2.1 (+http://www.google.com/bot.html)"
66.249.71.47 - - [12/Jun/2005:05:45:27 +0200] "GET / HTTP/1.0" 200 644 "-" "Googlebot/2.1 (+http://www.google.com/bot.html)"
66.249.71.7 - - [12/Jun/2005:05:58:17 +0200] "GET / HTTP/1.0" 200 644 "-" "Googlebot/2.1 (+http://www.google.com/bot.html)"
66.249.65.229 - - [12/Jun/2005:08:06:59 +0200] "GET /robots.txt HTTP/1.1" 404 294 "-" "Mozilla/5.0 (compatible; Googlebot/2.1; +http://www.google.com/bot.html)"
66.249.65.229 - - [12/Jun/2005:08:06:59 +0200] "GET /logs/?S=A HTTP/1.1" 200 788 "-" "Mozilla/5.0 (compatible; Googlebot/2.1; +http://www.google.com/bot.html)"
141.158.143.229 - - [12/Jun/2005:13:24:56 +0200] "GET / HTTP/1.1" 200 656 "http://www.comites-it.org/" "Mozilla/4.0 (compatible; MSIE 6.0; Windows NT 5.1; SV1; .NET CLR 1.1.4322)"
141.158.143.229 - - [12/Jun/2005:13:24:57 +0200] "GET /icons/blank.gif HTTP/1.1" 200 148 "http://newark.comites-it.org/" "Mozilla/4.0 (compatible; MSIE 6.0; Windows NT 5.1; SV1; .NET CLR 1.1.4322)"
141.158.143.229 - - [12/Jun/2005:13:24:57 +0200] "GET /icons/folder.gif HTTP/1.1" 200 225 "http://newark.comites-it.org/" "Mozilla/4.0 (compatible; MSIE 6.0; Windows NT 5.1; SV1; .NET CLR 1.1.4322)"
141.158.143.229 - - [12/Jun/2005:13:24:57 +0200] "GET /icons/back.gif HTTP/1.1" 200 216 "http://newark.comites-it.org/" "Mozilla/4.0 (compatible; MSIE 6.0; Windows NT 5.1; SV1; .NET CLR 1.1.4322)"
24.177.134.6 - - [12/Jun/2005:13:46:32 +0200] "GET /robots.txt HTTP/1.0" 404 282 "-" "aipbot/1.0 (aipbot; http://www.aipbot.com; aipbot@aipbot.com)"
24.177.134.6 - - [12/Jun/2005:13:46:32 +0200] "GET / HTTP/1.0" 200 644 "-" "aipbot/1.0 (aipbot; http://www.aipbot.com; aipbot@aipbot.com)"
207.46.98.140 - - [12/Jun/2005:18:42:45 +0200] "GET /robots.txt HTTP/1.0" 404 282 "-" "msnbot/1.0 (+http://search.msn.com/msnbot.htm)"
207.46.98.140 - - [12/Jun/2005:18:42:45 +0200] "GET / HTTP/1.0" 200 644 "-" "msnbot/1.0 (+http://search.msn.com/msnbot.htm)"
207.46.98.140 - - [13/Jun/2005:00:23:56 +0200] "GET /robots.txt HTTP/1.0" 404 282 "-" "msnbot/1.0 (+http://search.msn.com/msnbot.htm)"
207.46.98.140 - - [13/Jun/2005:00:23:56 +0200] "GET / HTTP/1.0" 200 644 "-" "msnbot/1.0 (+http://search.msn.com/msnbot.htm)"
66.249.64.14 - - [13/Jun/2005:05:24:47 +0200] "GET /robots.txt HTTP/1.0" 404 282 "-" "Googlebot/2.1 (+http://www.google.com/bot.html)"
66.249.64.14 - - [13/Jun/2005:05:24:48 +0200] "GET / HTTP/1.0" 200 644 "-" "Googlebot/2.1 (+http://www.google.com/bot.html)"
65.19.150.243 - - [13/Jun/2005:08:07:05 +0200] "GET / HTTP/1.1" 200 656 "" "OmniExplorer_Bot/1.07 (+http://www.omni-explorer.com) Internet Categorizer"
65.19.150.243 - - [13/Jun/2005:08:07:05 +0200] "GET /?N=D HTTP/1.1" 200 656 "http://newark.comites-it.org" "OmniExplorer_Bot/1.07 (+http://www.omni-explorer.com) Internet Categorizer"
65.19.150.243 - - [13/Jun/2005:08:07:05 +0200] "GET /?N=A HTTP/1.1" 200 656 "http://newark.comites-it.org/?N=D" "OmniExplorer_Bot/1.07 (+http://www.omni-explorer.com) Internet Categorizer"
65.19.150.243 - - [13/Jun/2005:08:07:06 +0200] "GET /?M=A HTTP/1.1" 200 656 "http://newark.comites-it.org/?N=A" "OmniExplorer_Bot/1.07 (+http://www.omni-explorer.com) Internet Categorizer"
65.19.150.243 - - [13/Jun/2005:08:07:06 +0200] "GET /?M=D HTTP/1.1" 200 656 "http://newark.comites-it.org/?M=A" "OmniExplorer_Bot/1.07 (+http://www.omni-explorer.com) Internet Categorizer"
65.19.150.243 - - [13/Jun/2005:08:07:06 +0200] "GET /?S=A HTTP/1.1" 200 656 "http://newark.comites-it.org/?M=D" "OmniExplorer_Bot/1.07 (+http://www.omni-explorer.com) Internet Categorizer"
65.19.150.243 - - [13/Jun/2005:08:07:06 +0200] "GET /?D=A HTTP/1.1" 200 656 "http://newark.comites-it.org/?M=D" "OmniExplorer_Bot/1.07 (+http://www.omni-explorer.com) Internet Categorizer"
65.19.150.243 - - [13/Jun/2005:08:07:06 +0200] "GET / HTTP/1.1" 200 656 "http://newark.comites-it.org/?M=D" "OmniExplorer_Bot/1.07 (+http://www.omni-explorer.com) Internet Categorizer"
65.19.150.243 - - [13/Jun/2005:08:07:06 +0200] "GET /logs/ HTTP/1.1" 200 788 "http://newark.comites-it.org/?M=D" "OmniExplorer_Bot/1.07 (+http://www.omni-explorer.com) Internet Categorizer"
207.46.98.140 - - [14/Jun/2005:05:01:35 +0200] "GET /robots.txt HTTP/1.0" 404 282 "-" "msnbot/1.0 (+http://search.msn.com/msnbot.htm)"
207.46.98.140 - - [14/Jun/2005:05:01:35 +0200] "GET / HTTP/1.0" 200 644 "-" "msnbot/1.0 (+http://search.msn.com/msnbot.htm)"
66.249.64.44 - - [14/Jun/2005:05:31:59 +0200] "GET /robots.txt HTTP/1.0" 404 282 "-" "Googlebot/2.1 (+http://www.google.com/bot.html)"
66.249.64.44 - - [14/Jun/2005:05:31:59 +0200] "GET / HTTP/1.0" 200 644 "-" "Googlebot/2.1 (+http://www.google.com/bot.html)"
66.249.71.13 - - [14/Jun/2005:06:16:18 +0200] "GET / HTTP/1.0" 200 644 "-" "Googlebot/2.1 (+http://www.google.com/bot.html)"
207.46.98.140 - - [14/Jun/2005:10:51:01 +0200] "GET /robots.txt HTTP/1.0" 404 282 "-" "msnbot/1.0 (+http://search.msn.com/msnbot.htm)"
207.46.98.140 - - [14/Jun/2005:10:51:01 +0200] "GET / HTTP/1.0" 200 644 "-" "msnbot/1.0 (+http://search.msn.com/msnbot.htm)"
207.46.98.140 - - [14/Jun/2005:16:54:02 +0200] "GET /robots.txt HTTP/1.0" 404 282 "-" "msnbot/1.0 (+http://search.msn.com/msnbot.htm)"
207.46.98.140 - - [14/Jun/2005:16:54:02 +0200] "GET / HTTP/1.0" 200 644 "-" "msnbot/1.0 (+http://search.msn.com/msnbot.htm)"
207.46.98.140 - - [15/Jun/2005:02:49:09 +0200] "GET /robots.txt HTTP/1.0" 404 282 "-" "msnbot/1.0 (+http://search.msn.com/msnbot.htm)"
207.46.98.140 - - [15/Jun/2005:02:49:09 +0200] "GET / HTTP/1.0" 200 644 "-" "msnbot/1.0 (+http://search.msn.com/msnbot.htm)"
66.249.71.15 - - [15/Jun/2005:05:37:46 +0200] "GET /robots.txt HTTP/1.0" 404 282 "-" "Googlebot/2.1 (+http://www.google.com/bot.html)"
66.249.71.15 - - [15/Jun/2005:05:37:46 +0200] "GET / HTTP/1.0" 200 644 "-" "Googlebot/2.1 (+http://www.google.com/bot.html)"
66.249.71.57 - - [16/Jun/2005:08:16:04 +0200] "GET /robots.txt HTTP/1.0" 404 282 "-" "Googlebot/2.1 (+http://www.google.com/bot.html)"
66.249.71.57 - - [16/Jun/2005:08:16:05 +0200] "GET / HTTP/1.0" 200 644 "-" "Googlebot/2.1 (+http://www.google.com/bot.html)"
207.46.98.140 - - [16/Jun/2005:15:26:00 +0200] "GET /robots.txt HTTP/1.0" 404 282 "-" "msnbot/1.0 (+http://search.msn.com/msnbot.htm)"
207.46.98.140 - - [16/Jun/2005:15:26:00 +0200] "GET / HTTP/1.0" 200 644 "-" "msnbot/1.0 (+http://search.msn.com/msnbot.htm)"
207.46.98.140 - - [16/Jun/2005:21:25:31 +0200] "GET /robots.txt HTTP/1.0" 404 282 "-" "msnbot/1.0 (+http://search.msn.com/msnbot.htm)"
207.46.98.140 - - [16/Jun/2005:21:25:31 +0200] "GET / HTTP/1.0" 200 644 "-" "msnbot/1.0 (+http://search.msn.com/msnbot.htm)"
66.249.64.14 - - [17/Jun/2005:05:51:00 +0200] "GET / HTTP/1.0" 200 644 "-" "Googlebot/2.1 (+http://www.google.com/bot.html)"
207.46.98.140 - - [17/Jun/2005:06:22:33 +0200] "GET /robots.txt HTTP/1.0" 404 282 "-" "msnbot/1.0 (+http://search.msn.com/msnbot.htm)"
207.46.98.140 - - [17/Jun/2005:06:22:33 +0200] "GET / HTTP/1.0" 200 644 "-" "msnbot/1.0 (+http://search.msn.com/msnbot.htm)"
207.46.98.140 - - [17/Jun/2005:13:00:35 +0200] "GET /robots.txt HTTP/1.0" 404 282 "-" "msnbot/1.0 (+http://search.msn.com/msnbot.htm)"
207.46.98.140 - - [17/Jun/2005:13:00:35 +0200] "GET / HTTP/1.0" 200 644 "-" "msnbot/1.0 (+http://search.msn.com/msnbot.htm)"
210.186.46.10 - - [17/Jun/2005:15:17:13 +0200] "GET / HTTP/1.1" 200 656 "http://www.comites-it.org/" "Mozilla/4.0 (compatible; MSIE 5.0; Windows 98; DigExt)"
210.186.46.74 - - [17/Jun/2005:19:29:15 +0200] "GET / HTTP/1.1" 200 656 "http://www.comites-it.org/" "Mozilla/4.0 (compatible; MSIE 5.0; Windows 98; DigExt)"
66.249.64.44 - - [18/Jun/2005:06:37:59 +0200] "GET /robots.txt HTTP/1.0" 404 282 "-" "Googlebot/2.1 (+http://www.google.com/bot.html)"
66.249.64.44 - - [18/Jun/2005:06:38:00 +0200] "GET / HTTP/1.0" 200 644 "-" "Googlebot/2.1 (+http://www.google.com/bot.html)"
207.46.98.140 - - [18/Jun/2005:08:45:20 +0200] "GET /robots.txt HTTP/1.0" 404 282 "-" "msnbot/1.0 (+http://search.msn.com/msnbot.htm)"
207.46.98.140 - - [18/Jun/2005:08:45:20 +0200] "GET / HTTP/1.0" 200 644 "-" "msnbot/1.0 (+http://search.msn.com/msnbot.htm)"
207.46.98.140 - - [18/Jun/2005:22:43:31 +0200] "GET /robots.txt HTTP/1.0" 404 282 "-" "msnbot/1.0 (+http://search.msn.com/msnbot.htm)"
207.46.98.140 - - [18/Jun/2005:22:43:31 +0200] "GET / HTTP/1.0" 200 644 "-" "msnbot/1.0 (+http://search.msn.com/msnbot.htm)"
207.46.98.140 - - [19/Jun/2005:04:11:16 +0200] "GET /robots.txt HTTP/1.0" 404 282 "-" "msnbot/1.0 (+http://search.msn.com/msnbot.htm)"
207.46.98.140 - - [19/Jun/2005:04:11:16 +0200] "GET / HTTP/1.0" 200 644 "-" "msnbot/1.0 (+http://search.msn.com/msnbot.htm)"
66.249.64.6 - - [19/Jun/2005:06:03:30 +0200] "GET /robots.txt HTTP/1.0" 404 282 "-" "Googlebot/2.1 (+http://www.google.com/bot.html)"
66.249.64.6 - - [19/Jun/2005:06:03:31 +0200] "GET / HTTP/1.0" 200 644 "-" "Googlebot/2.1 (+http://www.google.com/bot.html)"
69.148.51.179 - - [19/Jun/2005:18:02:01 +0200] "GET / HTTP/1.1" 200 656 "http://www.comites-it.org" "Mozilla/4.0 (compatible; MSIE 6.0; Windows NT 5.1; sbcydsl 3.12; SV1; .NET CLR 1.1.4322)"
69.148.51.179 - - [19/Jun/2005:18:02:01 +0200] "GET /icons/blank.gif HTTP/1.1" 200 148 "http://newark.comites-it.org/" "Mozilla/4.0 (compatible; MSIE 6.0; Windows NT 5.1; sbcydsl 3.12; SV1; .NET CLR 1.1.4322)"
69.148.51.179 - - [19/Jun/2005:18:02:01 +0200] "GET /icons/folder.gif HTTP/1.1" 200 225 "http://newark.comites-it.org/" "Mozilla/4.0 (compatible; MSIE 6.0; Windows NT 5.1; sbcydsl 3.12; SV1; .NET CLR 1.1.4322)"
69.148.51.179 - - [19/Jun/2005:18:02:01 +0200] "GET /icons/back.gif HTTP/1.1" 200 216 "http://newark.comites-it.org/" "Mozilla/4.0 (compatible; MSIE 6.0; Windows NT 5.1; sbcydsl 3.12; SV1; .NET CLR 1.1.4322)"
4.250.114.27 - - [19/Jun/2005:20:22:24 +0200] "GET / HTTP/1.1" 200 656 "http://texas.comites-it.org/ferruzzi.htm" "Mozilla/4.0 (compatible; MSIE 6.0; Windows NT 5.1; SV1; .NET CLR 1.1.4322)"
4.250.114.27 - - [19/Jun/2005:20:22:25 +0200] "GET /icons/blank.gif HTTP/1.1" 200 148 "http://newark.comites-it.org/" "Mozilla/4.0 (compatible; MSIE 6.0; Windows NT 5.1; SV1; .NET CLR 1.1.4322)"
4.250.114.27 - - [19/Jun/2005:20:22:25 +0200] "GET /icons/folder.gif HTTP/1.1" 200 225 "http://newark.comites-it.org/" "Mozilla/4.0 (compatible; MSIE 6.0; Windows NT 5.1; SV1; .NET CLR 1.1.4322)"
4.250.114.27 - - [19/Jun/2005:20:22:25 +0200] "GET /icons/back.gif HTTP/1.1" 200 216 "http://newark.comites-it.org/" "Mozilla/4.0 (compatible; MSIE 6.0; Windows NT 5.1; SV1; .NET CLR 1.1.4322)"
4.250.114.27 - - [19/Jun/2005:20:22:37 +0200] "GET / HTTP/1.1" 200 656 "http://newark.comites-it.org/" "Mozilla/4.0 (compatible; MSIE 6.0; Windows NT 5.1; SV1; .NET CLR 1.1.4322)"
66.249.71.3 - - [20/Jun/2005:05:27:35 +0200] "GET /robots.txt HTTP/1.0" 404 282 "-" "Googlebot/2.1 (+http://www.google.com/bot.html)"
66.249.71.3 - - [20/Jun/2005:05:27:36 +0200] "GET / HTTP/1.0" 200 644 "-" "Googlebot/2.1 (+http://www.google.com/bot.html)"
207.46.98.140 - - [20/Jun/2005:21:46:58 +0200] "GET /robots.txt HTTP/1.0" 404 282 "-" "msnbot/1.0 (+http://search.msn.com/msnbot.htm)"
207.46.98.140 - - [20/Jun/2005:21:46:58 +0200] "GET / HTTP/1.0" 200 644 "-" "msnbot/1.0 (+http://search.msn.com/msnbot.htm)"
66.249.71.29 - - [20/Jun/2005:23:37:13 +0200] "GET /robots.txt HTTP/1.0" 404 282 "-" "Googlebot/2.1 (+http://www.google.com/bot.html)"
66.249.71.29 - - [20/Jun/2005:23:37:14 +0200] "GET / HTTP/1.0" 200 644 "-" "Googlebot/2.1 (+http://www.google.com/bot.html)"
66.249.71.72 - - [21/Jun/2005:01:01:12 +0200] "GET /logs/error_log HTTP/1.0" 200 25840 "-" "Googlebot/2.1 (+http://www.google.com/bot.html)"
66.249.64.33 - - [21/Jun/2005:01:01:20 +0200] "GET /logs/ HTTP/1.0" 200 776 "-" "Googlebot/2.1 (+http://www.google.com/bot.html)"
66.249.64.37 - - [21/Jun/2005:01:30:47 +0200] "GET /logs/access_log HTTP/1.0" 200 88484 "-" "Googlebot/2.1 (+http://www.google.com/bot.html)"
207.46.98.140 - - [21/Jun/2005:03:01:19 +0200] "GET /robots.txt HTTP/1.0" 404 282 "-" "msnbot/1.0 (+http://search.msn.com/msnbot.htm)"
207.46.98.140 - - [21/Jun/2005:03:01:19 +0200] "GET / HTTP/1.0" 200 644 "-" "msnbot/1.0 (+http://search.msn.com/msnbot.htm)"
66.249.64.15 - - [21/Jun/2005:08:43:25 +0200] "GET /robots.txt HTTP/1.0" 404 282 "-" "Googlebot/2.1 (+http://www.google.com/bot.html)"
66.249.64.15 - - [21/Jun/2005:08:43:26 +0200] "GET / HTTP/1.0" 200 644 "-" "Googlebot/2.1 (+http://www.google.com/bot.html)"
207.46.98.140 - - [21/Jun/2005:10:00:51 +0200] "GET /robots.txt HTTP/1.0" 404 282 "-" "msnbot/1.0 (+http://search.msn.com/msnbot.htm)"
207.46.98.140 - - [21/Jun/2005:10:00:51 +0200] "GET / HTTP/1.0" 200 644 "-" "msnbot/1.0 (+http://search.msn.com/msnbot.htm)"
207.46.98.140 - - [21/Jun/2005:18:34:37 +0200] "GET /robots.txt HTTP/1.0" 404 282 "-" "msnbot/1.0 (+http://search.msn.com/msnbot.htm)"
207.46.98.140 - - [21/Jun/2005:18:34:37 +0200] "GET / HTTP/1.0" 200 644 "-" "msnbot/1.0 (+http://search.msn.com/msnbot.htm)"
207.46.98.140 - - [21/Jun/2005:23:56:13 +0200] "GET /robots.txt HTTP/1.0" 404 282 "-" "msnbot/1.0 (+http://search.msn.com/msnbot.htm)"
207.46.98.140 - - [21/Jun/2005:23:56:14 +0200] "GET / HTTP/1.0" 200 644 "-" "msnbot/1.0 (+http://search.msn.com/msnbot.htm)"
66.249.71.10 - - [22/Jun/2005:05:06:41 +0200] "GET /robots.txt HTTP/1.0" 404 282 "-" "Googlebot/2.1 (+http://www.google.com/bot.html)"
66.249.71.10 - - [22/Jun/2005:05:06:42 +0200] "GET / HTTP/1.0" 200 644 "-" "Googlebot/2.1 (+http://www.google.com/bot.html)"
207.46.98.140 - - [22/Jun/2005:06:19:54 +0200] "GET /robots.txt HTTP/1.0" 404 282 "-" "msnbot/1.0 (+http://search.msn.com/msnbot.htm)"
207.46.98.140 - - [22/Jun/2005:06:19:54 +0200] "GET / HTTP/1.0" 200 644 "-" "msnbot/1.0 (+http://search.msn.com/msnbot.htm)"
24.225.229.142 - - [22/Jun/2005:15:30:34 +0200] "GET / HTTP/1.1" 200 656 "http://www.comites-it.org/" "Mozilla/5.0 (Windows; U; Windows NT 5.1; en-US; rv:1.7.8) Gecko/20050511 Firefox/1.0.4"
24.225.229.142 - - [22/Jun/2005:15:30:34 +0200] "GET /icons/blank.gif HTTP/1.1" 200 148 "http://newark.comites-it.org/" "Mozilla/5.0 (Windows; U; Windows NT 5.1; en-US; rv:1.7.8) Gecko/20050511 Firefox/1.0.4"
24.225.229.142 - - [22/Jun/2005:15:30:34 +0200] "GET /icons/back.gif HTTP/1.1" 200 216 "http://newark.comites-it.org/" "Mozilla/5.0 (Windows; U; Windows NT 5.1; en-US; rv:1.7.8) Gecko/20050511 Firefox/1.0.4"
24.225.229.142 - - [22/Jun/2005:15:30:34 +0200] "GET /icons/folder.gif HTTP/1.1" 200 225 "http://newark.comites-it.org/" "Mozilla/5.0 (Windows; U; Windows NT 5.1; en-US; rv:1.7.8) Gecko/20050511 Firefox/1.0.4"
24.225.229.142 - - [22/Jun/2005:15:30:34 +0200] "GET /favicon.ico HTTP/1.1" 404 295 "-" "Mozilla/5.0 (Windows; U; Windows NT 5.1; en-US; rv:1.7.8) Gecko/20050511 Firefox/1.0.4"
24.225.229.142 - - [22/Jun/2005:15:30:42 +0200] "GET /logs/ HTTP/1.1" 200 788 "http://newark.comites-it.org/" "Mozilla/5.0 (Windows; U; Windows NT 5.1; en-US; rv:1.7.8) Gecko/20050511 Firefox/1.0.4"
24.225.229.142 - - [22/Jun/2005:15:30:42 +0200] "GET /icons/unknown.gif HTTP/1.1" 200 245 "http://newark.comites-it.org/logs/" "Mozilla/5.0 (Windows; U; Windows NT 5.1; en-US; rv:1.7.8) Gecko/20050511 Firefox/1.0.4"
24.225.229.142 - - [22/Jun/2005:15:30:45 +0200] "GET / HTTP/1.1" 200 656 "http://newark.comites-it.org/logs/" "Mozilla/5.0 (Windows; U; Windows NT 5.1; en-US; rv:1.7.8) Gecko/20050511 Firefox/1.0.4"
24.225.229.142 - - [22/Jun/2005:15:30:47 +0200] "GET /logs/ HTTP/1.1" 200 788 "http://newark.comites-it.org/" "Mozilla/5.0 (Windows; U; Windows NT 5.1; en-US; rv:1.7.8) Gecko/20050511 Firefox/1.0.4"
24.225.229.142 - - [22/Jun/2005:15:30:49 +0200] "GET /logs/access_log HTTP/1.1" 200 92254 "http://newark.comites-it.org/logs/" "Mozilla/5.0 (Windows; U; Windows NT 5.1; en-US; rv:1.7.8) Gecko/20050511 Firefox/1.0.4"
66.249.64.77 - - [23/Jun/2005:04:45:27 +0200] "GET /robots.txt HTTP/1.0" 404 282 "-" "Googlebot/2.1 (+http://www.google.com/bot.html)"
66.249.64.77 - - [23/Jun/2005:04:45:28 +0200] "GET / HTTP/1.0" 200 644 "-" "Googlebot/2.1 (+http://www.google.com/bot.html)"
207.46.98.140 - - [23/Jun/2005:14:00:20 +0200] "GET /robots.txt HTTP/1.0" 404 282 "-" "msnbot/1.0 (+http://search.msn.com/msnbot.htm)"
207.46.98.140 - - [23/Jun/2005:14:00:21 +0200] "GET / HTTP/1.0" 200 644 "-" "msnbot/1.0 (+http://search.msn.com/msnbot.htm)"
66.249.64.14 - - [24/Jun/2005:05:26:37 +0200] "GET /robots.txt HTTP/1.0" 404 282 "-" "Googlebot/2.1 (+http://www.google.com/bot.html)"
66.249.64.14 - - [24/Jun/2005:05:26:38 +0200] "GET / HTTP/1.0" 200 644 "-" "Googlebot/2.1 (+http://www.google.com/bot.html)"
207.46.98.140 - - [24/Jun/2005:10:46:12 +0200] "GET /robots.txt HTTP/1.0" 404 282 "-" "msnbot/1.0 (+http://search.msn.com/msnbot.htm)"
207.46.98.140 - - [24/Jun/2005:10:46:12 +0200] "GET / HTTP/1.0" 200 644 "-" "msnbot/1.0 (+http://search.msn.com/msnbot.htm)"
82.54.119.200 - - [24/Jun/2005:11:47:42 +0200] "GET / HTTP/1.1" 200 656 "http://www.comites-it.org/" "Mozilla/4.0 (compatible; MSIE 6.0; Windows NT 5.1; SV1)"
82.54.119.200 - - [24/Jun/2005:11:47:42 +0200] "GET /icons/blank.gif HTTP/1.1" 200 148 "http://newark.comites-it.org/" "Mozilla/4.0 (compatible; MSIE 6.0; Windows NT 5.1; SV1)"
82.54.119.200 - - [24/Jun/2005:11:47:42 +0200] "GET /icons/back.gif HTTP/1.1" 200 216 "http://newark.comites-it.org/" "Mozilla/4.0 (compatible; MSIE 6.0; Windows NT 5.1; SV1)"
82.54.119.200 - - [24/Jun/2005:11:47:42 +0200] "GET /icons/folder.gif HTTP/1.1" 200 225 "http://newark.comites-it.org/" "Mozilla/4.0 (compatible; MSIE 6.0; Windows NT 5.1; SV1)"
66.249.71.55 - - [25/Jun/2005:05:29:59 +0200] "GET / HTTP/1.0" 200 644 "-" "Googlebot/2.1 (+http://www.google.com/bot.html)"
66.249.64.16 - - [26/Jun/2005:05:29:51 +0200] "GET /robots.txt HTTP/1.0" 404 282 "-" "Googlebot/2.1 (+http://www.google.com/bot.html)"
66.249.64.16 - - [26/Jun/2005:05:29:52 +0200] "GET / HTTP/1.0" 200 644 "-" "Googlebot/2.1 (+http://www.google.com/bot.html)"
66.249.71.14 - - [27/Jun/2005:05:19:51 +0200] "GET /robots.txt HTTP/1.0" 404 282 "-" "Googlebot/2.1 (+http://www.google.com/bot.html)"
66.249.71.14 - - [27/Jun/2005:05:19:51 +0200] "GET / HTTP/1.0" 200 644 "-" "Googlebot/2.1 (+http://www.google.com/bot.html)"
68.81.189.254 - - [27/Jun/2005:14:14:40 +0200] "GET / HTTP/1.1" 200 656 "http://www.comites-it.org/" "Mozilla/4.0 (compatible; MSIE 6.0; Windows 98; Win 9x 4.90; EnergyPlugIn; dial)"
68.81.189.254 - - [27/Jun/2005:14:14:40 +0200] "GET /icons/blank.gif HTTP/1.1" 200 148 "http://newark.comites-it.org/" "Mozilla/4.0 (compatible; MSIE 6.0; Windows 98; Win 9x 4.90; EnergyPlugIn; dial)"
68.81.189.254 - - [27/Jun/2005:14:14:40 +0200] "GET /icons/back.gif HTTP/1.1" 200 216 "http://newark.comites-it.org/" "Mozilla/4.0 (compatible; MSIE 6.0; Windows 98; Win 9x 4.90; EnergyPlugIn; dial)"
68.81.189.254 - - [27/Jun/2005:14:14:40 +0200] "GET /icons/folder.gif HTTP/1.1" 200 225 "http://newark.comites-it.org/" "Mozilla/4.0 (compatible; MSIE 6.0; Windows 98; Win 9x 4.90; EnergyPlugIn; dial)"
82.107.76.108 - - [28/Jun/2005:11:33:03 +0200] "GET / HTTP/1.1" 200 656 "http://www.comites-it.org/" "Mozilla/4.0 (compatible; MSIE 6.0; Windows NT 5.1; SV1)"
82.107.76.108 - - [28/Jun/2005:11:33:03 +0200] "GET /icons/blank.gif HTTP/1.1" 200 148 "http://newark.comites-it.org/" "Mozilla/4.0 (compatible; MSIE 6.0; Windows NT 5.1; SV1)"
82.107.76.108 - - [28/Jun/2005:11:33:03 +0200] "GET /icons/folder.gif HTTP/1.1" 200 225 "http://newark.comites-it.org/" "Mozilla/4.0 (compatible; MSIE 6.0; Windows NT 5.1; SV1)"
82.107.76.108 - - [28/Jun/2005:11:33:03 +0200] "GET /icons/back.gif HTTP/1.1" 200 216 "http://newark.comites-it.org/" "Mozilla/4.0 (compatible; MSIE 6.0; Windows NT 5.1; SV1)"
213.156.52.110 - - [28/Jun/2005:20:16:02 +0200] "GET / HTTP/1.1" 200 656 "http://www.comites-it.org/" "Mozilla/4.0 (compatible; MSIE 6.0; Windows NT 5.1; SV1)"
213.156.52.110 - - [28/Jun/2005:20:16:03 +0200] "GET /icons/blank.gif HTTP/1.1" 200 148 "http://newark.comites-it.org/" "Mozilla/4.0 (compatible; MSIE 6.0; Windows NT 5.1; SV1)"
213.156.52.110 - - [28/Jun/2005:20:16:03 +0200] "GET /icons/folder.gif HTTP/1.1" 200 225 "http://newark.comites-it.org/" "Mozilla/4.0 (compatible; MSIE 6.0; Windows NT 5.1; SV1)"
213.156.52.110 - - [28/Jun/2005:20:16:03 +0200] "GET /icons/back.gif HTTP/1.1" 200 216 "http://newark.comites-it.org/" "Mozilla/4.0 (compatible; MSIE 6.0; Windows NT 5.1; SV1)"
80.181.138.157 - - [29/Jun/2005:22:40:17 +0200] "GET / HTTP/1.1" 200 656 "http://houston.comites-it.org/gargiulo.htm" "Mozilla/4.0 (compatible; MSIE 6.0; Windows NT 5.1; Sgrunt|V109|629|S873215988|dialno; EnergyPlugIn; dial; SV1; snprtz|dialno)"
80.181.138.157 - - [29/Jun/2005:22:40:17 +0200] "GET /icons/blank.gif HTTP/1.1" 200 148 "http://newark.comites-it.org/" "Mozilla/4.0 (compatible; MSIE 6.0; Windows NT 5.1; Sgrunt|V109|629|S873215988|dialno; EnergyPlugIn; dial; SV1; snprtz|dialno)"
80.181.138.157 - - [29/Jun/2005:22:40:17 +0200] "GET /icons/back.gif HTTP/1.1" 200 216 "http://newark.comites-it.org/" "Mozilla/4.0 (compatible; MSIE 6.0; Windows NT 5.1; Sgrunt|V109|629|S873215988|dialno; EnergyPlugIn; dial; SV1; snprtz|dialno)"
80.181.138.157 - - [29/Jun/2005:22:40:17 +0200] "GET /icons/folder.gif HTTP/1.1" 200 225 "http://newark.comites-it.org/" "Mozilla/4.0 (compatible; MSIE 6.0; Windows NT 5.1; Sgrunt|V109|629|S873215988|dialno; EnergyPlugIn; dial; SV1; snprtz|dialno)"
207.46.98.140 - - [30/Jun/2005:21:25:57 +0200] "GET /robots.txt HTTP/1.0" 404 282 "-" "msnbot/1.0 (+http://search.msn.com/msnbot.htm)"
207.46.98.140 - - [30/Jun/2005:21:25:57 +0200] "GET / HTTP/1.0" 200 644 "-" "msnbot/1.0 (+http://search.msn.com/msnbot.htm)"
207.46.98.140 - - [01/Jul/2005:03:05:51 +0200] "GET /robots.txt HTTP/1.0" 404 282 "-" "msnbot/1.0 (+http://search.msn.com/msnbot.htm)"
207.46.98.140 - - [01/Jul/2005:03:05:51 +0200] "GET / HTTP/1.0" 200 644 "-" "msnbot/1.0 (+http://search.msn.com/msnbot.htm)"
207.46.98.140 - - [01/Jul/2005:09:11:28 +0200] "GET /robots.txt HTTP/1.0" 404 282 "-" "msnbot/1.0 (+http://search.msn.com/msnbot.htm)"
207.46.98.140 - - [01/Jul/2005:09:11:28 +0200] "GET / HTTP/1.0" 200 644 "-" "msnbot/1.0 (+http://search.msn.com/msnbot.htm)"
207.46.98.140 - - [01/Jul/2005:14:53:30 +0200] "GET /robots.txt HTTP/1.0" 404 282 "-" "msnbot/1.0 (+http://search.msn.com/msnbot.htm)"
207.46.98.140 - - [01/Jul/2005:14:53:30 +0200] "GET / HTTP/1.0" 200 644 "-" "msnbot/1.0 (+http://search.msn.com/msnbot.htm)"
207.46.98.140 - - [01/Jul/2005:17:17:22 +0200] "GET /robots.txt HTTP/1.0" 404 282 "-" "msnbot/1.0 (+http://search.msn.com/msnbot.htm)"
207.46.98.140 - - [01/Jul/2005:17:17:22 +0200] "GET / HTTP/1.0" 200 644 "-" "msnbot/1.0 (+http://search.msn.com/msnbot.htm)"
207.46.98.140 - - [01/Jul/2005:19:32:09 +0200] "GET /robots.txt HTTP/1.0" 404 282 "-" "msnbot/1.0 (+http://search.msn.com/msnbot.htm)"
207.46.98.140 - - [01/Jul/2005:19:32:09 +0200] "GET / HTTP/1.0" 200 644 "-" "msnbot/1.0 (+http://search.msn.com/msnbot.htm)"
66.249.71.70 - - [02/Jul/2005:09:15:13 +0200] "GET /robots.txt HTTP/1.0" 404 282 "-" "Googlebot/2.1 (+http://www.google.com/bot.html)"
66.249.71.70 - - [02/Jul/2005:09:15:13 +0200] "GET /logs/ HTTP/1.0" 200 776 "-" "Googlebot/2.1 (+http://www.google.com/bot.html)"
