66.71.245.122 - - [28/Jul/2010:15:09:12 +0200] "GET /logs//index.php?option=com_vjdeo&controller=../../../../../../../../../../../../../../../proc/self/environ%00 HTTP/1.1" 404 301 "-" "libwww-perl/5.831"
66.71.245.122 - - [28/Jul/2010:15:09:12 +0200] "GET //index.php?option=com_vjdeo&controller=../../../../../../../../../../../../../../../proc/self/environ%00 HTTP/1.1" 404 296 "-" "libwww-perl/5.831"
69.57.132.57 - - [28/Jul/2010:15:09:28 +0200] "GET /index.php?option=com_myblog&Itemid=12&task=../../../../../../../../../../../../../../../proc/self/environ%00 HTTP/1.1" 404 295 "-" "libwww-perl/5.831"
69.175.105.186 - - [28/Jul/2010:15:11:57 +0200] "GET /index.php?option=com_myblog&Itemid=12&task=../../../../../../../../../../../../../../../etc/passwd%00 HTTP/1.1" 404 295 "-" "libwww-perl/5.810"
119.192.156.54 - - [28/Jul/2010:15:25:01 +0200] "GET //index.php?option=com_myblog&controller=../../../../../../../../../../../../../../../etc/passwd%00 HTTP/1.1" 404 296 "-" "libwww-perl/5.805"
119.192.156.54 - - [28/Jul/2010:15:25:01 +0200] "GET //index.php?option=com_myblog&controller=../../../../../../../../../../../../../../../etc/passwd%00 HTTP/1.1" 404 296 "-" "libwww-perl/5.805"
119.192.156.54 - - [28/Jul/2010:15:32:34 +0200] "GET /logs/access_log//index.php?option=com_myblog&controller=../../../../../../../../../../../../../../../etc/passwd%00 HTTP/1.1" 404 312 "-" "libwww-perl/5.805"
119.192.156.54 - - [28/Jul/2010:15:32:34 +0200] "GET //index.php?option=com_myblog&controller=../../../../../../../../../../../../../../../etc/passwd%00 HTTP/1.1" 404 296 "-" "libwww-perl/5.805"
119.192.156.54 - - [28/Jul/2010:15:32:35 +0200] "GET /logs//index.php?option=com_myblog&controller=../../../../../../../../../../../../../../../etc/passwd%00 HTTP/1.1" 404 301 "-" "libwww-perl/5.805"
119.192.156.54 - - [28/Jul/2010:15:32:53 +0200] "GET //index.php?option=com_myblog&controller=../../../../../../../../../../../../../../../etc/passwd%00 HTTP/1.1" 404 296 "-" "libwww-perl/5.805"
119.192.156.54 - - [28/Jul/2010:15:33:05 +0200] "GET //index.php?option=com_myblog&controller=../../../../../../../../../../../../../../../etc/passwd%00 HTTP/1.1" 404 296 "-" "libwww-perl/5.805"
119.192.156.54 - - [28/Jul/2010:15:33:07 +0200] "GET /logs/access_log//index.php?option=com_myblog&controller=../../../../../../../../../../../../../../../etc/passwd%00 HTTP/1.1" 404 312 "-" "libwww-perl/5.805"
119.192.156.54 - - [28/Jul/2010:15:33:08 +0200] "GET //index.php?option=com_myblog&controller=../../../../../../../../../../../../../../../etc/passwd%00 HTTP/1.1" 404 296 "-" "libwww-perl/5.805"
119.192.156.54 - - [28/Jul/2010:15:33:08 +0200] "GET /logs//index.php?option=com_myblog&controller=../../../../../../../../../../../../../../../etc/passwd%00 HTTP/1.1" 404 301 "-" "libwww-perl/5.805"
62.112.195.144 - - [28/Jul/2010:15:35:47 +0200] "GET /logs//index.php?option=com_zimbcore&controller=../../../../../../../../../../../../../../../proc/self/environ%00 HTTP/1.1" 404 301 "-" "libwww-perl/5.836"
62.112.195.144 - - [28/Jul/2010:15:35:47 +0200] "GET //index.php?option=com_zimbcore&controller=../../../../../../../../../../../../../../../proc/self/environ%00 HTTP/1.1" 404 296 "-" "libwww-perl/5.836"
38.108.124.28 - - [28/Jul/2010:15:35:48 +0200] "GET /logs//index.php?option=com_zimbcore&controller=../../../../../../../../../../../../../../../proc/self/environ%00 HTTP/1.1" 404 301 "-" "libwww-perl/5.805"
38.108.124.28 - - [28/Jul/2010:15:35:48 +0200] "GET //index.php?option=com_zimbcore&controller=../../../../../../../../../../../../../../../proc/self/environ%00 HTTP/1.1" 404 296 "-" "libwww-perl/5.805"
119.192.156.54 - - [28/Jul/2010:15:39:12 +0200] "GET /logs/access_log//index.php?option=com_myblog&controller=../../../../../../../../../../../../../../../etc/passwd%00 HTTP/1.1" 404 312 "-" "libwww-perl/5.805"
119.192.156.54 - - [28/Jul/2010:15:39:13 +0200] "GET //index.php?option=com_myblog&controller=../../../../../../../../../../../../../../../etc/passwd%00 HTTP/1.1" 404 296 "-" "libwww-perl/5.805"
119.192.156.54 - - [28/Jul/2010:15:39:13 +0200] "GET /logs//index.php?option=com_myblog&controller=../../../../../../../../../../../../../../../etc/passwd%00 HTTP/1.1" 404 301 "-" "libwww-perl/5.805"
119.192.156.54 - - [28/Jul/2010:15:39:14 +0200] "GET /logs/access_log//index.php?option=com_myblog&controller=../../../../../../../../../../../../../../../etc/passwd%00 HTTP/1.1" 404 312 "-" "libwww-perl/5.805"
119.192.156.54 - - [28/Jul/2010:15:39:15 +0200] "GET //index.php?option=com_myblog&controller=../../../../../../../../../../../../../../../etc/passwd%00 HTTP/1.1" 404 296 "-" "libwww-perl/5.805"
119.192.156.54 - - [28/Jul/2010:15:39:15 +0200] "GET /logs//index.php?option=com_myblog&controller=../../../../../../../../../../../../../../../etc/passwd%00 HTTP/1.1" 404 301 "-" "libwww-perl/5.805"
94.23.18.220 - - [28/Jul/2010:15:40:03 +0200] "GET /logs/access_log HTTP/1.0" 200 504284 "http://newark.comites-it.org/logs/access_log" "Mozilla/1.22 (compatible; MSIE 2.0; Windows 95)"
62.149.171.147 - - [28/Jul/2010:15:40:36 +0200] "GET /logs//index.php?option=com_zimbcore&controller=../../../../../../../../../../../../../../../proc/self/environ%00 HTTP/1.1" 404 301 "-" "libwww-perl/5.805"
62.149.171.147 - - [28/Jul/2010:15:40:37 +0200] "GET //index.php?option=com_zimbcore&controller=../../../../../../../../../../../../../../../proc/self/environ%00 HTTP/1.1" 404 296 "-" "libwww-perl/5.805"
62.112.195.144 - - [28/Jul/2010:15:41:54 +0200] "GET /logs/access_log//index.php?option=com_zimbcore&controller=../../../../../../../../../../../../../../../proc/self/environ%00 HTTP/1.1" 404 312 "-" "libwww-perl/5.836"
62.112.195.144 - - [28/Jul/2010:15:41:54 +0200] "GET //index.php?option=com_zimbcore&controller=../../../../../../../../../../../../../../../proc/self/environ%00 HTTP/1.1" 404 296 "-" "libwww-perl/5.836"
62.112.195.144 - - [28/Jul/2010:15:41:54 +0200] "GET /logs//index.php?option=com_zimbcore&controller=../../../../../../../../../../../../../../../proc/self/environ%00 HTTP/1.1" 404 301 "-" "libwww-perl/5.836"
85.13.219.90 - - [28/Jul/2010:15:49:56 +0200] "GET /logs//index.php?option=com_weberpcustomer&controller=../../../../../../../../../../../../../../../proc/self/environ%00 HTTP/1.1" 404 301 "-" "libwww-perl/5.810"
85.13.219.90 - - [28/Jul/2010:15:49:56 +0200] "GET //index.php?option=com_weberpcustomer&controller=../../../../../../../../../../../../../../../proc/self/environ%00 HTTP/1.1" 404 296 "-" "libwww-perl/5.810"
85.13.219.90 - - [28/Jul/2010:15:50:00 +0200] "GET /logs//index.php?option=com_weberpcustomer&controller=../../../../../../../../../../../../../../../proc/self/environ%00 HTTP/1.1" 404 301 "-" "libwww-perl/5.810"
85.13.219.90 - - [28/Jul/2010:15:50:00 +0200] "GET //index.php?option=com_weberpcustomer&controller=../../../../../../../../../../../../../../../proc/self/environ%00 HTTP/1.1" 404 296 "-" "libwww-perl/5.810"
209.97.216.92 - - [28/Jul/2010:15:52:13 +0200] "GET /logs//index.php?option=com_weberpcustomer&controller=../../../../../../../../../../../../../../../proc/self/environ%00 HTTP/1.1" 404 301 "-" "libwww-perl/5.79"
209.97.216.92 - - [28/Jul/2010:15:52:13 +0200] "GET //index.php?option=com_weberpcustomer&controller=../../../../../../../../../../../../../../../proc/self/environ%00 HTTP/1.1" 404 296 "-" "libwww-perl/5.79"
119.192.156.54 - - [28/Jul/2010:16:15:07 +0200] "GET /logs/access_log//index.php?option=com_myblog&controller=../../../../../../../../../../../../../../../etc/passwd%00 HTTP/1.1" 404 312 "-" "libwww-perl/5.805"
119.192.156.54 - - [28/Jul/2010:16:15:07 +0200] "GET //index.php?option=com_myblog&controller=../../../../../../../../../../../../../../../etc/passwd%00 HTTP/1.1" 404 296 "-" "libwww-perl/5.805"
119.192.156.54 - - [28/Jul/2010:16:15:08 +0200] "GET /logs//index.php?option=com_myblog&controller=../../../../../../../../../../../../../../../etc/passwd%00 HTTP/1.1" 404 301 "-" "libwww-perl/5.805"
119.192.156.54 - - [28/Jul/2010:16:15:16 +0200] "GET /logs/access_log//index.php?option=com_myblog&controller=../../../../../../../../../../../../../../../etc/passwd%00 HTTP/1.1" 404 312 "-" "libwww-perl/5.805"
119.192.156.54 - - [28/Jul/2010:16:15:16 +0200] "GET //index.php?option=com_myblog&controller=../../../../../../../../../../../../../../../etc/passwd%00 HTTP/1.1" 404 296 "-" "libwww-perl/5.805"
119.192.156.54 - - [28/Jul/2010:16:15:17 +0200] "GET /logs//index.php?option=com_myblog&controller=../../../../../../../../../../../../../../../etc/passwd%00 HTTP/1.1" 404 301 "-" "libwww-perl/5.805"
213.180.89.75 - - [28/Jul/2010:16:47:24 +0200] "GET ///index.php?option=com_gcalendar&controller=../../../../../../../../../../../../../../../proc/self/environ%00 HTTP/1.1" 404 297 "-" "libwww-perl/5.805"
207.46.199.198 - - [28/Jul/2010:16:48:06 +0200] "GET /robots.txt HTTP/1.1" 404 296 "-" "msnbot/2.0b (+http://search.msn.com/msnbot.htm)"
92.43.201.28 - - [28/Jul/2010:16:53:59 +0200] "GET /logs/error_log/xmlrpc/pingserver.php HTTP/1.1" 404 322 "-" "Mozilla/5.0"
92.43.201.28 - - [28/Jul/2010:16:53:59 +0200] "GET /xmlrpc/pingserver.php HTTP/1.1" 404 307 "-" "Mozilla/5.0"
92.43.201.28 - - [28/Jul/2010:16:54:00 +0200] "GET /logs/xmlrpc/pingserver.php HTTP/1.1" 404 312 "-" "Mozilla/5.0"
92.43.201.28 - - [28/Jul/2010:16:59:09 +0200] "GET /logs/access_log/xmlrpc/pingserver.php HTTP/1.1" 404 323 "-" "Mozilla/5.0"
213.180.89.75 - - [28/Jul/2010:17:08:30 +0200] "GET /logs/access_log///index.php?option=com_gcalendar&controller=../../../../../../../../../../../../../../../proc/self/environ%00 HTTP/1.1" 404 313 "-" "libwww-perl/5.805"
213.180.89.75 - - [28/Jul/2010:17:08:30 +0200] "GET ///index.php?option=com_gcalendar&controller=../../../../../../../../../../../../../../../proc/self/environ%00 HTTP/1.1" 404 297 "-" "libwww-perl/5.805"
213.180.89.75 - - [28/Jul/2010:17:08:30 +0200] "GET /logs///index.php?option=com_gcalendar&controller=../../../../../../../../../../../../../../../proc/self/environ%00 HTTP/1.1" 404 302 "-" "libwww-perl/5.805"
189.1.171.233 - - [28/Jul/2010:17:23:14 +0200] "GET /index.php?option=com_properties&controller=../../../../../../../../../../../../../../../etc/passwd%00 HTTP/1.1" 404 295 "-" "libwww-perl/5.805"
188.127.248.175 - - [28/Jul/2010:17:25:43 +0200] "GET /logs//index.php?option=com_g2bridge&controller=../../../../../../../../../../../../../../../proc/self/environ%00 HTTP/1.1" 404 301 "-" "libwww-perl/5.808"
188.127.248.175 - - [28/Jul/2010:17:25:43 +0200] "GET //index.php?option=com_g2bridge&controller=../../../../../../../../../../../../../../../proc/self/environ%00 HTTP/1.1" 404 296 "-" "libwww-perl/5.808"
189.1.171.233 - - [28/Jul/2010:17:36:14 +0200] "GET /logs/access_log/index.php?option=com_properties&controller=../../../../../../../../../../../../../../../etc/passwd%00 HTTP/1.1" 404 311 "-" "libwww-perl/5.805"
189.1.171.233 - - [28/Jul/2010:17:36:15 +0200] "GET /index.php?option=com_properties&controller=../../../../../../../../../../../../../../../etc/passwd%00 HTTP/1.1" 404 295 "-" "libwww-perl/5.805"
189.1.171.233 - - [28/Jul/2010:17:36:15 +0200] "GET /logs/index.php?option=com_properties&controller=../../../../../../../../../../../../../../../etc/passwd%00 HTTP/1.1" 404 300 "-" "libwww-perl/5.805"
188.127.248.175 - - [28/Jul/2010:17:36:54 +0200] "GET /logs//index.php?option=com_g2bridge&controller=../../../../../../../../../../../../../../../proc/self/environ%00 HTTP/1.1" 404 301 "-" "libwww-perl/5.808"
188.127.248.175 - - [28/Jul/2010:17:36:54 +0200] "GET //index.php?option=com_g2bridge&controller=../../../../../../../../../../../../../../../proc/self/environ%00 HTTP/1.1" 404 296 "-" "libwww-perl/5.808"
188.127.248.175 - - [28/Jul/2010:17:36:55 +0200] "GET /logs//index.php?option=com_g2bridge&controller=../../../../../../../../../../../../../../../proc/self/environ%00 HTTP/1.1" 404 301 "-" "libwww-perl/5.808"
188.127.248.175 - - [28/Jul/2010:17:36:55 +0200] "GET //index.php?option=com_g2bridge&controller=../../../../../../../../../../../../../../../proc/self/environ%00 HTTP/1.1" 404 296 "-" "libwww-perl/5.808"
91.121.78.216 - - [28/Jul/2010:17:37:29 +0200] "GET /logs/index2.php?option=com_ckforms&controller=../../../../../../../../../../../../../../../proc/self/environ%00 HTTP/1.1" 404 301 "-" "libwww-perl/5.803"
91.121.78.216 - - [28/Jul/2010:17:37:29 +0200] "GET /index2.php?option=com_ckforms&controller=../../../../../../../../../../../../../../../proc/self/environ%00 HTTP/1.1" 404 296 "-" "libwww-perl/5.803"
91.121.78.216 - - [28/Jul/2010:17:37:31 +0200] "GET /logs/index2.php?option=com_ckforms&controller=../../../../../../../../../../../../../../../proc/self/environ%00 HTTP/1.1" 404 301 "-" "libwww-perl/5.803"
91.121.78.216 - - [28/Jul/2010:17:37:31 +0200] "GET /index2.php?option=com_ckforms&controller=../../../../../../../../../../../../../../../proc/self/environ%00 HTTP/1.1" 404 296 "-" "libwww-perl/5.803"
91.121.78.216 - - [28/Jul/2010:17:37:34 +0200] "GET /index2.php?option=com_ckforms&controller=../../../../../../../../../../../../../../../proc/self/environ%00 HTTP/1.1" 404 296 "-" "libwww-perl/5.803"
91.121.78.216 - - [28/Jul/2010:17:37:43 +0200] "GET /index2.php?option=com_ckforms&controller=../../../../../../../../../../../../../../../proc/self/environ%00 HTTP/1.1" 404 296 "-" "libwww-perl/5.803"
91.121.78.216 - - [28/Jul/2010:17:38:09 +0200] "GET /index2.php?option=com_ckforms&controller=../../../../../../../../../../../../../../../proc/self/environ%00 HTTP/1.1" 404 296 "-" "libwww-perl/5.803"
91.121.78.216 - - [28/Jul/2010:17:38:10 +0200] "GET /index2.php?option=com_ckforms&controller=../../../../../../../../../../../../../../../proc/self/environ%00 HTTP/1.1" 404 296 "-" "libwww-perl/5.803"
188.127.248.175 - - [28/Jul/2010:17:38:13 +0200] "GET /logs//index.php?option=com_g2bridge&controller=../../../../../../../../../../../../../../../proc/self/environ%00 HTTP/1.1" 404 301 "-" "libwww-perl/5.808"
188.127.248.175 - - [28/Jul/2010:17:38:14 +0200] "GET //index.php?option=com_g2bridge&controller=../../../../../../../../../../../../../../../proc/self/environ%00 HTTP/1.1" 404 296 "-" "libwww-perl/5.808"
188.127.248.175 - - [28/Jul/2010:17:38:18 +0200] "GET /logs//index.php?option=com_g2bridge&controller=../../../../../../../../../../../../../../../proc/self/environ%00 HTTP/1.1" 404 301 "-" "libwww-perl/5.808"
188.127.248.175 - - [28/Jul/2010:17:38:18 +0200] "GET //index.php?option=com_g2bridge&controller=../../../../../../../../../../../../../../../proc/self/environ%00 HTTP/1.1" 404 296 "-" "libwww-perl/5.808"
91.121.78.216 - - [28/Jul/2010:17:39:29 +0200] "GET /logs/access_log/index2.php?option=com_ckforms&controller=../../../../../../../../../../../../../../../proc/self/environ%00 HTTP/1.1" 404 312 "-" "libwww-perl/5.803"
91.121.78.216 - - [28/Jul/2010:17:39:30 +0200] "GET /index2.php?option=com_ckforms&controller=../../../../../../../../../../../../../../../proc/self/environ%00 HTTP/1.1" 404 296 "-" "libwww-perl/5.803"
91.121.78.216 - - [28/Jul/2010:17:39:30 +0200] "GET /logs/index2.php?option=com_ckforms&controller=../../../../../../../../../../../../../../../proc/self/environ%00 HTTP/1.1" 404 301 "-" "libwww-perl/5.803"
91.121.78.216 - - [28/Jul/2010:17:39:30 +0200] "GET /logs/access_log/index2.php?option=com_ckforms&controller=../../../../../../../../../../../../../../../proc/self/environ%00 HTTP/1.1" 404 312 "-" "libwww-perl/5.803"
91.121.78.216 - - [28/Jul/2010:17:39:31 +0200] "GET /index2.php?option=com_ckforms&controller=../../../../../../../../../../../../../../../proc/self/environ%00 HTTP/1.1" 404 296 "-" "libwww-perl/5.803"
91.121.78.216 - - [28/Jul/2010:17:39:31 +0200] "GET /logs/index2.php?option=com_ckforms&controller=../../../../../../../../../../../../../../../proc/self/environ%00 HTTP/1.1" 404 301 "-" "libwww-perl/5.803"
211.206.120.196 - - [28/Jul/2010:17:40:19 +0200] "GET /index.php?option=com_gcalendar&controller= HTTP/1.1" 404 295 "-" "libwww-perl/5.79"
91.121.78.216 - - [28/Jul/2010:17:40:55 +0200] "GET /logs/access_log/index2.php?option=com_ckforms&controller=../../../../../../../../../../../../../../../proc/self/environ%00 HTTP/1.1" 404 312 "-" "libwww-perl/5.803"
91.121.78.216 - - [28/Jul/2010:17:40:55 +0200] "GET /index2.php?option=com_ckforms&controller=../../../../../../../../../../../../../../../proc/self/environ%00 HTTP/1.1" 404 296 "-" "libwww-perl/5.803"
91.121.78.216 - - [28/Jul/2010:17:40:56 +0200] "GET /logs/index2.php?option=com_ckforms&controller=../../../../../../../../../../../../../../../proc/self/environ%00 HTTP/1.1" 404 301 "-" "libwww-perl/5.803"
91.121.78.216 - - [28/Jul/2010:17:40:56 +0200] "GET /logs/access_log/index2.php?option=com_ckforms&controller=../../../../../../../../../../../../../../../proc/self/environ%00 HTTP/1.1" 404 312 "-" "libwww-perl/5.803"
91.121.78.216 - - [28/Jul/2010:17:40:56 +0200] "GET /index2.php?option=com_ckforms&controller=../../../../../../../../../../../../../../../proc/self/environ%00 HTTP/1.1" 404 296 "-" "libwww-perl/5.803"
91.121.78.216 - - [28/Jul/2010:17:40:57 +0200] "GET /logs/index2.php?option=com_ckforms&controller=../../../../../../../../../../../../../../../proc/self/environ%00 HTTP/1.1" 404 301 "-" "libwww-perl/5.803"
207.46.195.233 - - [28/Jul/2010:17:50:30 +0200] "GET /robots.txt HTTP/1.1" 404 296 "-" "msnbot/2.0b (+http://search.msn.com/msnbot.htm)"
74.52.6.194 - - [28/Jul/2010:17:52:10 +0200] "GET /logs/index2.php?option=com_ckforms&controller=../../../../../../../../../../../../../../../proc/self/environ%00 HTTP/1.1" 404 301 "-" "libwww-perl/5.810"
74.52.6.194 - - [28/Jul/2010:17:52:10 +0200] "GET /index2.php?option=com_ckforms&controller=../../../../../../../../../../../../../../../proc/self/environ%00 HTTP/1.1" 404 296 "-" "libwww-perl/5.810"
74.52.6.194 - - [28/Jul/2010:17:52:40 +0200] "GET /logs/index2.php?option=com_ckforms&controller=../../../../../../../../../../../../../../../proc/self/environ%00 HTTP/1.1" 404 301 "-" "libwww-perl/5.810"
74.52.6.194 - - [28/Jul/2010:17:52:40 +0200] "GET /index2.php?option=com_ckforms&controller=../../../../../../../../../../../../../../../proc/self/environ%00 HTTP/1.1" 404 296 "-" "libwww-perl/5.810"
188.165.217.175 - - [28/Jul/2010:17:52:49 +0200] "GET /index2.php?option=com_ckforms&controller=../../../../../../../../../../../../../../../proc/self/environ%00 HTTP/1.1" 404 296 "-" "libwww-perl/5.803"
91.121.141.186 - - [28/Jul/2010:17:52:50 +0200] "GET /index2.php?option=com_ckforms&controller=../../../../../../../../../../../../../../../proc/self/environ%00 HTTP/1.1" 404 296 "-" "libwww-perl/5.803"
91.121.141.186 - - [28/Jul/2010:17:52:56 +0200] "GET /index2.php?option=com_ckforms&controller=../../../../../../../../../../../../../../../proc/self/environ%00 HTTP/1.1" 404 296 "-" "libwww-perl/5.803"
74.52.6.194 - - [28/Jul/2010:17:53:02 +0200] "GET /index2.php?option=com_ckforms&controller=../../../../../../../../../../../../../../../proc/self/environ%00 HTTP/1.1" 404 296 "-" "libwww-perl/5.810"
188.165.217.175 - - [28/Jul/2010:17:53:06 +0200] "GET /index2.php?option=com_ckforms&controller=../../../../../../../../../../../../../../../proc/self/environ%00 HTTP/1.1" 404 296 "-" "libwww-perl/5.803"
188.165.217.175 - - [28/Jul/2010:17:53:15 +0200] "GET /logs/index2.php?option=com_ckforms&controller=../../../../../../../../../../../../../../../proc/self/environ%00 HTTP/1.1" 404 301 "-" "libwww-perl/5.803"
188.165.217.175 - - [28/Jul/2010:17:53:16 +0200] "GET /index2.php?option=com_ckforms&controller=../../../../../../../../../../../../../../../proc/self/environ%00 HTTP/1.1" 404 296 "-" "libwww-perl/5.803"
91.121.141.186 - - [28/Jul/2010:17:53:24 +0200] "GET /logs/index2.php?option=com_ckforms&controller=../../../../../../../../../../../../../../../proc/self/environ%00 HTTP/1.1" 404 301 "-" "libwww-perl/5.803"
91.121.141.186 - - [28/Jul/2010:17:53:24 +0200] "GET /index2.php?option=com_ckforms&controller=../../../../../../../../../../../../../../../proc/self/environ%00 HTTP/1.1" 404 296 "-" "libwww-perl/5.803"
74.52.6.194 - - [28/Jul/2010:17:54:40 +0200] "GET /logs/access_log/index2.php?option=com_ckforms&controller=../../../../../../../../../../../../../../../proc/self/environ%00 HTTP/1.1" 404 312 "-" "libwww-perl/5.810"
74.52.6.194 - - [28/Jul/2010:17:54:40 +0200] "GET /index2.php?option=com_ckforms&controller=../../../../../../../../../../../../../../../proc/self/environ%00 HTTP/1.1" 404 296 "-" "libwww-perl/5.810"
74.52.6.194 - - [28/Jul/2010:17:54:40 +0200] "GET /logs/index2.php?option=com_ckforms&controller=../../../../../../../../../../../../../../../proc/self/environ%00 HTTP/1.1" 404 301 "-" "libwww-perl/5.810"
91.121.141.186 - - [28/Jul/2010:17:54:52 +0200] "GET /logs/access_log/index2.php?option=com_ckforms&controller=../../../../../../../../../../../../../../../proc/self/environ%00 HTTP/1.1" 404 312 "-" "libwww-perl/5.803"
91.121.141.186 - - [28/Jul/2010:17:54:53 +0200] "GET /index2.php?option=com_ckforms&controller=../../../../../../../../../../../../../../../proc/self/environ%00 HTTP/1.1" 404 296 "-" "libwww-perl/5.803"
91.121.141.186 - - [28/Jul/2010:17:54:53 +0200] "GET /logs/index2.php?option=com_ckforms&controller=../../../../../../../../../../../../../../../proc/self/environ%00 HTTP/1.1" 404 301 "-" "libwww-perl/5.803"
91.121.141.186 - - [28/Jul/2010:17:55:03 +0200] "GET /index2.php?option=com_ckforms&controller=../../../../../../../../../../../../../../../proc/self/environ%00 HTTP/1.1" 404 296 "-" "libwww-perl/5.803"
188.165.217.175 - - [28/Jul/2010:17:55:03 +0200] "GET /index2.php?option=com_ckforms&controller=../../../../../../../../../../../../../../../proc/self/environ%00 HTTP/1.1" 404 296 "-" "libwww-perl/5.803"
91.121.141.186 - - [28/Jul/2010:17:55:15 +0200] "GET /logs/access_log/index2.php?option=com_ckforms&controller=../../../../../../../../../../../../../../../proc/self/environ%00 HTTP/1.1" 404 312 "-" "libwww-perl/5.803"
91.121.141.186 - - [28/Jul/2010:17:55:15 +0200] "GET /index2.php?option=com_ckforms&controller=../../../../../../../../../../../../../../../proc/self/environ%00 HTTP/1.1" 404 296 "-" "libwww-perl/5.803"
91.121.141.186 - - [28/Jul/2010:17:55:15 +0200] "GET /logs/index2.php?option=com_ckforms&controller=../../../../../../../../../../../../../../../proc/self/environ%00 HTTP/1.1" 404 301 "-" "libwww-perl/5.803"
74.52.6.194 - - [28/Jul/2010:17:55:43 +0200] "GET /index2.php?option=com_ckforms&controller=../../../../../../../../../../../../../../../proc/self/environ%00 HTTP/1.1" 404 296 "-" "libwww-perl/5.810"
188.165.217.175 - - [28/Jul/2010:18:02:05 +0200] "GET /logs/access_log/index2.php?option=com_ckforms&controller=../../../../../../../../../../../../../../../proc/self/environ%00 HTTP/1.1" 404 312 "-" "libwww-perl/5.803"
188.165.217.175 - - [28/Jul/2010:18:02:05 +0200] "GET /index2.php?option=com_ckforms&controller=../../../../../../../../../../../../../../../proc/self/environ%00 HTTP/1.1" 404 296 "-" "libwww-perl/5.803"
188.165.217.175 - - [28/Jul/2010:18:02:05 +0200] "GET /logs/index2.php?option=com_ckforms&controller=../../../../../../../../../../../../../../../proc/self/environ%00 HTTP/1.1" 404 301 "-" "libwww-perl/5.803"
188.165.217.175 - - [28/Jul/2010:18:03:44 +0200] "GET /logs/access_log/index2.php?option=com_ckforms&controller=../../../../../../../../../../../../../../../proc/self/environ%00 HTTP/1.1" 404 312 "-" "libwww-perl/5.803"
188.165.217.175 - - [28/Jul/2010:18:03:44 +0200] "GET /index2.php?option=com_ckforms&controller=../../../../../../../../../../../../../../../proc/self/environ%00 HTTP/1.1" 404 296 "-" "libwww-perl/5.803"
188.165.217.175 - - [28/Jul/2010:18:03:44 +0200] "GET /logs/index2.php?option=com_ckforms&controller=../../../../../../../../../../../../../../../proc/self/environ%00 HTTP/1.1" 404 301 "-" "libwww-perl/5.803"
82.49.187.91 - - [28/Jul/2010:18:05:46 +0200] "GET / HTTP/1.1" 200 559 "http://louisiana.comites-it.org/" "Mozilla/5.0 (Windows; U; Windows NT 5.1; it; rv:1.9.2.8) Gecko/20100722 Firefox/3.6.8 ( .NET CLR 3.5.30729)"
82.49.187.91 - - [28/Jul/2010:18:05:46 +0200] "GET /icons/blank.gif HTTP/1.1" 200 148 "http://newark.comites-it.org/" "Mozilla/5.0 (Windows; U; Windows NT 5.1; it; rv:1.9.2.8) Gecko/20100722 Firefox/3.6.8 ( .NET CLR 3.5.30729)"
82.49.187.91 - - [28/Jul/2010:18:05:46 +0200] "GET /icons/folder.gif HTTP/1.1" 200 225 "http://newark.comites-it.org/" "Mozilla/5.0 (Windows; U; Windows NT 5.1; it; rv:1.9.2.8) Gecko/20100722 Firefox/3.6.8 ( .NET CLR 3.5.30729)"
82.49.187.91 - - [28/Jul/2010:18:05:47 +0200] "GET /favicon.ico HTTP/1.1" 404 297 "-" "Mozilla/5.0 (Windows; U; Windows NT 5.1; it; rv:1.9.2.8) Gecko/20100722 Firefox/3.6.8 ( .NET CLR 3.5.3