66.249.71.29 - - [02/Jul/2005:09:17:05 +0200] "GET /logs/access_log HTTP/1.0" 200 99830 "-" "Googlebot/2.1 (+http://www.google.com/bot.html)"
66.249.71.67 - - [02/Jul/2005:09:55:03 +0200] "GET / HTTP/1.0" 200 644 "-" "Googlebot/2.1 (+http://www.google.com/bot.html)"
66.249.71.29 - - [02/Jul/2005:11:18:31 +0200] "GET /logs/error_log HTTP/1.0" 200 28565 "-" "Googlebot/2.1 (+http://www.google.com/bot.html)"
207.46.98.140 - - [02/Jul/2005:20:30:55 +0200] "GET /robots.txt HTTP/1.0" 404 282 "-" "msnbot/1.0 (+http://search.msn.com/msnbot.htm)"
207.46.98.140 - - [02/Jul/2005:20:30:55 +0200] "GET / HTTP/1.0" 200 644 "-" "msnbot/1.0 (+http://search.msn.com/msnbot.htm)"
207.46.98.140 - - [03/Jul/2005:01:49:24 +0200] "GET /robots.txt HTTP/1.0" 404 282 "-" "msnbot/1.0 (+http://search.msn.com/msnbot.htm)"
207.46.98.140 - - [03/Jul/2005:01:49:24 +0200] "GET / HTTP/1.0" 200 644 "-" "msnbot/1.0 (+http://search.msn.com/msnbot.htm)"
207.46.98.140 - - [03/Jul/2005:07:10:04 +0200] "GET /robots.txt HTTP/1.0" 404 282 "-" "msnbot/1.0 (+http://search.msn.com/msnbot.htm)"
207.46.98.140 - - [03/Jul/2005:07:10:05 +0200] "GET / HTTP/1.0" 200 644 "-" "msnbot/1.0 (+http://search.msn.com/msnbot.htm)"
207.46.98.140 - - [03/Jul/2005:12:45:21 +0200] "GET /robots.txt HTTP/1.0" 404 282 "-" "msnbot/1.0 (+http://search.msn.com/msnbot.htm)"
207.46.98.140 - - [03/Jul/2005:12:45:22 +0200] "GET / HTTP/1.0" 200 644 "-" "msnbot/1.0 (+http://search.msn.com/msnbot.htm)"
207.46.98.140 - - [03/Jul/2005:18:08:13 +0200] "GET /robots.txt HTTP/1.0" 404 282 "-" "msnbot/1.0 (+http://search.msn.com/msnbot.htm)"
207.46.98.140 - - [03/Jul/2005:18:08:13 +0200] "GET / HTTP/1.0" 200 644 "-" "msnbot/1.0 (+http://search.msn.com/msnbot.htm)"
80.87.82.87 - - [04/Jul/2005:20:19:34 +0200] "GET / HTTP/1.1" 200 656 "http://www.comites-it.org/" "Mozilla/4.0 (compatible; MSIE 6.0; Windows NT 5.1; {75AC2BFC-162B-44F7-4323-DC0E0CC7827A})"
80.87.82.87 - - [04/Jul/2005:20:26:00 +0200] "GET /?N=D HTTP/1.1" 200 656 "http://newark.comites-it.org/" "Mozilla/4.0 (compatible; MSIE 6.0; Windows NT 5.1; {75AC2BFC-162B-44F7-4323-DC0E0CC7827A})"
80.87.82.87 - - [04/Jul/2005:20:26:01 +0200] "GET /?M=A HTTP/1.1" 200 656 "http://newark.comites-it.org/" "Mozilla/4.0 (compatible; MSIE 6.0; Windows NT 5.1; {75AC2BFC-162B-44F7-4323-DC0E0CC7827A})"
80.87.82.87 - - [04/Jul/2005:20:26:01 +0200] "GET /?S=A HTTP/1.1" 200 656 "http://newark.comites-it.org/" "Mozilla/4.0 (compatible; MSIE 6.0; Windows NT 5.1; {75AC2BFC-162B-44F7-4323-DC0E0CC7827A})"
80.87.82.87 - - [04/Jul/2005:20:26:02 +0200] "GET /?D=A HTTP/1.1" 200 656 "http://newark.comites-it.org/" "Mozilla/4.0 (compatible; MSIE 6.0; Windows NT 5.1; {75AC2BFC-162B-44F7-4323-DC0E0CC7827A})"
80.87.82.87 - - [04/Jul/2005:20:26:03 +0200] "GET /logs/ HTTP/1.1" 200 788 "http://newark.comites-it.org/" "Mozilla/4.0 (compatible; MSIE 6.0; Windows NT 5.1; {75AC2BFC-162B-44F7-4323-DC0E0CC7827A})"
207.46.98.140 - - [04/Jul/2005:23:11:08 +0200] "GET /robots.txt HTTP/1.0" 404 282 "-" "msnbot/1.0 (+http://search.msn.com/msnbot.htm)"
207.46.98.140 - - [04/Jul/2005:23:11:08 +0200] "GET / HTTP/1.0" 200 644 "-" "msnbot/1.0 (+http://search.msn.com/msnbot.htm)"
207.46.98.140 - - [05/Jul/2005:04:18:38 +0200] "GET /robots.txt HTTP/1.0" 404 282 "-" "msnbot/1.0 (+http://search.msn.com/msnbot.htm)"
207.46.98.140 - - [05/Jul/2005:04:18:38 +0200] "GET / HTTP/1.0" 200 644 "-" "msnbot/1.0 (+http://search.msn.com/msnbot.htm)"
207.46.98.140 - - [05/Jul/2005:09:21:43 +0200] "GET /robots.txt HTTP/1.0" 404 282 "-" "msnbot/1.0 (+http://search.msn.com/msnbot.htm)"
207.46.98.140 - - [05/Jul/2005:09:21:43 +0200] "GET / HTTP/1.0" 200 644 "-" "msnbot/1.0 (+http://search.msn.com/msnbot.htm)"
207.46.98.140 - - [05/Jul/2005:14:53:22 +0200] "GET /robots.txt HTTP/1.0" 404 282 "-" "msnbot/1.0 (+http://search.msn.com/msnbot.htm)"
207.46.98.140 - - [05/Jul/2005:14:53:22 +0200] "GET / HTTP/1.0" 200 644 "-" "msnbot/1.0 (+http://search.msn.com/msnbot.htm)"
207.46.98.140 - - [06/Jul/2005:03:42:20 +0200] "GET /robots.txt HTTP/1.0" 404 282 "-" "msnbot/1.0 (+http://search.msn.com/msnbot.htm)"
207.46.98.140 - - [06/Jul/2005:03:42:21 +0200] "GET / HTTP/1.0" 200 644 "-" "msnbot/1.0 (+http://search.msn.com/msnbot.htm)"
207.46.98.140 - - [06/Jul/2005:09:05:31 +0200] "GET /robots.txt HTTP/1.0" 404 282 "-" "msnbot/1.0 (+http://search.msn.com/msnbot.htm)"
207.46.98.140 - - [06/Jul/2005:09:05:31 +0200] "GET / HTTP/1.0" 200 644 "-" "msnbot/1.0 (+http://search.msn.com/msnbot.htm)"
207.46.98.140 - - [06/Jul/2005:13:17:04 +0200] "GET /robots.txt HTTP/1.0" 404 282 "-" "msnbot/1.0 (+http://search.msn.com/msnbot.htm)"
207.46.98.140 - - [06/Jul/2005:13:17:04 +0200] "GET / HTTP/1.0" 200 644 "-" "msnbot/1.0 (+http://search.msn.com/msnbot.htm)"
207.46.98.140 - - [06/Jul/2005:18:33:48 +0200] "GET /robots.txt HTTP/1.0" 404 282 "-" "msnbot/1.0 (+http://search.msn.com/msnbot.htm)"
207.46.98.140 - - [06/Jul/2005:18:33:48 +0200] "GET / HTTP/1.0" 200 644 "-" "msnbot/1.0 (+http://search.msn.com/msnbot.htm)"
212.216.210.18 - - [06/Jul/2005:18:47:42 +0200] "GET / HTTP/1.1" 200 656 "http://www.comites-it.org/8.htm" "Mozilla/4.0 (compatible; MSIE 6.0; Windows NT 5.1)"
212.216.210.18 - - [06/Jul/2005:18:47:42 +0200] "GET /icons/back.gif HTTP/1.1" 200 216 "http://newark.comites-it.org/" "Mozilla/4.0 (compatible; MSIE 6.0; Windows NT 5.1)"
212.216.210.18 - - [06/Jul/2005:18:47:43 +0200] "GET /icons/blank.gif HTTP/1.1" 200 148 "http://newark.comites-it.org/" "Mozilla/4.0 (compatible; MSIE 6.0; Windows NT 5.1)"
212.216.210.18 - - [06/Jul/2005:18:47:43 +0200] "GET /icons/folder.gif HTTP/1.1" 200 225 "http://newark.comites-it.org/" "Mozilla/4.0 (compatible; MSIE 6.0; Windows NT 5.1)"
207.46.98.140 - - [07/Jul/2005:01:10:34 +0200] "GET /robots.txt HTTP/1.0" 404 282 "-" "msnbot/1.0 (+http://search.msn.com/msnbot.htm)"
207.46.98.140 - - [07/Jul/2005:01:10:34 +0200] "GET / HTTP/1.0" 200 644 "-" "msnbot/1.0 (+http://search.msn.com/msnbot.htm)"
207.46.98.140 - - [07/Jul/2005:05:55:46 +0200] "GET /robots.txt HTTP/1.0" 404 282 "-" "msnbot/1.0 (+http://search.msn.com/msnbot.htm)"
207.46.98.140 - - [07/Jul/2005:05:55:46 +0200] "GET / HTTP/1.0" 200 644 "-" "msnbot/1.0 (+http://search.msn.com/msnbot.htm)"
207.46.98.140 - - [07/Jul/2005:09:16:14 +0200] "GET / HTTP/1.0" 200 644 "-" "msnbot/1.0 (+http://search.msn.com/msnbot.htm)"
207.46.98.140 - - [07/Jul/2005:14:40:15 +0200] "GET /robots.txt HTTP/1.0" 404 282 "-" "msnbot/1.0 (+http://search.msn.com/msnbot.htm)"
207.46.98.140 - - [07/Jul/2005:14:40:15 +0200] "GET / HTTP/1.0" 200 644 "-" "msnbot/1.0 (+http://search.msn.com/msnbot.htm)"
141.20.35.71 - - [08/Jul/2005:08:28:32 +0200] "GET /robots.txt HTTP/1.0" 404 282 "-" "NutchCVS/0.06-dev (Nutch; http://www.nutch.org/docs/en/bot.html; nutch-agent@lists.sourceforge.net)"
141.20.35.71 - - [08/Jul/2005:08:28:32 +0200] "GET / HTTP/1.0" 200 644 "-" "NutchCVS/0.06-dev (Nutch; http://www.nutch.org/docs/en/bot.html; nutch-agent@lists.sourceforge.net)"
146.133.13.35 - - [08/Jul/2005:17:07:52 +0200] "GET / HTTP/1.0" 200 644 "http://www.comites-it.org/" "Mozilla/4.0 (compatible; MSIE 6.0; Windows NT 5.1)"
146.133.13.35 - - [08/Jul/2005:17:07:53 +0200] "GET /icons/blank.gif HTTP/1.0" 200 148 "http://newark.comites-it.org/" "Mozilla/4.0 (compatible; MSIE 6.0; Windows NT 5.1)"
146.133.13.35 - - [08/Jul/2005:17:07:53 +0200] "GET /icons/back.gif HTTP/1.0" 200 216 "http://newark.comites-it.org/" "Mozilla/4.0 (compatible; MSIE 6.0; Windows NT 5.1)"
146.133.13.35 - - [08/Jul/2005:17:07:53 +0200] "GET /icons/folder.gif HTTP/1.0" 200 225 "http://newark.comites-it.org/" "Mozilla/4.0 (compatible; MSIE 6.0; Windows NT 5.1)"
207.46.98.140 - - [11/Jul/2005:06:15:52 +0200] "GET /robots.txt HTTP/1.0" 404 282 "-" "msnbot/1.0 (+http://search.msn.com/msnbot.htm)"
207.46.98.140 - - [11/Jul/2005:06:15:52 +0200] "GET / HTTP/1.0" 200 644 "-" "msnbot/1.0 (+http://search.msn.com/msnbot.htm)"
207.46.98.140 - - [11/Jul/2005:12:08:24 +0200] "GET /robots.txt HTTP/1.0" 404 282 "-" "msnbot/1.0 (+http://search.msn.com/msnbot.htm)"
207.46.98.140 - - [11/Jul/2005:12:08:24 +0200] "GET / HTTP/1.0" 200 644 "-" "msnbot/1.0 (+http://search.msn.com/msnbot.htm)"
207.46.98.140 - - [11/Jul/2005:17:28:18 +0200] "GET / HTTP/1.0" 200 644 "-" "msnbot/1.0 (+http://search.msn.com/msnbot.htm)"
207.46.98.140 - - [11/Jul/2005:22:30:53 +0200] "GET /robots.txt HTTP/1.0" 404 282 "-" "msnbot/1.0 (+http://search.msn.com/msnbot.htm)"
207.46.98.140 - - [11/Jul/2005:22:30:53 +0200] "GET / HTTP/1.0" 200 644 "-" "msnbot/1.0 (+http://search.msn.com/msnbot.htm)"
207.46.98.140 - - [12/Jul/2005:03:59:05 +0200] "GET /robots.txt HTTP/1.0" 404 282 "-" "msnbot/1.0 (+http://search.msn.com/msnbot.htm)"
207.46.98.140 - - [12/Jul/2005:03:59:06 +0200] "GET / HTTP/1.0" 200 644 "-" "msnbot/1.0 (+http://search.msn.com/msnbot.htm)"
82.90.127.105 - - [12/Jul/2005:19:36:48 +0200] "GET / HTTP/1.1" 200 656 "http://www.comites-it.org/" "Mozilla/4.0 (compatible; MSIE 6.0; Windows NT 5.1; fccrt1.0; SV1; .NET CLR 1.1.4322)"
82.90.127.105 - - [12/Jul/2005:19:36:48 +0200] "GET /icons/blank.gif HTTP/1.1" 200 148 "http://newark.comites-it.org/" "Mozilla/4.0 (compatible; MSIE 6.0; Windows NT 5.1; fccrt1.0; SV1; .NET CLR 1.1.4322)"
82.90.127.105 - - [12/Jul/2005:19:36:49 +0200] "GET /icons/back.gif HTTP/1.1" 200 216 "http://newark.comites-it.org/" "Mozilla/4.0 (compatible; MSIE 6.0; Windows NT 5.1; fccrt1.0; SV1; .NET CLR 1.1.4322)"
82.90.127.105 - - [12/Jul/2005:19:36:49 +0200] "GET /icons/folder.gif HTTP/1.1" 200 225 "http://newark.comites-it.org/" "Mozilla/4.0 (compatible; MSIE 6.0; Windows NT 5.1; fccrt1.0; SV1; .NET CLR 1.1.4322)"
207.46.98.140 - - [12/Jul/2005:22:30:39 +0200] "GET /robots.txt HTTP/1.0" 404 282 "-" "msnbot/1.0 (+http://search.msn.com/msnbot.htm)"
207.46.98.140 - - [12/Jul/2005:22:30:39 +0200] "GET / HTTP/1.0" 200 644 "-" "msnbot/1.0 (+http://search.msn.com/msnbot.htm)"
207.46.98.140 - - [13/Jul/2005:03:57:57 +0200] "GET /robots.txt HTTP/1.0" 404 282 "-" "msnbot/1.0 (+http://search.msn.com/msnbot.htm)"
207.46.98.140 - - [13/Jul/2005:03:57:58 +0200] "GET / HTTP/1.0" 200 644 "-" "msnbot/1.0 (+http://search.msn.com/msnbot.htm)"
207.46.98.140 - - [13/Jul/2005:08:46:31 +0200] "GET /robots.txt HTTP/1.0" 404 282 "-" "msnbot/1.0 (+http://search.msn.com/msnbot.htm)"
207.46.98.140 - - [13/Jul/2005:08:46:31 +0200] "GET / HTTP/1.0" 200 644 "-" "msnbot/1.0 (+http://search.msn.com/msnbot.htm)"
207.46.98.140 - - [13/Jul/2005:14:04:46 +0200] "GET /robots.txt HTTP/1.0" 404 282 "-" "msnbot/1.0 (+http://search.msn.com/msnbot.htm)"
207.46.98.140 - - [13/Jul/2005:14:04:46 +0200] "GET / HTTP/1.0" 200 644 "-" "msnbot/1.0 (+http://search.msn.com/msnbot.htm)"
66.249.64.37 - - [13/Jul/2005:18:20:15 +0200] "GET /robots.txt HTTP/1.0" 404 282 "-" "Googlebot/2.1 (+http://www.google.com/bot.html)"
66.249.64.37 - - [13/Jul/2005:18:20:16 +0200] "GET /logs/error_log HTTP/1.0" 200 31943 "-" "Googlebot/2.1 (+http://www.google.com/bot.html)"
66.249.71.70 - - [13/Jul/2005:18:21:12 +0200] "GET / HTTP/1.0" 200 644 "-" "Googlebot/2.1 (+http://www.google.com/bot.html)"
66.249.64.28 - - [13/Jul/2005:18:51:36 +0200] "GET /logs/ HTTP/1.0" 200 776 "-" "Googlebot/2.1 (+http://www.google.com/bot.html)"
66.249.71.70 - - [13/Jul/2005:18:52:48 +0200] "GET /logs/access_log HTTP/1.0" 200 110966 "-" "Googlebot/2.1 (+http://www.google.com/bot.html)"
207.46.98.140 - - [13/Jul/2005:19:38:24 +0200] "GET /robots.txt HTTP/1.0" 404 282 "-" "msnbot/1.0 (+http://search.msn.com/msnbot.htm)"
207.46.98.140 - - [13/Jul/2005:19:38:24 +0200] "GET / HTTP/1.0" 200 644 "-" "msnbot/1.0 (+http://search.msn.com/msnbot.htm)"
207.46.98.140 - - [14/Jul/2005:00:53:10 +0200] "GET /robots.txt HTTP/1.0" 404 282 "-" "msnbot/1.0 (+http://search.msn.com/msnbot.htm)"
207.46.98.140 - - [14/Jul/2005:00:53:11 +0200] "GET / HTTP/1.0" 200 644 "-" "msnbot/1.0 (+http://search.msn.com/msnbot.htm)"
207.46.98.140 - - [14/Jul/2005:15:29:07 +0200] "GET /robots.txt HTTP/1.0" 404 282 "-" "msnbot/1.0 (+http://search.msn.com/msnbot.htm)"
207.46.98.140 - - [14/Jul/2005:15:29:08 +0200] "GET / HTTP/1.0" 200 644 "-" "msnbot/1.0 (+http://search.msn.com/msnbot.htm)"
207.46.98.140 - - [14/Jul/2005:23:09:43 +0200] "GET /robots.txt HTTP/1.0" 404 282 "-" "msnbot/1.0 (+http://search.msn.com/msnbot.htm)"
207.46.98.140 - - [14/Jul/2005:23:09:44 +0200] "GET / HTTP/1.0" 200 644 "-" "msnbot/1.0 (+http://search.msn.com/msnbot.htm)"
207.46.98.140 - - [15/Jul/2005:04:26:18 +0200] "GET /robots.txt HTTP/1.0" 404 282 "-" "msnbot/1.0 (+http://search.msn.com/msnbot.htm)"
207.46.98.140 - - [15/Jul/2005:04:26:18 +0200] "GET / HTTP/1.0" 200 644 "-" "msnbot/1.0 (+http://search.msn.com/msnbot.htm)"
207.46.98.140 - - [15/Jul/2005:09:55:43 +0200] "GET /robots.txt HTTP/1.0" 404 282 "-" "msnbot/1.0 (+http://search.msn.com/msnbot.htm)"
207.46.98.140 - - [15/Jul/2005:09:55:43 +0200] "GET / HTTP/1.0" 200 644 "-" "msnbot/1.0 (+http://search.msn.com/msnbot.htm)"
207.46.98.140 - - [15/Jul/2005:14:29:49 +0200] "GET /robots.txt HTTP/1.0" 404 282 "-" "msnbot/1.0 (+http://search.msn.com/msnbot.htm)"
207.46.98.140 - - [15/Jul/2005:14:29:49 +0200] "GET / HTTP/1.0" 200 644 "-" "msnbot/1.0 (+http://search.msn.com/msnbot.htm)"
217.212.224.141 - - [15/Jul/2005:17:22:57 +0200] "GET /robots.txt HTTP/1.0" 404 282 "-" "psbot/0.1 (+http://www.picsearch.com/bot.html)"
217.212.224.143 - - [15/Jul/2005:17:22:58 +0200] "GET / HTTP/1.0" 200 644 "-" "psbot/0.1 (+http://www.picsearch.com/bot.html)"
217.212.224.143 - - [15/Jul/2005:17:33:54 +0200] "GET /logs/ HTTP/1.0" 200 776 "-" "psbot/0.1 (+http://www.picsearch.com/bot.html)"
217.212.224.144 - - [15/Jul/2005:17:55:12 +0200] "GET /logs/access_log HTTP/1.0" 200 113325 "-" "psbot/0.1 (+http://www.picsearch.com/bot.html)"
217.212.224.143 - - [15/Jul/2005:17:59:26 +0200] "GET /logs/error_log HTTP/1.0" 200 32985 "-" "psbot/0.1 (+http://www.picsearch.com/bot.html)"
64.242.88.50 - - [15/Jul/2005:20:32:11 +0200] "GET /robots.txt HTTP/1.1" 404 294 "-" "Mozilla/4.0 compatible ZyBorg/1.0 Dead Link Checker (wn.dlc@looksmart.net; http://www.WISEnutbot.com)"
195.190.185.31 - - [16/Jul/2005:00:17:15 +0200] "GET /robots.txt HTTP/1.1" 404 294 "-" "Mozilla/4.0 (compatible; MSIE 6.0; Windows NT 5.1; .NET CLR 1.0.3705; .NET CLR 1.1.4322; MSIECrawler)"
207.46.98.141 - - [16/Jul/2005:04:55:03 +0200] "GET /robots.txt HTTP/1.0" 404 282 "-" "msnbot/1.0 (+http://search.msn.com/msnbot.htm)"
207.46.98.141 - - [16/Jul/2005:04:55:03 +0200] "GET / HTTP/1.0" 200 644 "-" "msnbot/1.0 (+http://search.msn.com/msnbot.htm)"
64.242.88.50 - - [16/Jul/2005:09:13:54 +0200] "GET /logs/ HTTP/1.1" 200 788 "-" "Mozilla/4.0 compatible ZyBorg/1.0 Dead Link Checker (wn.dlc@looksmart.net; http://www.WISEnutbot.com)"
207.46.98.141 - - [16/Jul/2005:11:02:44 +0200] "GET /robots.txt HTTP/1.0" 404 282 "-" "msnbot/1.0 (+http://search.msn.com/msnbot.htm)"
207.46.98.141 - - [16/Jul/2005:11:02:44 +0200] "GET / HTTP/1.0" 200 644 "-" "msnbot/1.0 (+http://search.msn.com/msnbot.htm)"
64.242.88.50 - - [16/Jul/2005:11:03:21 +0200] "GET /?D=A HTTP/1.1" 200 656 "-" "Mozilla/4.0 compatible ZyBorg/1.0 Dead Link Checker (wn.dlc@looksmart.net; http://www.WISEnutbot.com)"
66.249.66.20 - - [16/Jul/2005:11:21:59 +0200] "GET /robots.txt HTTP/1.1" 404 294 "-" "Mozilla/5.0 (compatible; Googlebot/2.1; +http://www.google.com/bot.html)"
66.249.66.20 - - [16/Jul/2005:11:22:00 +0200] "GET / HTTP/1.1" 200 656 "-" "Mozilla/5.0 (compatible; Googlebot/2.1; +http://www.google.com/bot.html)"
68.74.159.30 - - [16/Jul/2005:15:21:56 +0200] "GET / HTTP/1.1" 200 656 "http://www.comites-it.org/" "Mozilla/4.0 (compatible; MSIE 6.0; Windows NT 5.1; SV1; FunWebProducts; YPC 3.2.0; .NET CLR 1.1.4322)"
68.74.159.30 - - [16/Jul/2005:15:21:56 +0200] "GET /icons/blank.gif HTTP/1.1" 200 148 "http://newark.comites-it.org/" "Mozilla/4.0 (compatible; MSIE 6.0; Windows NT 5.1; SV1; FunWebProducts; YPC 3.2.0; .NET CLR 1.1.4322)"
68.74.159.30 - - [16/Jul/2005:15:21:57 +0200] "GET /icons/folder.gif HTTP/1.1" 200 225 "http://newark.comites-it.org/" "Mozilla/4.0 (compatible; MSIE 6.0; Windows NT 5.1; SV1; FunWebProducts; YPC 3.2.0; .NET CLR 1.1.4322)"
68.74.159.30 - - [16/Jul/2005:15:21:57 +0200] "GET /icons/back.gif HTTP/1.1" 200 216 "http://newark.comites-it.org/" "Mozilla/4.0 (compatible; MSIE 6.0; Windows NT 5.1; SV1; FunWebProducts; YPC 3.2.0; .NET CLR 1.1.4322)"
64.242.88.50 - - [16/Jul/2005:16:11:42 +0200] "GET /?N=D HTTP/1.1" 200 656 "-" "Mozilla/4.0 compatible ZyBorg/1.0 Dead Link Checker (wn.dlc@looksmart.net; http://www.WISEnutbot.com)"
207.46.98.141 - - [16/Jul/2005:16:35:26 +0200] "GET /robots.txt HTTP/1.0" 404 282 "-" "msnbot/1.0 (+http://search.msn.com/msnbot.htm)"
207.46.98.141 - - [16/Jul/2005:16:35:27 +0200] "GET / HTTP/1.0" 200 644 "-" "msnbot/1.0 (+http://search.msn.com/msnbot.htm)"
68.74.159.30 - - [16/Jul/2005:17:32:44 +0200] "GET / HTTP/1.1" 200 656 "http://louisiana.comites-it.org/comites.htm" "Mozilla/4.0 (compatible; MSIE 6.0; Windows NT 5.1; SV1; FunWebProducts; YPC 3.2.0; .NET CLR 1.1.4322)"
68.74.159.30 - - [16/Jul/2005:17:32:44 +0200] "GET /icons/blank.gif HTTP/1.1" 304 - "http://newark.comites-it.org/" "Mozilla/4.0 (compatible; MSIE 6.0; Windows NT 5.1; SV1; FunWebProducts; YPC 3.2.0; .NET CLR 1.1.4322)"
68.74.159.30 - - [16/Jul/2005:17:32:44 +0200] "GET /icons/folder.gif HTTP/1.1" 304 - "http://newark.comites-it.org/" "Mozilla/4.0 (compatible; MSIE 6.0; Windows NT 5.1; SV1; FunWebProducts; YPC 3.2.0; .NET CLR 1.1.4322)"
68.74.159.30 - - [16/Jul/2005:17:32:44 +0200] "GET /icons/back.gif HTTP/1.1" 304 - "http://newark.comites-it.org/" "Mozilla/4.0 (compatible; MSIE 6.0; Windows NT 5.1; SV1; FunWebProducts; YPC 3.2.0; .NET CLR 1.1.4322)"
207.46.98.141 - - [16/Jul/2005:21:40:00 +0200] "GET /robots.txt HTTP/1.0" 404 282 "-" "msnbot/1.0 (+http://search.msn.com/msnbot.htm)"
207.46.98.141 - - [16/Jul/2005:21:40:00 +0200] "GET / HTTP/1.0" 200 644 "-" "msnbot/1.0 (+http://search.msn.com/msnbot.htm)"
207.46.98.141 - - [17/Jul/2005:02:54:49 +0200] "GET /robots.txt HTTP/1.0" 404 282 "-" "msnbot/1.0 (+http://search.msn.com/msnbot.htm)"
207.46.98.141 - - [17/Jul/2005:02:54:50 +0200] "GET / HTTP/1.0" 200 644 "-" "msnbot/1.0 (+http://search.msn.com/msnbot.htm)"
64.242.88.50 - - [17/Jul/2005:07:39:50 +0200] "GET / HTTP/1.1" 200 656 "-" "Mozilla/4.0 compatible ZyBorg/1.0 Dead Link Checker (wn.dlc@looksmart.net; http://www.WISEnutbot.com)"
64.242.88.50 - - [17/Jul/2005:10:55:52 +0200] "GET /?M=A HTTP/1.1" 200 656 "-" "Mozilla/4.0 compatible ZyBorg/1.0 Dead Link Checker (wn.dlc@looksmart.net; http://www.WISEnutbot.com)"
207.46.98.141 - - [17/Jul/2005:13:06:17 +0200] "GET /robots.txt HTTP/1.0" 404 282 "-" "msnbot/1.0 (+http://search.msn.com/msnbot.htm)"
207.46.98.141 - - [17/Jul/2005:13:06:17 +0200] "GET / HTTP/1.0" 200 644 "-" "msnbot/1.0 (+http://search.msn.com/msnbot.htm)"
207.46.98.141 - - [17/Jul/2005:18:05:56 +0200] "GET /robots.txt HTTP/1.0" 404 282 "-" "msnbot/1.0 (+http://search.msn.com/msnbot.htm)"
207.46.98.141 - - [17/Jul/2005:18:05:57 +0200] "GET / HTTP/1.0" 200 644 "-" "msnbot/1.0 (+http://search.msn.com/msnbot.htm)"
207.46.98.141 - - [17/Jul/2005:23:29:09 +0200] "GET /robots.txt HTTP/1.0" 404 282 "-" "msnbot/1.0 (+http://search.msn.com/msnbot.htm)"
207.46.98.141 - - [17/Jul/2005:23:29:09 +0200] "GET / HTTP/1.0" 200 644 "-" "msnbot/1.0 (+http://search.msn.com/msnbot.htm)"
207.46.98.141 - - [18/Jul/2005:05:11:28 +0200] "GET /robots.txt HTTP/1.0" 404 282 "-" "msnbot/1.0 (+http://search.msn.com/msnbot.htm)"
207.46.98.141 - - [18/Jul/2005:05:11:28 +0200] "GET / HTTP/1.0" 200 644 "-" "msnbot/1.0 (+http://search.msn.com/msnbot.htm)"
207.46.98.141 - - [18/Jul/2005:10:58:20 +0200] "GET /robots.txt HTTP/1.0" 404 282 "-" "msnbot/1.0 (+http://search.msn.com/msnbot.htm)"
207.46.98.141 - - [18/Jul/2005:10:58:21 +0200] "GET / HTTP/1.0" 200 644 "-" "msnbot/1.0 (+http://search.msn.com/msnbot.htm)"
67.80.177.80 - - [18/Jul/2005:19:20:24 +0200] "GET / HTTP/1.1" 200 656 "http://www.comites-it.org/" "Mozilla/4.0 (compatible; MSIE 6.0; Windows NT 5.1; SV1)"
67.80.177.80 - - [18/Jul/2005:19:20:24 +0200] "GET /icons/blank.gif HTTP/1.1" 200 148 "http://newark.comites-it.org/" "Mozilla/4.0 (compatible; MSIE 6.0; Windows NT 5.1; SV1)"
67.80.177.80 - - [18/Jul/2005:19:20:25 +0200] "GET /icons/folder.gif HTTP/1.1" 200 225 "http://newark.comites-it.org/" "Mozilla/4.0 (compatible; MSIE 6.0; Windows NT 5.1; SV1)"
67.80.177.80 - - [18/Jul/2005:19:20:25 +0200] "GET /icons/back.gif HTTP/1.1" 200 216 "http://newark.comites-it.org/" "Mozilla/4.0 (compatible; MSIE 6.0; Windows NT 5.1; SV1)"
67.80.177.80 - - [18/Jul/2005:19:20:28 +0200] "GET / HTTP/1.1" 200 656 "http://newark.comites-it.org/" "Mozilla/4.0 (compatible; MSIE 6.0; Windows NT 5.1; SV1)"
67.80.177.80 - - [18/Jul/2005:19:20:30 +0200] "GET / HTTP/1.1" 200 656 "http://newark.comites-it.org/" "Mozilla/4.0 (compatible; MSIE 6.0; Windows NT 5.1; SV1)"
207.46.98.141 - - [19/Jul/2005:00:44:48 +0200] "GET /robots.txt HTTP/1.0" 404 282 "-" "msnbot/1.0 (+http://search.msn.com/msnbot.htm)"
207.46.98.141 - - [19/Jul/2005:00:44:48 +0200] "GET / HTTP/1.0" 200 644 "-" "msnbot/1.0 (+http://search.msn.com/msnbot.htm)"
207.46.98.141 - - [19/Jul/2005:08:52:53 +0200] "GET /robots.txt HTTP/1.0" 404 282 "-" "msnbot/1.0 (+http://search.msn.com/msnbot.htm)"
207.46.98.141 - - [19/Jul/2005:08:52:53 +0200] "GET / HTTP/1.0" 200 644 "-" "msnbot/1.0 (+http://search.msn.com/msnbot.htm)"
64.242.88.50 - - [19/Jul/2005:11:29:59 +0200] "GET /?S=A HTTP/1.1" 200 656 "-" "Mozilla/4.0 compatible ZyBorg/1.0 Dead Link Checker (wn.dlc@looksmart.net; http://www.WISEnutbot.com)"
207.46.98.141 - - [19/Jul/2005:14:05:55 +0200] "GET /robots.txt HTTP/1.0" 404 282 "-" "msnbot/1.0 (+http://search.msn.com/msnbot.htm)"
207.46.98.141 - - [19/Jul/2005:14:05:55 +0200] "GET / HTTP/1.0" 200 644 "-" "msnbot/1.0 (+http://search.msn.com/msnbot.htm)"
207.46.98.141 - - [19/Jul/2005:20:07:01 +0200] "GET /robots.txt HTTP/1.0" 404 282 "-" "msnbot/1.0 (+http://search.msn.com/msnbot.htm)"
207.46.98.141 - - [19/Jul/2005:20:07:02 +0200] "GET / HTTP/1.0" 200 644 "-" "msnbot/1.0 (+http://search.msn.com/msnbot.htm)"
70.28.87.200 - - [19/Jul/2005:22:36:38 +0200] "GET / HTTP/1.1" 200 656 "http://www.comites-it.org/" "Mozilla/4.0 (compatible; MSIE 6.0; Windows NT 5.1; SV1)"
70.28.87.200 - - [19/Jul/2005:22:36:38 +0200] "GET /icons/blank.gif HTTP/1.1" 200 148 "http://newark.comites-it.org/" "Mozilla/4.0 (compatible; MSIE 6.0; Windows NT 5.1; SV1)"
70.28.87.200 - - [19/Jul/2005:22:36:38 +0200] "GET /icons/back.gif HTTP/1.1" 200 216 "http://newark.comites-it.org/" "Mozilla/4.0 (compatible; MSIE 6.0; Windows NT 5.1; SV1)"
70.28.87.200 - - [19/Jul/2005:22:36:38 +0200] "GET /icons/folder.gif HTTP/1.1" 200 225 "http://newark.comites-it.org/" "Mozilla/4.0 (compatible; MSIE 6.0; Windows NT 5.1; SV1)"
207.46.98.141 - - [20/Jul/2005:01:42:13 +0200] "GET /robots.txt HTTP/1.0" 404 282 "-" "msnbot/1.0 (+http://search.msn.com/msnbot.htm)"
207.46.98.141 - - [20/Jul/2005:01:42:13 +0200] "GET / HTTP/1.0" 200 644 "-" "msnbot/1.0 (+http://search.msn.com/msnbot.htm)"
207.46.98.141 - - [20/Jul/2005:06:38:00 +0200] "GET /robots.txt HTTP/1.0" 404 282 "-" "msnbot/1.0 (+http://search.msn.com/msnbot.htm)"
207.46.98.141 - - [20/Jul/2005:06:38:00 +0200] "GET / HTTP/1.0" 200 644 "-" "msnbot/1.0 (+http://search.msn.com/msnbot.htm)"
207.46.98.141 - - [20/Jul/2005:11:47:40 +0200] "GET /robots.txt HTTP/1.0" 404 282 "-" "msnbot/1.0 (+http://search.msn.com/msnbot.htm)"
207.46.98.141 - - [20/Jul/2005:11:47:41 +0200] "GET / HTTP/1.0" 200 644 "-" "msnbot/1.0 (+http://search.msn.com/msnbot.htm)"
64.208.8.196 - - [20/Jul/2005:12:42:42 +0200] "GET /robots.txt HTTP/1.0" 404 282 "-" "Openfind data gatherer, Openbot/3.0+(robot-response@openfind.com.tw;+http://www.openfind.com.tw/robot.html)"
65.214.44.254 - - [20/Jul/2005:14:22:07 +0200] "GET /robots.txt HTTP/1.0" 404 282 "-" "Mozilla/2.0 (compatible; Ask Jeeves/Teoma; +http://sp.ask.com/docs/about/tech_crawling.html)"
65.214.44.254 - - [20/Jul/2005:14:22:12 +0200] "GET / HTTP/1.0" 200 644 "-" "Mozilla/2.0 (compatible; Ask Jeeves/Teoma; +http://sp.ask.com/docs/about/tech_crawling.html)"
64.242.88.50 - - [20/Jul/2005:14:44:37 +0200] "GET /logs/ HTTP/1.1" 200 788 "-" "Mozilla/4.0 compatible ZyBorg/1.0 Dead Link Checker (wn.dlc@looksmart.net; http://www.WISEnutbot.com)"
64.242.88.50 - - [20/Jul/2005:17:42:56 +0200] "GET /?D=A HTTP/1.1" 200 656 "-" "Mozilla/4.0 compatible ZyBorg/1.0 Dead Link Checker (wn.dlc@looksmart.net; http://www.WISEnutbot.com)"
64.208.8.196 - - [20/Jul/2005:18:56:15 +0200] "GET / HTTP/1.0" 200 644 "-" "Openfind data gatherer, Openbot/3.0+(robot-response@openfind.com.tw;+http://www.openfind.com.tw/robot.html)"
213.156.52.116 - - [20/Jul/2005:23:06:59 +0200] "GET /favicon.ico HTTP/1.1" 404 295 "-" "Avant Browser (http://www.avantbrowser.com)"
213.156.52.116 - - [20/Jul/2005:23:07:01 +0200] "GET / HTTP/1.1" 200 656 "http://www.comites-it.org/" "Mozilla/4.0 (compatible; MSIE 6.0; Windows NT 5.1; snprtz|dialno; .NET CLR 1.1.4322)"
213.156.52.116 - - [20/Jul/2005:23:07:01 +0200] "GET /icons/back.gif HTTP/1.1" 200 216 "http://newark.comites-it.org/" "Mozilla/4.0 (compatible; MSIE 6.0; Windows NT 5.1; snprtz|dialno; .NET CLR 1.1.4322)"
213.156.52.116 - - [20/Jul/2005:23:07:01 +0200] "GET /icons/blank.gif HTTP/1.1" 200 148 "http://newark.comites-it.org/" "Mozilla/4.0 (compatible; MSIE 6.0; Windows NT 5.1; snprtz|dialno; .NET CLR 1.1.4322)"
213.156.52.116 - - [20/Jul/2005:23:07:01 +0200] "GET /icons/folder.gif HTTP/1.1" 200 225 "http://newark.comites-it.org/" "Mozilla/4.0 (compatible; MSIE 6.0; Windows NT 5.1; snprtz|dialno; .NET CLR 1.1.4322)"
64.242.88.50 - - [20/Jul/2005:23:28:20 +0200] "GET /?N=D HTTP/1.1" 200 656 "-" "Mozilla/4.0 compatible ZyBorg/1.0 Dead Link Checker (wn.dlc@looksmart.net; http://www.WISEnutbot.com)"
205.232.24.8 - - [21/Jul/2005:00:16:11 +0200] "GET / HTTP/1.1" 200 656 "http://www.comites-it.org/news.htm" "Mozilla/4.0 (compatible; MSIE 6.0; Windows NT 5.1; SV1; .NET CLR 1.1.4322)"
205.232.24.8 - - [21/Jul/2005:00:16:11 +0200] "GET /icons/blank.gif HTTP/1.1" 200 148 "http://newark.comites-it.org/" "Mozilla/4.0 (compatible; MSIE 6.0; Windows NT 5.1; SV1; .NET CLR 1.1.4322)"
205.232.24.8 - - [21/Jul/2005:00:16:11 +0200] "GET /icons/back.gif HTTP/1.1" 200 216 "http://newark.comites-it.org/" "Mozilla/4.0 (compatible; MSIE 6.0; Windows NT 5.1; SV1; .NET CLR 1.1.4322)"
205.232.24.8 - - [21/Jul/2005:00:16:11 +0200] "GET /icons/folder.gif HTTP/1.1" 200 225 "http://newark.comites-it.org/" "Mozilla/4.0 (compatible; MSIE 6.0; Windows NT 5.1; SV1; .NET CLR 1.1.4322)"
205.232.24.8 - - [21/Jul/2005:00:17:54 +0200] "GET / HTTP/1.1" 200 656 "http://www.comites-it.org/news.htm" "Mozilla/4.0 (compatible; MSIE 6.0; Windows NT 5.1; SV1; .NET CLR 1.1.4322)"
64.242.88.50 - - [21/Jul/2005:12:34:41 +0200] "GET / HTTP/1.1" 200 656 "-" "Mozilla/4.0 compatible ZyBorg/1.0 Dead Link Checker (wn.dlc@looksmart.net; http://www.WISEnutbot.com)"
64.242.88.50 - - [21/Jul/2005:15:51:25 +0200] "GET /?M=A HTTP/1.1" 200 656 "-" "Mozilla/4.0 compatible ZyBorg/1.0 Dead Link Checker (wn.dlc@looksmart.net; http://www.WISEnutbot.com)"
207.46.98.141 - - [21/Jul/2005:22:18:33 +0200] "GET /robots.txt HTTP/1.0" 404 282 "-" "msnbot/1.0 (+http://search.msn.com/msnbot.htm)"
207.46.98.141 - - [21/Jul/2005:22:18:33 +0200] "GET / HTTP/1.0" 200 644 "-" "msnbot/1.0 (+http://search.msn.com/msnbot.htm)"
207.46.98.141 - - [22/Jul/2005:02:25:45 +0200] "GET /robots.txt HTTP/1.0" 404 282 "-" "msnbot/1.0 (+http://search.msn.com/msnbot.htm)"
207.46.98.141 - - [22/Jul/2005:02:25:45 +0200] "GET / HTTP/1.0" 200 644 "-" "msnbot/1.0 (+http://search.msn.com/msnbot.htm)"
207.46.98.141 - - [22/Jul/2005:08:19:57 +0200] "GET /robots.txt HTTP/1.0" 404 282 "-" "msnbot/1.0 (+http://search.msn.com/msnbot.htm)"
207.46.98.141 - - [22/Jul/2005:08:19:57 +0200] "GET / HTTP/1.0" 200 644 "-" "msnbot/1.0 (+http://search.msn.com/msnbot.htm)"
207.46.98.141 - - [22/Jul/2005:13:19:07 +0200] "GET /robots.txt HTTP/1.0" 404 282 "-" "msnbot/1.0 (+http://search.msn.com/msnbot.htm)"
207.46.98.141 - - [22/Jul/2005:13:19:07 +0200] "GET / HTTP/1.0" 200 644 "-" "msnbot/1.0 (+http://search.msn.com/msnbot.htm)"
207.46.98.141 - - [22/Jul/2005:19:00:07 +0200] "GET /robots.txt HTTP/1.0" 404 282 "-" "msnbot/1.0 (+http://search.msn.com/msnbot.htm)"
207.46.98.141 - - [22/Jul/2005:19:00:07 +0200] "GET / HTTP/1.0" 200 644 "-" "msnbot/1.0 (+http://search.msn.com/msnbot.htm)"
64.242.88.50 - - [23/Jul/2005:07:49:14 +0200] "GET /?S=A HTTP/1.1" 200 656 "-" "Mozilla/4.0 compatible ZyBorg/1.0 Dead Link Checker (wn.dlc@looksmart.net; http://www.WISEnutbot.com)"
64.242.88.10 - - [23/Jul/2005:16:08:58 +0200] "GET /robots.txt HTTP/1.1" 404 294 "-" "Mozilla/4.0 compatible ZyBorg/1.0 (wn-14.zyborg@looksmart.net; http://www.WISEnutbot.com)"
64.242.88.10 - - [23/Jul/2005:16:33:07 +0200] "GET / HTTP/1.1" 200 656 "-" "Mozilla/4.0 compatible ZyBorg/1.0 (wn-14.zyborg@looksmart.net; http://www.WISEnutbot.com)"
64.242.88.10 - - [23/Jul/2005:19:13:52 +0200] "GET /robots.txt HTTP/1.1" 404 294 "-" "Mozilla/4.0 compatible ZyBorg/1.0 (wn-14.zyborg@looksmart.net; http://www.WISEnutbot.com)"
64.242.88.50 - - [23/Jul/2005:19:47:52 +0200] "GET /robots.txt HTTP/1.1" 404 294 "-" "Mozilla/4.0 compatible ZyBorg/1.0 Dead Link Checker (wn.dlc@looksmart.net; http://www.WISEnutbot.com)"
66.72.98.158 - - [23/Jul/2005:22:56:59 +0200] "GET / HTTP/1.1" 200 656 "http://www.comites-it.org/" "Mozilla/4.0 (compatible; MSIE 6.0; Windows NT 5.1; sbcydsl 3.12; YComp 5.0.0.0; SV1; .NET CLR 1.1.4322)"
66.72.98.158 - - [23/Jul/2005:22:56:59 +0200] "GET /icons/blank.gif HTTP/1.1" 200 148 "http://newark.comites-it.org/" "Mozilla/4.0 (compatible; MSIE 6.0; Windows NT 5.1; sbcydsl 3.12; YComp 5.0.0.0; SV1; .NET CLR 1.1.4322)"
66.72.98.158 - - [23/Jul/2005:22:56:59 +0200] "GET /icons/back.gif HTTP/1.1" 200 216 "http://newark.comites-it.org/" "Mozilla/4.0 (compatible; MSIE 6.0; Windows NT 5.1; sbcydsl 3.12; YComp 5.0.0.0; SV1; .NET CLR 1.1.4322)"
66.72.98.158 - - [23/Jul/2005:22:56:59 +0200] "GET /icons/folder.gif HTTP/1.1" 200 225 "http://newark.comites-it.org/" "Mozilla/4.0 (compatible; MSIE 6.0; Windows NT 5.1; sbcydsl 3.12; YComp 5.0.0.0; SV1; .NET CLR 1.1.4322)"
66.72.98.158 - - [23/Jul/2005:22:56:59 +0200] "GET /favicon.ico HTTP/1.1" 404 295 "-" "-"
66.72.98.158 - - [23/Jul/2005:23:00:27 +0200] "GET / HTTP/1.1" 200 656 "http://www.comites-it.org/" "Mozilla/4.0 (compatible; MSIE 6.0; Windows NT 5.1; sbcydsl 3.12; YComp 5.0.0.0; SV1; .NET CLR 1.1.4322)"
207.46.98.141 - - [24/Jul/2005:09:52:57 +0200] "GET /robots.txt HTTP/1.0" 404 282 "-" "msnbot/1.0 (+http://search.msn.com/msnbot.htm)"
207.46.98.141 - - [24/Jul/2005:09:52:58 +0200] "GET / HTTP/1.0" 200 644 "-" "msnbot/1.0 (+http://search.msn.com/msnbot.htm)"
207.46.98.141 - - [24/Jul/2005:15:16:24 +0200] "GET /robots.txt HTTP/1.0" 404 282 "-" "msnbot/1.0 (+http://search.msn.com/msnbot.htm)"
207.46.98.141 - - [24/Jul/2005:15:16:24 +0200] "GET / HTTP/1.0" 200 644 "-" "msnbot/1.0 (+http://search.msn.com/msnbot.htm)"
64.242.88.50 - - [24/Jul/2005:15:59:57 +0200] "GET /logs/ HTTP/1.1" 200 788 "-" "Mozilla/4.0 compat