209.30.45.113 - - [20/Jun/2004:22:24:06 +0200] "GET / HTTP/1.1" 200 583 "-" "Mozilla/5.0 (Windows; U; Win98; en-US; rv:1.4) Gecko/20030624 Netscape/7.1 (ax)"
209.30.45.113 - - [20/Jun/2004:22:24:07 +0200] "GET /favicon.ico HTTP/1.1" 404 217 "-" "Mozilla/5.0 (Windows; U; Win98; en-US; rv:1.4) Gecko/20030624 Netscape/7.1 (ax)"
209.30.45.113 - - [20/Jun/2004:22:24:07 +0200] "GET /icons/blank.gif HTTP/1.1" 200 148 "http://arkansas.comites-it.org/" "Mozilla/5.0 (Windows; U; Win98; en-US; rv:1.4) Gecko/20030624 Netscape/7.1 (ax)"
209.30.45.113 - - [20/Jun/2004:22:24:07 +0200] "GET /icons/back.gif HTTP/1.1" 200 216 "http://arkansas.comites-it.org/" "Mozilla/5.0 (Windows; U; Win98; en-US; rv:1.4) Gecko/20030624 Netscape/7.1 (ax)"
209.30.45.113 - - [20/Jun/2004:22:24:07 +0200] "GET /icons/folder.gif HTTP/1.1" 200 225 "http://arkansas.comites-it.org/" "Mozilla/5.0 (Windows; U; Win98; en-US; rv:1.4) Gecko/20030624 Netscape/7.1 (ax)"
209.30.45.113 - - [20/Jun/2004:22:26:48 +0200] "GET / HTTP/1.1" 200 583 "-" "Mozilla/5.0 (Windows; U; Win98; en-US; rv:1.4) Gecko/20030624 Netscape/7.1 (ax)"
209.30.45.113 - - [20/Jun/2004:22:26:48 +0200] "GET /favicon.ico HTTP/1.1" 404 217 "-" "Mozilla/5.0 (Windows; U; Win98; en-US; rv:1.4) Gecko/20030624 Netscape/7.1 (ax)"
209.30.45.113 - - [20/Jun/2004:22:26:48 +0200] "GET /icons/back.gif HTTP/1.1" 200 216 "http://houston.comites-it.org/" "Mozilla/5.0 (Windows; U; Win98; en-US; rv:1.4) Gecko/20030624 Netscape/7.1 (ax)"
209.30.45.113 - - [20/Jun/2004:22:26:48 +0200] "GET /icons/blank.gif HTTP/1.1" 200 148 "http://houston.comites-it.org/" "Mozilla/5.0 (Windows; U; Win98; en-US; rv:1.4) Gecko/20030624 Netscape/7.1 (ax)"
209.30.45.113 - - [20/Jun/2004:22:26:48 +0200] "GET /icons/folder.gif HTTP/1.1" 200 225 "http://houston.comites-it.org/" "Mozilla/5.0 (Windows; U; Win98; en-US; rv:1.4) Gecko/20030624 Netscape/7.1 (ax)"
209.30.45.113 - - [20/Jun/2004:22:26:58 +0200] "GET / HTTP/1.1" 200 583 "-" "Mozilla/5.0 (Windows; U; Win98; en-US; rv:1.4) Gecko/20030624 Netscape/7.1 (ax)"
209.30.45.113 - - [20/Jun/2004:22:26:58 +0200] "GET /favicon.ico HTTP/1.1" 404 217 "-" "Mozilla/5.0 (Windows; U; Win98; en-US; rv:1.4) Gecko/20030624 Netscape/7.1 (ax)"
209.30.45.113 - - [20/Jun/2004:22:26:58 +0200] "GET /icons/back.gif HTTP/1.1" 200 216 "http://louisiana.comites-it.org/" "Mozilla/5.0 (Windows; U; Win98; en-US; rv:1.4) Gecko/20030624 Netscape/7.1 (ax)"
209.30.45.113 - - [20/Jun/2004:22:26:58 +0200] "GET /icons/blank.gif HTTP/1.1" 200 148 "http://louisiana.comites-it.org/" "Mozilla/5.0 (Windows; U; Win98; en-US; rv:1.4) Gecko/20030624 Netscape/7.1 (ax)"
209.30.45.113 - - [20/Jun/2004:22:26:58 +0200] "GET /icons/folder.gif HTTP/1.1" 200 225 "http://louisiana.comites-it.org/" "Mozilla/5.0 (Windows; U; Win98; en-US; rv:1.4) Gecko/20030624 Netscape/7.1 (ax)"
209.30.45.113 - - [20/Jun/2004:22:53:52 +0200] "GET / HTTP/1.1" 200 583 "-" "Mozilla/5.0 (Windows; U; Win98; en-US; rv:1.4) Gecko/20030624 Netscape/7.1 (ax)"
209.30.45.113 - - [20/Jun/2004:22:53:52 +0200] "GET /favicon.ico HTTP/1.1" 404 217 "-" "Mozilla/5.0 (Windows; U; Win98; en-US; rv:1.4) Gecko/20030624 Netscape/7.1 (ax)"
209.30.45.113 - - [20/Jun/2004:22:53:52 +0200] "GET /icons/back.gif HTTP/1.1" 200 216 "http://texas.comites-it.org/" "Mozilla/5.0 (Windows; U; Win98; en-US; rv:1.4) Gecko/20030624 Netscape/7.1 (ax)"
209.30.45.113 - - [20/Jun/2004:22:53:52 +0200] "GET /icons/blank.gif HTTP/1.1" 200 148 "http://texas.comites-it.org/" "Mozilla/5.0 (Windows; U; Win98; en-US; rv:1.4) Gecko/20030624 Netscape/7.1 (ax)"
209.30.45.113 - - [20/Jun/2004:22:53:52 +0200] "GET /icons/folder.gif HTTP/1.1" 200 225 "http://texas.comites-it.org/" "Mozilla/5.0 (Windows; U; Win98; en-US; rv:1.4) Gecko/20030624 Netscape/7.1 (ax)"
209.30.45.113 - - [20/Jun/2004:22:54:37 +0200] "GET / HTTP/1.1" 200 583 "-" "Mozilla/5.0 (Windows; U; Win98; en-US; rv:1.4) Gecko/20030624 Netscape/7.1 (ax)"
209.30.45.113 - - [20/Jun/2004:22:54:38 +0200] "GET /icons/blank.gif HTTP/1.1" 200 148 "http://oklahoma.comites-it.org/" "Mozilla/5.0 (Windows; U; Win98; en-US; rv:1.4) Gecko/20030624 Netscape/7.1 (ax)"
209.30.45.113 - - [20/Jun/2004:22:54:38 +0200] "GET /icons/back.gif HTTP/1.1" 200 216 "http://oklahoma.comites-it.org/" "Mozilla/5.0 (Windows; U; Win98; en-US; rv:1.4) Gecko/20030624 Netscape/7.1 (ax)"
209.30.45.113 - - [20/Jun/2004:22:54:38 +0200] "GET /icons/folder.gif HTTP/1.1" 200 225 "http://oklahoma.comites-it.org/" "Mozilla/5.0 (Windows; U; Win98; en-US; rv:1.4) Gecko/20030624 Netscape/7.1 (ax)"
66.249.71.50 - - [21/Apr/2005:05:06:27 +0200] "GET /robots.txt HTTP/1.0" 404 282 "-" "Googlebot/2.1 (+http://www.google.com/bot.html)"
66.249.71.50 - - [21/Apr/2005:05:06:28 +0200] "GET / HTTP/1.0" 200 644 "-" "Googlebot/2.1 (+http://www.google.com/bot.html)"
209.237.238.172 - - [21/Apr/2005:12:47:26 +0200] "GET /robots.txt HTTP/1.0" 404 282 "-" "ia_archiver"
209.237.238.172 - - [21/Apr/2005:12:47:26 +0200] "GET / HTTP/1.0" 200 644 "-" "ia_archiver"
209.237.238.172 - - [21/Apr/2005:14:48:31 +0200] "GET /?D=A HTTP/1.0" 200 644 "-" "ia_archiver"
209.237.238.172 - - [21/Apr/2005:14:50:45 +0200] "GET /?M=A HTTP/1.0" 200 644 "-" "ia_archiver"
209.237.238.172 - - [21/Apr/2005:14:52:18 +0200] "GET /?N=D HTTP/1.0" 200 644 "-" "ia_archiver"
209.237.238.172 - - [21/Apr/2005:14:52:44 +0200] "GET /?S=A HTTP/1.0" 200 644 "-" "ia_archiver"
209.237.238.172 - - [21/Apr/2005:14:54:30 +0200] "GET /logs/ HTTP/1.0" 200 776 "-" "ia_archiver"
209.237.238.172 - - [21/Apr/2005:16:42:50 +0200] "GET /?D=D HTTP/1.0" 200 644 "-" "ia_archiver"
209.237.238.172 - - [21/Apr/2005:16:43:15 +0200] "GET /?M=D HTTP/1.0" 200 644 "-" "ia_archiver"
209.237.238.172 - - [21/Apr/2005:16:44:25 +0200] "GET /?N=A HTTP/1.0" 200 644 "-" "ia_archiver"
209.237.238.172 - - [21/Apr/2005:16:45:59 +0200] "GET /?S=D HTTP/1.0" 200 644 "-" "ia_archiver"
209.237.238.172 - - [21/Apr/2005:16:46:49 +0200] "GET /logs/?D=A HTTP/1.0" 200 776 "-" "ia_archiver"
209.237.238.172 - - [21/Apr/2005:16:48:46 +0200] "GET /logs/?M=A HTTP/1.0" 200 776 "-" "ia_archiver"
209.237.238.172 - - [21/Apr/2005:16:50:09 +0200] "GET /logs/?N=D HTTP/1.0" 200 776 "-" "ia_archiver"
209.237.238.172 - - [21/Apr/2005:16:51:53 +0200] "GET /logs/?S=A HTTP/1.0" 200 776 "-" "ia_archiver"
209.237.238.172 - - [21/Apr/2005:16:53:02 +0200] "GET /logs/access_log HTTP/1.0" 200 6225 "-" "ia_archiver"
209.237.238.172 - - [21/Apr/2005:16:53:33 +0200] "GET /logs/error_log HTTP/1.0" 200 801 "-" "ia_archiver"
209.237.238.172 - - [21/Apr/2005:18:53:35 +0200] "GET /logs/?D=D HTTP/1.0" 200 776 "-" "ia_archiver"
209.237.238.172 - - [21/Apr/2005:18:55:00 +0200] "GET /logs/?M=D HTTP/1.0" 200 776 "-" "ia_archiver"
209.237.238.172 - - [21/Apr/2005:18:56:49 +0200] "GET /logs/?N=A HTTP/1.0" 200 776 "-" "ia_archiver"
209.237.238.172 - - [21/Apr/2005:18:58:20 +0200] "GET /logs/?S=D HTTP/1.0" 200 776 "-" "ia_archiver"
66.249.65.103 - - [22/Apr/2005:05:06:29 +0200] "GET /robots.txt HTTP/1.1" 404 294 "-" "Mozilla/5.0 (compatible; Googlebot/2.1; +http://www.google.com/bot.html)"
66.249.65.103 - - [22/Apr/2005:05:06:30 +0200] "GET / HTTP/1.1" 200 656 "-" "Mozilla/5.0 (compatible; Googlebot/2.1; +http://www.google.com/bot.html)"
66.249.64.49 - - [22/Apr/2005:05:21:55 +0200] "GET /robots.txt HTTP/1.0" 404 282 "-" "Googlebot/2.1 (+http://www.google.com/bot.html)"
66.249.64.49 - - [22/Apr/2005:05:21:55 +0200] "GET / HTTP/1.0" 200 644 "-" "Googlebot/2.1 (+http://www.google.com/bot.html)"
67.175.253.147 - - [22/Apr/2005:18:21:43 +0200] "GET / HTTP/1.1" 200 656 "http://www.comites-it.org/" "Mozilla/4.0 (compatible; MSIE 6.0; Windows NT 5.1; SV1; .NET CLR 1.1.4322)"
67.175.253.147 - - [22/Apr/2005:18:21:43 +0200] "GET /icons/blank.gif HTTP/1.1" 200 148 "http://newark.comites-it.org/" "Mozilla/4.0 (compatible; MSIE 6.0; Windows NT 5.1; SV1; .NET CLR 1.1.4322)"
67.175.253.147 - - [22/Apr/2005:18:21:43 +0200] "GET /icons/folder.gif HTTP/1.1" 200 225 "http://newark.comites-it.org/" "Mozilla/4.0 (compatible; MSIE 6.0; Windows NT 5.1; SV1; .NET CLR 1.1.4322)"
67.175.253.147 - - [22/Apr/2005:18:21:43 +0200] "GET /icons/back.gif HTTP/1.1" 200 216 "http://newark.comites-it.org/" "Mozilla/4.0 (compatible; MSIE 6.0; Windows NT 5.1; SV1; .NET CLR 1.1.4322)"
67.175.253.147 - - [22/Apr/2005:18:48:01 +0200] "GET / HTTP/1.1" 200 656 "http://www.comites-it.org/" "Mozilla/4.0 (compatible; MSIE 6.0; Windows NT 5.1; SV1; .NET CLR 1.1.4322)"
66.249.71.17 - - [23/Apr/2005:05:44:35 +0200] "GET /robots.txt HTTP/1.0" 404 282 "-" "Googlebot/2.1 (+http://www.google.com/bot.html)"
66.249.71.17 - - [23/Apr/2005:05:44:35 +0200] "GET / HTTP/1.0" 200 644 "-" "Googlebot/2.1 (+http://www.google.com/bot.html)"
209.237.238.182 - - [23/Apr/2005:20:49:51 +0200] "GET /robots.txt HTTP/1.0" 404 282 "-" "ia_archiver"
209.237.238.182 - - [23/Apr/2005:20:49:51 +0200] "GET /icons/back.gif HTTP/1.0" 200 216 "-" "ia_archiver"
66.249.64.52 - - [24/Apr/2005:05:46:36 +0200] "GET / HTTP/1.0" 200 644 "-" "Googlebot/2.1 (+http://www.google.com/bot.html)"
207.46.98.141 - - [24/Apr/2005:06:33:02 +0200] "GET /robots.txt HTTP/1.0" 404 282 "-" "msnbot/1.0 (+http://search.msn.com/msnbot.htm)"
207.46.98.141 - - [24/Apr/2005:06:33:02 +0200] "GET / HTTP/1.0" 200 644 "-" "msnbot/1.0 (+http://search.msn.com/msnbot.htm)"
207.46.98.141 - - [24/Apr/2005:11:06:31 +0200] "GET /robots.txt HTTP/1.0" 404 282 "-" "msnbot/1.0 (+http://search.msn.com/msnbot.htm)"
207.46.98.141 - - [24/Apr/2005:11:06:31 +0200] "GET / HTTP/1.0" 200 644 "-" "msnbot/1.0 (+http://search.msn.com/msnbot.htm)"
207.46.98.141 - - [24/Apr/2005:20:16:53 +0200] "GET /robots.txt HTTP/1.0" 404 282 "-" "msnbot/1.0 (+http://search.msn.com/msnbot.htm)"
207.46.98.141 - - [24/Apr/2005:20:16:53 +0200] "GET / HTTP/1.0" 200 644 "-" "msnbot/1.0 (+http://search.msn.com/msnbot.htm)"
207.46.98.141 - - [25/Apr/2005:02:47:21 +0200] "GET /robots.txt HTTP/1.0" 404 282 "-" "msnbot/1.0 (+http://search.msn.com/msnbot.htm)"
207.46.98.141 - - [25/Apr/2005:02:47:21 +0200] "GET / HTTP/1.0" 200 644 "-" "msnbot/1.0 (+http://search.msn.com/msnbot.htm)"
66.249.64.4 - - [25/Apr/2005:05:26:10 +0200] "GET /robots.txt HTTP/1.0" 404 282 "-" "Googlebot/2.1 (+http://www.google.com/bot.html)"
66.249.64.4 - - [25/Apr/2005:05:26:10 +0200] "GET / HTTP/1.0" 200 644 "-" "Googlebot/2.1 (+http://www.google.com/bot.html)"
207.46.98.141 - - [25/Apr/2005:05:38:46 +0200] "GET /robots.txt HTTP/1.0" 404 282 "-" "msnbot/1.0 (+http://search.msn.com/msnbot.htm)"
207.46.98.141 - - [25/Apr/2005:05:38:46 +0200] "GET / HTTP/1.0" 200 644 "-" "msnbot/1.0 (+http://search.msn.com/msnbot.htm)"
207.46.98.141 - - [25/Apr/2005:13:40:00 +0200] "GET /robots.txt HTTP/1.0" 404 282 "-" "msnbot/1.0 (+http://search.msn.com/msnbot.htm)"
207.46.98.141 - - [25/Apr/2005:13:40:00 +0200] "GET / HTTP/1.0" 200 644 "-" "msnbot/1.0 (+http://search.msn.com/msnbot.htm)"
207.46.98.141 - - [25/Apr/2005:18:20:55 +0200] "GET /robots.txt HTTP/1.0" 404 282 "-" "msnbot/1.0 (+http://search.msn.com/msnbot.htm)"
207.46.98.141 - - [25/Apr/2005:18:20:55 +0200] "GET / HTTP/1.0" 200 644 "-" "msnbot/1.0 (+http://search.msn.com/msnbot.htm)"
207.46.98.141 - - [25/Apr/2005:22:09:11 +0200] "GET /robots.txt HTTP/1.0" 404 282 "-" "msnbot/1.0 (+http://search.msn.com/msnbot.htm)"
207.46.98.141 - - [25/Apr/2005:22:09:11 +0200] "GET / HTTP/1.0" 200 644 "-" "msnbot/1.0 (+http://search.msn.com/msnbot.htm)"
66.249.71.73 - - [26/Apr/2005:00:04:21 +0200] "GET /robots.txt HTTP/1.0" 404 282 "-" "Googlebot/2.1 (+http://www.google.com/bot.html)"
66.249.71.73 - - [26/Apr/2005:00:04:21 +0200] "GET / HTTP/1.0" 200 644 "-" "Googlebot/2.1 (+http://www.google.com/bot.html)"
66.249.71.29 - - [26/Apr/2005:01:42:16 +0200] "GET /logs/ HTTP/1.0" 200 776 "-" "Googlebot/2.1 (+http://www.google.com/bot.html)"
66.249.64.58 - - [26/Apr/2005:03:12:12 +0200] "GET /logs/access_log HTTP/1.0" 200 11685 "-" "Googlebot/2.1 (+http://www.google.com/bot.html)"
66.249.71.69 - - [26/Apr/2005:04:26:44 +0200] "GET /logs/error_log HTTP/1.0" 200 2618 "-" "Googlebot/2.1 (+http://www.google.com/bot.html)"
207.46.98.141 - - [26/Apr/2005:05:05:52 +0200] "GET /robots.txt HTTP/1.0" 404 282 "-" "msnbot/1.0 (+http://search.msn.com/msnbot.htm)"
207.46.98.141 - - [26/Apr/2005:05:05:53 +0200] "GET / HTTP/1.0" 200 644 "-" "msnbot/1.0 (+http://search.msn.com/msnbot.htm)"
66.249.71.50 - - [26/Apr/2005:05:12:11 +0200] "GET /robots.txt HTTP/1.0" 404 282 "-" "Googlebot/2.1 (+http://www.google.com/bot.html)"
66.249.71.50 - - [26/Apr/2005:05:12:20 +0200] "GET / HTTP/1.0" 200 644 "-" "Googlebot/2.1 (+http://www.google.com/bot.html)"
207.46.98.141 - - [26/Apr/2005:10:25:34 +0200] "GET /robots.txt HTTP/1.0" 404 282 "-" "msnbot/1.0 (+http://search.msn.com/msnbot.htm)"
207.46.98.141 - - [26/Apr/2005:10:25:34 +0200] "GET / HTTP/1.0" 200 644 "-" "msnbot/1.0 (+http://search.msn.com/msnbot.htm)"
66.249.64.49 - - [27/Apr/2005:05:54:04 +0200] "GET /robots.txt HTTP/1.0" 404 282 "-" "Googlebot/2.1 (+http://www.google.com/bot.html)"
66.249.64.49 - - [27/Apr/2005:05:54:05 +0200] "GET / HTTP/1.0" 200 644 "-" "Googlebot/2.1 (+http://www.google.com/bot.html)"
207.46.98.141 - - [27/Apr/2005:13:36:47 +0200] "GET /robots.txt HTTP/1.0" 404 282 "-" "msnbot/1.0 (+http://search.msn.com/msnbot.htm)"
207.46.98.141 - - [27/Apr/2005:13:36:47 +0200] "GET / HTTP/1.0" 200 644 "-" "msnbot/1.0 (+http://search.msn.com/msnbot.htm)"
207.46.98.141 - - [27/Apr/2005:19:38:59 +0200] "GET /robots.txt HTTP/1.0" 404 282 "-" "msnbot/1.0 (+http://search.msn.com/msnbot.htm)"
207.46.98.141 - - [27/Apr/2005:19:38:59 +0200] "GET / HTTP/1.0" 200 644 "-" "msnbot/1.0 (+http://search.msn.com/msnbot.htm)"
207.46.98.141 - - [28/Apr/2005:01:02:20 +0200] "GET /robots.txt HTTP/1.0" 404 282 "-" "msnbot/1.0 (+http://search.msn.com/msnbot.htm)"
207.46.98.141 - - [28/Apr/2005:01:02:20 +0200] "GET / HTTP/1.0" 200 644 "-" "msnbot/1.0 (+http://search.msn.com/msnbot.htm)"
66.249.71.50 - - [28/Apr/2005:05:31:03 +0200] "GET /robots.txt HTTP/1.0" 404 282 "-" "Googlebot/2.1 (+http://www.google.com/bot.html)"
66.249.71.50 - - [28/Apr/2005:05:31:04 +0200] "GET / HTTP/1.0" 200 644 "-" "Googlebot/2.1 (+http://www.google.com/bot.html)"
207.46.98.141 - - [28/Apr/2005:05:44:26 +0200] "GET /robots.txt HTTP/1.0" 404 282 "-" "msnbot/1.0 (+http://search.msn.com/msnbot.htm)"
207.46.98.141 - - [28/Apr/2005:05:44:26 +0200] "GET / HTTP/1.0" 200 644 "-" "msnbot/1.0 (+http://search.msn.com/msnbot.htm)"
207.46.98.141 - - [28/Apr/2005:11:04:59 +0200] "GET /robots.txt HTTP/1.0" 404 282 "-" "msnbot/1.0 (+http://search.msn.com/msnbot.htm)"
207.46.98.141 - - [28/Apr/2005:11:05:00 +0200] "GET / HTTP/1.0" 200 644 "-" "msnbot/1.0 (+http://search.msn.com/msnbot.htm)"
80.116.108.188 - - [28/Apr/2005:12:08:48 +0200] "GET / HTTP/1.1" 200 656 "http://louisiana.comites-it.org/" "Mozilla/5.0 (Macintosh; U; PPC Mac OS X; it-it) AppleWebKit/312.1 (KHTML, like Gecko) Safari/312"
80.116.108.188 - - [28/Apr/2005:12:08:48 +0200] "GET /icons/blank.gif HTTP/1.1" 200 148 "http://newark.comites-it.org/" "Mozilla/5.0 (Macintosh; U; PPC Mac OS X; it-it) AppleWebKit/312.1 (KHTML, like Gecko) Safari/312"
80.116.108.188 - - [28/Apr/2005:12:08:48 +0200] "GET /icons/back.gif HTTP/1.1" 200 216 "http://newark.comites-it.org/" "Mozilla/5.0 (Macintosh; U; PPC Mac OS X; it-it) AppleWebKit/312.1 (KHTML, like Gecko) Safari/312"
80.116.108.188 - - [28/Apr/2005:12:08:48 +0200] "GET /icons/folder.gif HTTP/1.1" 200 225 "http://newark.comites-it.org/" "Mozilla/5.0 (Macintosh; U; PPC Mac OS X; it-it) AppleWebKit/312.1 (KHTML, like Gecko) Safari/312"
80.116.108.188 - - [28/Apr/2005:12:08:48 +0200] "GET /favicon.ico HTTP/1.1" 404 295 "-" "Mozilla/5.0 (Macintosh; U; PPC Mac OS X; it-it) AppleWebKit/312.1 (KHTML, like Gecko) Safari/312"
207.46.98.141 - - [28/Apr/2005:20:06:55 +0200] "GET /robots.txt HTTP/1.0" 404 282 "-" "msnbot/1.0 (+http://search.msn.com/msnbot.htm)"
207.46.98.141 - - [28/Apr/2005:20:06:56 +0200] "GET / HTTP/1.0" 200 644 "-" "msnbot/1.0 (+http://search.msn.com/msnbot.htm)"
207.46.98.141 - - [29/Apr/2005:00:31:55 +0200] "GET /robots.txt HTTP/1.0" 404 282 "-" "msnbot/1.0 (+http://search.msn.com/msnbot.htm)"
207.46.98.141 - - [29/Apr/2005:00:31:56 +0200] "GET / HTTP/1.0" 200 644 "-" "msnbot/1.0 (+http://search.msn.com/msnbot.htm)"
207.46.98.141 - - [29/Apr/2005:01:59:46 +0200] "GET /robots.txt HTTP/1.0" 404 282 "-" "msnbot/1.0 (+http://search.msn.com/msnbot.htm)"
207.46.98.141 - - [29/Apr/2005:01:59:46 +0200] "GET / HTTP/1.0" 200 644 "-" "msnbot/1.0 (+http://search.msn.com/msnbot.htm)"
66.249.64.10 - - [29/Apr/2005:05:03:38 +0200] "GET /robots.txt HTTP/1.0" 404 282 "-" "Googlebot/2.1 (+http://www.google.com/bot.html)"
66.249.64.10 - - [29/Apr/2005:05:03:38 +0200] "GET / HTTP/1.0" 200 644 "-" "Googlebot/2.1 (+http://www.google.com/bot.html)"
207.46.98.141 - - [29/Apr/2005:06:43:14 +0200] "GET / HTTP/1.0" 200 644 "-" "msnbot/1.0 (+http://search.msn.com/msnbot.htm)"
207.46.98.141 - - [29/Apr/2005:11:27:44 +0200] "GET /robots.txt HTTP/1.0" 404 282 "-" "msnbot/1.0 (+http://search.msn.com/msnbot.htm)"
207.46.98.141 - - [29/Apr/2005:11:27:44 +0200] "GET / HTTP/1.0" 200 644 "-" "msnbot/1.0 (+http://search.msn.com/msnbot.htm)"
207.46.98.141 - - [29/Apr/2005:16:04:49 +0200] "GET /robots.txt HTTP/1.0" 404 282 "-" "msnbot/1.0 (+http://search.msn.com/msnbot.htm)"
207.46.98.141 - - [29/Apr/2005:16:04:49 +0200] "GET / HTTP/1.0" 200 644 "-" "msnbot/1.0 (+http://search.msn.com/msnbot.htm)"
66.249.71.57 - - [30/Apr/2005:06:18:39 +0200] "GET /robots.txt HTTP/1.0" 404 282 "-" "Googlebot/2.1 (+http://www.google.com/bot.html)"
66.249.71.57 - - [30/Apr/2005:06:18:39 +0200] "GET / HTTP/1.0" 200 644 "-" "Googlebot/2.1 (+http://www.google.com/bot.html)"
207.46.98.141 - - [01/May/2005:04:34:15 +0200] "GET /robots.txt HTTP/1.0" 404 282 "-" "msnbot/1.0 (+http://search.msn.com/msnbot.htm)"
207.46.98.141 - - [01/May/2005:04:34:16 +0200] "GET / HTTP/1.0" 200 644 "-" "msnbot/1.0 (+http://search.msn.com/msnbot.htm)"
66.249.71.1 - - [01/May/2005:05:56:58 +0200] "GET / HTTP/1.0" 200 644 "-" "Googlebot/2.1 (+http://www.google.com/bot.html)"
207.46.98.141 - - [01/May/2005:09:05:58 +0200] "GET / HTTP/1.0" 200 644 "-" "msnbot/1.0 (+http://search.msn.com/msnbot.htm)"
207.46.98.141 - - [01/May/2005:14:31:33 +0200] "GET /robots.txt HTTP/1.0" 404 282 "-" "msnbot/1.0 (+http://search.msn.com/msnbot.htm)"
207.46.98.141 - - [01/May/2005:14:31:33 +0200] "GET / HTTP/1.0" 200 644 "-" "msnbot/1.0 (+http://search.msn.com/msnbot.htm)"
207.46.98.141 - - [01/May/2005:18:50:41 +0200] "GET / HTTP/1.0" 200 644 "-" "msnbot/1.0 (+http://search.msn.com/msnbot.htm)"
148.244.150.57 - - [01/May/2005:22:45:16 +0200] "GET /logs/access_log HTTP/1.1" 200 18457 "http://www.google.com/search?q=allinurl:access_log&hl=en&lr=&start=90&sa=N" "Mozilla/5.0 (X11; U; Linux i686; en-US; rv:1.7.6) Gecko/20050326 Firefox/1.0.2"
148.244.150.57 - - [01/May/2005:22:45:25 +0200] "GET /favicon.ico HTTP/1.1" 404 295 "-" "Mozilla/5.0 (X11; U; Linux i686; en-US; rv:1.7.6) Gecko/20050326 Firefox/1.0.2"
148.244.150.57 - - [01/May/2005:22:45:29 +0200] "GET /logs/access_log HTTP/1.1" 200 18874 "http://www.google.com/search?q=allinurl:access_log&hl=en&lr=&start=90&sa=N" "Mozilla/5.0 (X11; U; Linux i686; en-US; rv:1.7.6) Gecko/20050326 Firefox/1.0.2"
148.244.150.57 - - [01/May/2005:22:45:33 +0200] "GET /favicon.ico HTTP/1.1" 404 295 "-" "Mozilla/5.0 (X11; U; Linux i686; en-US; rv:1.7.6) Gecko/20050326 Firefox/1.0.2"
207.46.98.141 - - [01/May/2005:23:40:46 +0200] "GET /robots.txt HTTP/1.0" 404 282 "-" "msnbot/1.0 (+http://search.msn.com/msnbot.htm)"
207.46.98.141 - - [01/May/2005:23:40:46 +0200] "GET / HTTP/1.0" 200 644 "-" "msnbot/1.0 (+http://search.msn.com/msnbot.htm)"
207.46.98.141 - - [02/May/2005:04:15:05 +0200] "GET /robots.txt HTTP/1.0" 404 282 "-" "msnbot/1.0 (+http://search.msn.com/msnbot.htm)"
207.46.98.141 - - [02/May/2005:04:15:05 +0200] "GET / HTTP/1.0" 200 644 "-" "msnbot/1.0 (+http://search.msn.com/msnbot.htm)"
66.249.64.35 - - [02/May/2005:04:58:49 +0200] "GET /robots.txt HTTP/1.0" 404 282 "-" "Googlebot/2.1 (+http://www.google.com/bot.html)"
66.249.64.35 - - [02/May/2005:04:58:50 +0200] "GET / HTTP/1.0" 200 644 "-" "Googlebot/2.1 (+http://www.google.com/bot.html)"
207.46.98.141 - - [02/May/2005:08:52:13 +0200] "GET /robots.txt HTTP/1.0" 404 282 "-" "msnbot/1.0 (+http://search.msn.com/msnbot.htm)"
207.46.98.141 - - [02/May/2005:08:52:13 +0200] "GET / HTTP/1.0" 200 644 "-" "msnbot/1.0 (+http://search.msn.com/msnbot.htm)"
207.46.98.141 - - [02/May/2005:13:25:05 +0200] "GET /robots.txt HTTP/1.0" 404 282 "-" "msnbot/1.0 (+http://search.msn.com/msnbot.htm)"
207.46.98.141 - - [02/May/2005:13:25:05 +0200] "GET / HTTP/1.0" 200 644 "-" "msnbot/1.0 (+http://search.msn.com/msnbot.htm)"
207.46.98.141 - - [02/May/2005:17:51:44 +0200] "GET / HTTP/1.0" 200 644 "-" "msnbot/1.0 (+http://search.msn.com/msnbot.htm)"
68.23.43.77 - - [03/May/2005:05:31:26 +0200] "GET / HTTP/1.1" 200 656 "http://www.comites-it.org/" "Mozilla/4.0 (compatible; MSIE 6.0; Windows NT 5.1; SV1; YPC 3.0.1; .NET CLR 1.1.4322)"
68.23.43.77 - - [03/May/2005:05:31:26 +0200] "GET /icons/blank.gif HTTP/1.1" 200 148 "http://newark.comites-it.org/" "Mozilla/4.0 (compatible; MSIE 6.0; Windows NT 5.1; SV1; YPC 3.0.1; .NET CLR 1.1.4322)"
68.23.43.77 - - [03/May/2005:05:31:26 +0200] "GET /icons/back.gif HTTP/1.1" 200 216 "http://newark.comites-it.org/" "Mozilla/4.0 (compatible; MSIE 6.0; Windows NT 5.1; SV1; YPC 3.0.1; .NET CLR 1.1.4322)"
68.23.43.77 - - [03/May/2005:05:31:26 +0200] "GET /icons/folder.gif HTTP/1.1" 200 225 "http://newark.comites-it.org/" "Mozilla/4.0 (compatible; MSIE 6.0; Windows NT 5.1; SV1; YPC 3.0.1; .NET CLR 1.1.4322)"
66.249.64.44 - - [03/May/2005:06:14:33 +0200] "GET /robots.txt HTTP/1.0" 404 282 "-" "Googlebot/2.1 (+http://www.google.com/bot.html)"
66.249.64.44 - - [03/May/2005:06:14:33 +0200] "GET / HTTP/1.0" 200 644 "-" "Googlebot/2.1 (+http://www.google.com/bot.html)"
207.46.98.141 - - [03/May/2005:18:24:53 +0200] "GET /robots.txt HTTP/1.0" 404 282 "-" "msnbot/1.0 (+http://search.msn.com/msnbot.htm)"
207.46.98.141 - - [03/May/2005:18:24:53 +0200] "GET / HTTP/1.0" 200 644 "-" "msnbot/1.0 (+http://search.msn.com/msnbot.htm)"
207.46.98.141 - - [03/May/2005:23:17:19 +0200] "GET /robots.txt HTTP/1.0" 404 282 "-" "msnbot/1.0 (+http://search.msn.com/msnbot.htm)"
207.46.98.141 - - [03/May/2005:23:17:19 +0200] "GET / HTTP/1.0" 200 644 "-" "msnbot/1.0 (+http://search.msn.com/msnbot.htm)"
207.46.98.141 - - [04/May/2005:01:58:26 +0200] "GET /robots.txt HTTP/1.0" 404 282 "-" "msnbot/1.0 (+http://search.msn.com/msnbot.htm)"
207.46.98.141 - - [04/May/2005:01:58:26 +0200] "GET / HTTP/1.0" 200 644 "-" "msnbot/1.0 (+http://search.msn.com/msnbot.htm)"
66.249.64.44 - - [04/May/2005:05:25:08 +0200] "GET /robots.txt HTTP/1.0" 404 282 "-" "Googlebot/2.1 (+http://www.google.com/bot.html)"
66.249.64.44 - - [04/May/2005:05:25:09 +0200] "GET / HTTP/1.0" 200 644 "-" "Googlebot/2.1 (+http://www.google.com/bot.html)"
207.46.98.141 - - [04/May/2005:06:50:03 +0200] "GET /robots.txt HTTP/1.0" 404 282 "-" "msnbot/1.0 (+http://search.msn.com/msnbot.htm)"
207.46.98.141 - - [04/May/2005:06:50:04 +0200] "GET / HTTP/1.0" 200 644 "-" "msnbot/1.0 (+http://search.msn.com/msnbot.htm)"
207.46.98.141 - - [04/May/2005:11:32:35 +0200] "GET / HTTP/1.0" 200 644 "-" "msnbot/1.0 (+http://search.msn.com/msnbot.htm)"
207.46.98.141 - - [04/May/2005:16:09:13 +0200] "GET /robots.txt HTTP/1.0" 404 282 "-" "msnbot/1.0 (+http://search.msn.com/msnbot.htm)"
207.46.98.141 - - [04/May/2005:16:09:13 +0200] "GET / HTTP/1.0" 200 644 "-" "msnbot/1.0 (+http://search.msn.com/msnbot.htm)"
207.46.98.141 - - [05/May/2005:04:03:24 +0200] "GET /robots.txt HTTP/1.0" 404 282 "-" "msnbot/1.0 (+http://search.msn.com/msnbot.htm)"
207.46.98.141 - - [05/May/2005:04:03:25 +0200] "GET / HTTP/1.0" 200 644 "-" "msnbot/1.0 (+http://search.msn.com/msnbot.htm)"
66.249.64.7 - - [05/May/2005:07:06:23 +0200] "GET / HTTP/1.0" 200 644 "-" "Googlebot/2.1 (+http://www.google.com/bot.html)"
66.249.64.16 - - [05/May/2005:07:24:51 +0200] "GET / HTTP/1.0" 200 644 "-" "Googlebot/2.1 (+http://www.google.com/bot.html)"
207.46.98.141 - - [05/May/2005:09:02:56 +0200] "GET /robots.txt HTTP/1.0" 404 282 "-" "msnbot/1.0 (+http://search.msn.com/msnbot.htm)"
207.46.98.141 - - [05/May/2005:09:02:57 +0200] "GET / HTTP/1.0" 200 644 "-" "msnbot/1.0 (+http://search.msn.com/msnbot.htm)"
207.46.98.141 - - [05/May/2005:11:33:02 +0200] "GET /robots.txt HTTP/1.0" 404 282 "-" "msnbot/1.0 (+http://search.msn.com/msnbot.htm)"
207.46.98.141 - - [05/May/2005:11:33:04 +0200] "GET / HTTP/1.0" 200 644 "-" "msnbot/1.0 (+http://search.msn.com/msnbot.htm)"
207.46.98.141 - - [05/May/2005:17:33:47 +0200] "GET /robots.txt HTTP/1.0" 404 282 "-" "msnbot/1.0 (+http://search.msn.com/msnbot.htm)"
207.46.98.141 - - [05/May/2005:17:33:48 +0200] "GET / HTTP/1.0" 200 644 "-" "msnbot/1.0 (+http://search.msn.com/msnbot.htm)"
207.46.98.141 - - [05/May/2005:22:32:31 +0200] "GET /robots.txt HTTP/1.0" 404 282 "-" "msnbot/1.0 (+http://search.msn.com/msnbot.htm)"
207.46.98.141 - - [05/May/2005:22:32:31 +0200] "GET / HTTP/1.0" 200 644 "-" "msnbot/1.0 (+http://search.msn.com/msnbot.htm)"
207.46.98.141 - - [06/May/2005:03:06:44 +0200] "GET / HTTP/1.0" 200 644 "-" "msnbot/1.0 (+http://search.msn.com/msnbot.htm)"
66.249.64.27 - - [06/May/2005:05:54:38 +0200] "GET /robots.txt HTTP/1.0" 404 282 "-" "Googlebot/2.1 (+http://www.google.com/bot.html)"
66.249.64.27 - - [06/May/2005:05:54:39 +0200] "GET / HTTP/1.0" 200 644 "-" "Googlebot/2.1 (+http://www.google.com/bot.html)"
80.180.108.161 - - [06/May/2005:06:25:34 +0200] "GET / HTTP/1.1" 200 656 "http://www.comites-it.org/" "WebCopier v4.2"
66.249.64.47 - - [07/May/2005:06:08:00 +0200] "GET /robots.txt HTTP/1.0" 404 282 "-" "Googlebot/2.1 (+http://www.google.com/bot.html)"
66.249.64.47 - - [07/May/2005:06:08:01 +0200] "GET / HTTP/1.0" 200 644 "-" "Googlebot/2.1 (+http://www.google.com/bot.html)"
66.249.64.77 - - [07/May/2005:06:25:23 +0200] "GET / HTTP/1.0" 200 644 "-" "Googlebot/2.1 (+http://www.google.com/bot.html)"
67.175.253.147 - - [07/May/2005:23:43:00 +0200] "GET / HTTP/1.1" 200 656 "http://www.comites-it.org/" "Mozilla/4.0 (compatible; MSIE 6.0; Windows NT 5.1; SV1; YPC 3.0.1; .NET CLR 1.1.4322)"
67.175.253.147 - - [07/May/2005:23:43:00 +0200] "GET /icons/blank.gif HTTP/1.1" 200 148 "http://newark.comites-it.org/" "Mozilla/4.0 (compatible; MSIE 6.0; Windows NT 5.1; SV1; YPC 3.0.1; .NET CLR 1.1.4322)"
67.175.253.147 - - [07/May/2005:23:43:00 +0200] "GET /icons/folder.gif HTTP/1.1" 200 225 "http://newark.comites-it.org/" "Mozilla/4.0 (compatible; MSIE 6.0; Windows NT 5.1; SV1; YPC 3.0.1; .NET CLR 1.1.4322)"
67.175.253.147 - - [07/May/2005:23:43:00 +0200] "GET /icons/back.gif HTTP/1.1" 200 216 "http://newark.comites-it.org/" "Mozilla/4.0 (compatible; MSIE 6.0; Windows NT 5.1; SV1; YPC 3.0.1; .NET CLR 1.1.4322)"
67.175.253.147 - - [07/May/2005:23:45:27 +0200] "GET / HTTP/1.1" 200 656 "http://louisiana.comites-it.org/" "Mozilla/4.0 (compatible; MSIE 6.0; Windows NT 5.1; SV1; YPC 3.0.1; .NET CLR 1.1.4322)"
66.249.71.42 - - [08/May/2005:05:39:21 +0200] "GET / HTTP/1.0" 200 644 "-" "Googlebot/2.1 (+http://www.google.com/bot.html)"
207.46.98.141 - - [08/May/2005:08:00:49 +0200] "GET /robots.txt HTTP/1.0" 404 282 "-" "msnbot/1.0 (+http://search.msn.com/msnbot.htm)"
207.46.98.141 - - [08/May/2005:08:00:49 +0200] "GET / HTTP/1.0" 200 644 "-" "msnbot/1.0 (+http://search.msn.com/msnbot.htm)"
207.46.98.141 - - [08/May/2005:12:33:18 +0200] "GET /robots.txt HTTP/1.0" 404 282 "-" "msnbot/1.0 (+http://search.msn.com/msnbot.htm)"
207.46.98.141 - - [08/May/2005:12:33:19 +0200] "GET / HTTP/1.0" 200 644 "-" "msnbot/1.0 (+http://search.msn.com/msnbot.htm)"
207.46.98.141 - - [08/May/2005:17:28:50 +0200] "GET /robots.txt HTTP/1.0" 404 282 "-" "msnbot/1.0 (+http://search.msn.com/msnbot.htm)"
207.46.98.141 - - [08/May/2005:17:28:50 +0200] "GET / HTTP/1.0" 200 644 "-" "msnbot/1.0 (+http://search.msn.com/msnbot.htm)"
207.46.98.141 - - [08/May/2005:22:23:26 +0200] "GET /robots.txt HTTP/1.0" 404 282 "-" "msnbot/1.0 (+http://search.msn.com/msnbot.htm)"
207.46.98.141 - - [08/May/2005:22:23:26 +0200] "GET / HTTP/1.0" 200 644 "-" "msnbot/1.0 (+http://search.msn.com/msnbot.htm)"
207.46.98.141 - - [09/May/2005:02:52:32 +0200] "GET / HTTP/1.0" 200 644 "-" "msnbot/1.0 (+http://search.msn.com/msnbot.htm)"
66.249.71.55 - - [09/May/2005:05:42:47 +0200] "GET /robots.txt HTTP/1.0" 404 282 "-" "Googlebot/2.1 (+http://www.google.com/bot.html)"
66.249.71.55 - - [09/May/2005:05:42:47 +0200] "GET / HTTP/1.0" 200 644 "-" "Googlebot/2.1 (+http://www.google.com/bot.html)"
207.46.98.141 - - [09/May/2005:07:28:13 +0200] "GET /robots.txt HTTP/1.0" 404 282 "-" "msnbot/1.0 (+http://search.msn.com/msnbot.htm)"
207.46.98.141 - - [09/May/2005:07:28:13 +0200] "GET / HTTP/1.0" 200 644 "-" "msnbot/1.0 (+http://search.msn.com/msnbot.htm)"
66.249.64.66 - - [09/May/2005:09:58:30 +0200] "GET /robots.txt HTTP/1.0" 404 282 "-" "Googlebot/2.1 (+http://www.google.com/bot.html)"
66.249.64.66 - - [09/May/2005:09:58:30 +0200] "GET /logs/ HTTP/1.0" 200 776 "-" "Googlebot/2.1 (+http://www.google.com/bot.html)"
64.242.88.10 - - [09/May/2005:19:11:37 +0200] "GET /robots.txt HTTP/1.1" 404 294 "-" "Mozilla/4.0 compatible ZyBorg/1.0 (wn-14.zyborg@looksmart.net; http://www.WISEnutbot.com)"
66.249.64.68 - - [09/May/2005:21:48:36 +0200] "GET / HTTP/1.0" 200 644 "-" "Googlebot/2.1 (+http://www.google.com/bot.html)"
66.249.71.69 - - [09/May/2005:23:37:34 +0200] "GET /logs/access_log HTTP/1.0" 200 29288 "-" "Googlebot/2.1 (+http://www.google.com/bot.html)"
66.249.71.69 - - [09/May/2005:23:49:29 +0200] "GET /logs/error_log HTTP/1.0" 200 8981 "-" "Googlebot/2.1 (+http://www.google.com/bot.html)"
68.61.166.24 - - [10/May/2005:03:22:33 +0200] "GET / HTTP/1.1" 200 656 "http://www.google.com/search?hl=en&q=newark+comites" "Mozilla/4.0 (compatible; MSIE 6.0; Windows NT 5.1; SV1; .NET CLR 1.0.3705; .NET CLR 1.1.4322)"
68.61.166.24 - - [10/May/2005:03:22:33 +0200] "GET /icons/blank.gif HTTP/1.1" 200 148 "http://newark.comites-it.org/" "Mozilla/4.0 (compatible; MSIE 6.0; Windows NT 5.1; SV1; .NET CLR 1.0.3705; .NET CLR 1.1.4322)"
68.61.166.24 - - [10/May/2005:03:22:33 +0200] "GET /icons/folder.gif HTTP/1.1" 200 225 "http://newark.comites-it.org/" "Mozilla/4.0 (compatible; MSIE 6.0; Windows NT 5.1; SV1; .NET CLR 1.0.3705; .NET CLR 1.1.4322)"
68.61.166.24 - - [10/May/2005:03:22:33 +0200] "GET /icons/back.gif HTTP/1.1" 200 216 "http://newark.comites-it.org/" "Mozilla/4.0 (compatible; MSIE 6.0; Windows NT 5.1; SV1; .NET CLR 1.0.3705; .NET CLR 1.1.4322)"
68.61.166.24 - - [10/May/2005:03:41:28 +0200] "GET / HTTP/1.1" 200 656 "http://www.comites-it.org/" "Mozilla/4.0 (compatible; MSIE 6.0; Windows NT 5.1; SV1; .NET CLR 1.0.3705; .NET CLR 1.1.4322)"
68.61.166.24 - - [10/May/2005:03:41:28 +0200] "GET /icons/blank.gif HTTP/1.1" 304 - "http://newark.comites-it.org/" "Mozilla/4.0 (compatible; MSIE 6.0; Windows NT 5.1; SV1; .NET CLR 1.0.3705; .NET CLR 1.1.4322)"
68.61.166.24 - - [10/May/2005:03:41:28 +0200] "GET /icons/folder.gif HTTP/1.1" 304 - "http://newark.comites-it.org/" "Mozilla/4.0 (compatible; MSIE 6.0; Windows NT 5.1; SV1; .NET CLR 1.0.3705; .NET CLR 1.1.4322)"
68.61.166.24 - - [10/May/2005:03:41:28 +0200] "GET /icons/back.gif HTTP/1.1" 304 - "http://newark.comites-it.org/" "Mozilla/4.0 (compatible; MSIE 6.0; Windows NT 5.1; SV1; .NET CLR 1.0.3705; .NET CLR 1.1.4322)"
66.249.64.7 - - [10/May/2005:04:55:41 +0200] "GET /robots.txt HTTP/1.0" 404 282 "-" "Googlebot/2.1 (+http://www.google.com/bot.html)"
66.249.64.7 - - [10/May/2005:04:55:43 +0200] "GET / HTTP/1.0" 200 644 "-" "Googlebot/2.1 (+http://www.google.com/bot.html)"
66.249.64.36 - - [10/May/2005:08:15:50 +0200] "GET /logs/ HTTP/1.0" 200 776 "-" "Googlebot/2.1 (+http://www.google.com/bot.html)"
66.249.64.54 - - [10/May/2005:09:12:37 +0200] "GET /logs/access_log HTTP/1.0" 200 31653 "-" "Googlebot/2.1 (+http://www.google.com/bot.html)"
66.249.64.44 - - [10/May/2005:09:24:40 +0200] "GET /logs/error_log HTTP/1.0" 200 9109 "-" "Googlebot/2.1 (+http://www.google.com/bot.html)"
66.249.71.50 - - [10/May/2005:09:54:26 +0200] "GET /logs/error_log HTTP/1.0" 200 9109 "-" "Googlebot/2.1 (+http://www.google.com/bot.html)"
207.46.98.141 - - [10/May/2005:10:11:57 +0200] "GET /robots.txt HTTP/1.0" 404 282 "-" "msnbot/1.0 (+http://search.msn.com/msnbot.htm)"
207.46.98.141 - - [10/May/2005:10:11:57 +0200] "GET / HTTP/1.0" 200 644 "-" "msnbot/1.0 (+http://search.msn.com/msnbot.htm)"
65.125.13.10 - - [10/May/2005:16:39:53 +0200] "GET / HTTP/1.1" 200 656 "http://www.comites-it.org/" "Mozilla/4.0 (compatible; MSIE 6.0; Windows NT 5.0; XMPP TipicIM v.RC6 1.6.8)"
65.125.13.10 - - [10/May/2005:16:39:53 +0200] "GET /icons/back.gif HTTP/1.1" 200 216 "http://newark.comites-it.org/" "Mozilla/4.0 (compatible; MSIE 6.0; Windows NT 5.0; XMPP TipicIM v.RC6 1.6.8)"
65.125.13.10 - - [10/May/2005:16:39:54 +0200] "GET /icons/blank.gif HTTP/1.1" 200 148 "http://newark.comites-it.org/" "Mozilla/4.0 (compatible; MSIE 6.0; Windows NT 5.0; XMPP TipicIM v.RC6 1.6.8)"
65.125.13.10 - - [10/May/2005:16:39:54 +0200] "GET /icons/folder.gif HTTP/1.1" 200 225 "http://newark.comites-it.org/" "Mozilla/4.0 (compatible; MSIE 6.0; Windows NT 5.0; XMPP TipicIM v.RC6 1.6.8)"
65.125.13.10 - - [10/May/2005:16:39:56 +0200] "GET /logs/ HTTP/1.1" 200 788 "http://newark.comites-it.org/" "Mozilla/4.0 (compatible; MSIE 6.0; Windows NT 5.0; XMPP TipicIM v.RC6 1.6.8)"
65.125.13.10 - - [10/May/2005:16:39:56 +0200] "GET /icons/unknown.gif HTTP/1.1" 200 245 "http://newark.comites-it.org/logs/" "Mozilla/4.0 (compatible; MSIE 6.0; Windows NT 5.0; XMPP TipicIM v.RC6 1.6.8)"
65.125.13.10 - - [10/May/2005:16:39:58 +0200] "GET / HTTP/1.1" 200 656 "http://newark.comites-it.org/logs/" "Mozilla/4.0 (compatible; MSIE 6.0; Windows NT 5.0; XMPP TipicIM v.RC6 1.6.8)"
65.125.13.10 - - [10/May/2005:16:39:59 +0200] "GET / HTTP/1.1" 200 656 "http://newark.comites-it.org/" "Mozilla/4.0 (compatible; MSIE 6.0; Windows NT 5.0; XMPP TipicIM v.RC6 1.6.8)"
66.249.64.50 - - [11/May/2005:05:05:08 +0200] "GET /robots.txt HTTP/1.0" 404 282 "-" "Googlebot/2.1 (+http://www.google.com/bot.html)"
66.249.64.50 - - [11/May/2005:05:05:08 +0200] "GET / HTTP/1.0" 200 644 "-" "Googlebot/2.1 (+http://www.google.com/bot.html)"
207.46.98.140 - - [11/May/2005:05:41:05 +0200] "GET /robots.txt HTTP/1.0" 404 282 "-" "msnbot/1.0 (+http://search.msn.com/msnbot.htm)"
207.46.98.140 - - [11/May/2005:05:41:05 +0200] "GET / HTTP/1.0" 200 644 "-" "msnbot/1.0 (+http://search.msn.com/msnbot.htm)"
66.249.64.44 - - [11/May/2005:06:39:01 +0200] "GET /logs/ HTTP/1.0" 200 776 "-" "Googlebot/2.1 (+http://www.google.com/bot.html)"
66.249.71.47 - - [11/May/2005:08:05:29 +0200] "GET /logs/access_log HTTP/1.0" 200 34515 "-" "Googlebot/2.1 (+http://www.google.com/bot.html)"
66.249.64.6 - - [11/May/2005:08:10:58 +0200] "GET /logs/error_log HTTP/1.0" 200 9498 "-" "Googlebot/2.1 (+http://www.google.com/bot.html)"
207.46.98.140 - - [11/May/2005:11:32:21 +0200] "GET /robots.txt HTTP/1.0" 404 282 "-" "msnbot/1.0 (+http://search.msn.com/msnbot.htm)"
207.46.98.140 - - [11/May/2005:11:32:21 +0200] "GET / HTTP/1.0" 200 644 "-" "msnbot/1.0 (+http://search.msn.com/msnbot.htm)"
207.46.98.140 - - [11/May/2005:18:19:35 +0200] "GET /robots.txt HTTP/1.0" 404 282 "-" "msnbot/1.0 (+http://search.msn.com/msnbot.htm)"
207.46.98.140 - - [11/May/2005:18:19:35 +0200] "GET / HTTP/1.0" 200 644 "-" "msnbot/1.0 (+http://search.msn.com/msnbot.htm)"
207.46.98.140 - - [12/May/2005:00:03:22 +0200] "GET /robots.txt HTTP/1.0" 404 282 "-" "msnbot/1.0 (+http://search.msn.com/msnbot.htm)"
207.46.98.140 - - [12/May/2005:00:03:23 +0200] "GET / HTTP/1.0" 200 644 "-" "msnbot/1.0 (+http://search.msn.com/msnbot.htm)"
66.249.64.50 - - [12/May/2005:05:24:25 +0200] "GET /robots.txt HTTP/1.0" 404 282 "-" "Googlebot/2.1 (+http://www.google.com/bot.html)"
66.249.64.50 - - [12/May/2005:05:24:25 +0200] "GET / HTTP/1.0" 200 644 "-" "Googlebot/2.1 (+http://www.google.com/bot.html)"
66.249.64.10 - - [12/May/2005:07:03:33 +0200] "GET /logs/ HTTP/1.0" 200 776 "-" "Googlebot/2.1 (+http://www.google.com/bot.html)"
66.249.64.15 - - [12/May/2005:07:40:50 +0200] "GET /logs/error_log HTTP/1.0" 200 10017 "-" "Googlebot/2.1 (+http://www.google.com/bot.html)"
66.249.71.53 - - [12/May/2005:08:10:46 +0200] "GET /logs/access_log HTTP/1.0" 200 36107 "-" "Googlebot/2.1 (+http://www.google.com/bot.html)"
207.46.98.140 - - [12/May/2005:12:16:51 +0200] "GET /robots.txt HTTP/1.0" 404 282 "-" "msnbot/1.0 (+http://search.msn.com/msnbot.htm)"
207.46.98.140 - - [12/May/2005:12:16:51 +0200] "GET / HTTP/1.0" 200 644 "-" "msnbot/1.0 (+http://search.msn.com/msnbot.htm)"
207.46.98.140 - - [12/May/2005:17:16:58 +0200] "GET /robots.txt HTTP/1.0" 404 282 "-" "msnbot/1.0 (+http://search.msn.com/msnbot.htm)"
207.46.98.140 - - [12/May/2005:17:16:59 +0200] "GET / HTTP/1.0" 200 644 "-" "msnbot/1.0 (+http://search.msn.com/msnbot.htm)"
207.46.98.140 - - [12/May/2005:21:46:06 +0200] "GET /robots.txt HTTP/1.0" 404 282 "-" "msnbot/1.0 (+http://search.msn.com/msnbot.htm)"
207.46.98.140 - - [12/May/2005:21:46:06 +0200] "GET / HTTP/1.0" 200 644 "-" "msnbot/1.0 (+http://search.msn.com/msnbot.htm)"
207.46.98.140 - - [13/May/2005:03:49:21 +0200] "GET /robots.txt HTTP/1.0" 404 282 "-" "msnbot/1.0 (+http://search.msn.com/msnbot.htm)"
207.46.98.140 - - [13/May/2005:03:49:22 +0200] "GET / HTTP/1.0" 200 644 "-" "msnbot/1.0 (+http://search.msn.com/msnbot.htm)"
66.249.71.13 - - [13/May/2005:06:06:20 +0200] "GET /robots.txt HTTP/1.0" 404 282 "-" "Googlebot/2.1 (+http://www.google.com/bot.html)"
66.249.71.13 - - [13/May/2005:06:06:20 +0200] "GET / HTTP/1.0" 200 644 "-" "Googlebot/2.1 (+http://www.google.com/bot.html)"
66.249.64.6 - - [13/May/2005:08:23:04 +0200] "GET /logs/ HTTP/1.0" 200 776 "-" "Googlebot/2.1 (+http://www.google.com/bot.html)"
207.46.98.140 - - [13/May/2005:08:44:15 +0200] "GET /robots.txt HTTP/1.0" 404 282 "-" "msnbot/1.0 (+http://search.msn.com/msnbot.htm)"
207.46.98.140 - - [13/May/2005:08:44:15 +0200] "GET / HTTP/1.0" 200 644 "-" "msnbot/1.0 (+http://search.msn.com/msnbot.htm)"
66.249.71.47 - - [13/May/2005:10:27:41 +0200] "GET /logs/error_log HTTP/1.0" 200 10796 "-" "Googlebot/2.1 (+http://www.google.com/bot.html)"
66.249.71.42 - - [13/May/2005:11:26:23 +0200] "GET /logs/access_log HTTP/1.0" 200 38079 "-" "Googlebot/2.1 (+http://www.google.com/bot.html)"
66.249.64.35 - - [13/May/2005:11:56:39 +0200] "GET /logs/access_log HTTP/1.0" 200 38221 "-" "Googlebot/2.1 (+http://www.google.com/bot.html)"
85.35.44.245 - - [13/May/2005:18:11:25 +0200] "GET / HTTP/1.1" 200 656 "http://www.comites-it.org/" "Mozilla/4.0 (compatible; MSIE 6.0; Windows NT 5.1)"
85.35.44.245 - - [13/May/2005:18:11:25 +0200] "GET /icons/blank.gif HTTP/1.1" 200 148 "http://newark.comites-it.org/" "Mozilla/4.0 (compatible; MSIE 6.0; Windows NT 5.1)"
85.35.44.245 - - [13/May/2005:18:11:25 +0200] "GET /icons/folder.gif HTTP/1.1" 200 225 "http://newark.comites-it.org/" "Mozilla/4.0 (compatible; MSIE 6.0; Windows NT 5.1)"
85.35.44.245 - - [13/May/2005:18:11:25 +0200] "GET /icons/back.gif HTTP/1.1" 200 216 "http://newark.comites-it.org/" "Mozilla/4.0 (compatible; MSIE 6.0; Windows NT 5.1)"
64.242.88.10 - - [14/May/2005:02:32:46 +0200] "GET /robots.txt HTTP/1.1" 404 294 "-" "Mozilla/4.0 compatible ZyBorg/1.0 (wn-14.zyborg@looksmart.net; http://www.WISEnutbot.com)"
66.249.64.27 - - [14/May/2005:05:22:54 +0200] "GET /robots.txt HTTP/1.0" 404 282 "-" "Googlebot/2.1 (+http://www.google.com/bot.html)"
66.249.64.27 - - [14/May/2005:05:22:54 +0200] "GET / HTTP/1.0" 200 644 "-" "Googlebot/2.1 (+http://www.google.com/bot.html)"
66.249.64.6 - - [14/May/2005:06:54:06 +0200] "GET /logs/ HTTP/1.0" 200 776 "-" "Googlebot/2.1 (+http://www.google.com/bot.html)"
66.249.64.14 - - [14/May/2005:08:03:31 +0200] "GET /logs/access_log HTTP/1.0" 200 39595 "-" "Googlebot/2.1 (+http://www.google.com/bot.html)"
66.249.64.14 - - [14/May/2005:08:06:20 +0200] "GET /logs/error_log HTTP/1.0" 200 11054 "-" "Googlebot/2.1 (+http://www.google.com/bot.html)"
66.249.71.47 - - [15/May/2005:05:11:35 +0200] "GET /robots.txt HTTP/1.0" 404 282 "-" "Googlebot/2.1 (+http://www.google.com/bot.html)"
66.249.71.47 - - [15/May/2005:05:11:35 +0200] "GET / HTTP/1.0" 200 644 "-" "Googlebot/2.1 (+http://www.google.com/bot.html)"
66.249.71.7 - - [15/May/2005:07:41:03 +0200] "GET /logs/ HTTP/1.0" 200 776 "-" "Googlebot/2.1 (+http://www.google.com/bot.html)"
66.249.64.36 - - [15/May/2005:08:25:29 +0200] "GET /logs/access_log HTTP/1.0" 200 40267 "-" "Googlebot/2.1 (+http://www.google.com/bot.html)"
66.249.64.16 - - [15/May/2005:08:29:26 +0200] "GET /logs/error_log HTTP/1.0" 200 11183 "-" "Googlebot/2.1 (+http://www.google.com/bot.html)"
64.242.88.10 - - [16/May/2005:01:21:21 +0200] "GET / HTTP/1.1" 200 656 "-" "Mozilla/4.0 compatible ZyBorg/1.0 (wn-14.zyborg@looksmart.net; http://www.WISEnutbot.com)"
195.210.89.30 - - [16/May/2005:01:45:07 +0200] "GET / HTTP/1.1" 200 656 "-" "libwww-perl/5.65"
207.46.98.140 - - [16/May/2005:02:01:42 +0200] "GET /robots.txt HTTP/1.0" 404 282 "-" "msnbot/1.0 (+http://search.msn.com/msnbot.htm)"
207.46.98.140 - - [16/May/2005:02:01:42 +0200] "GET / HTTP/1.0" 200 644 "-" "msnbot/1.0 (+http://search.msn.com/msnbot.htm)"
68.97.9.244 - - [16/May/2005:06:33:52 +0200] "GET / HTTP/1.1" 200 656 "-" "Mozilla/4.0 (compatible; MSIE 5.5; Windows 98; Win 9x 4.90)"
68.97.9.244 - - [16/May/2005:06:33:52 +0200] "GET /icons/blank.gif HTTP/1.1" 200 148 "-" "Mozilla/4.0 (compatible; MSIE 5.5; Windows 98; Win 9x 4.90)"
68.97.9.244 - - [16/May/2005:06:33:52 +0200] "GET /icons/back.gif HTTP/1.1" 200 216 "-" "Mozilla/4.0 (compatible; MSIE 5.5; Windows 98; Win 9x 4.90)"
68.97.9.244 - - [16/May/2005:06:33:52 +0200] "GET /icons/folder.gif HTTP/1.1" 200 225 "-" "Mozilla/4.0 (compatible; MSIE 5.5; Windows 98; Win 9x 4.90)"
68.97.9.244 - - [16/May/2005:06:33:58 +0200] "GET / HTTP/1.1" 200 656 "-" "Mozilla/4.0 (compatible; MSIE 5.5; Windows 98; Win 9x 4.90)"
207.46.98.140 - - [16/May/2005:07:47:56 +0200] "GET /robots.txt HTTP/1.0" 404 282 "-" "msnbot/1.0 (+http://search.msn.com/msnbot.htm)"
207.46.98.140 - - [16/May/2005:07:47:57 +0200] "GET / HTTP/1.0" 200 644 "-" "msnbot/1.0 (+http://search.msn.com/msnbot.htm)"
207.46.98.140 - - [16/May/2005:12:54:55 +0200] "GET /robots.txt HTTP/1.0" 404 282 "-" "msnbot/1.0 (+http://search.msn.com/msnbot.htm)"
207.46.98.140 - - [16/May/2005:12:54:55 +0200] "GET / HTTP/1.0" 200 644 "-" "msnbot/1.0 (+http://search.msn.com/msnbot.htm)"
207.46.98.140 - - [16/May/2005:18:10:54 +0200] "GET /robots.txt HTTP/1.0" 404 282 "-" "msnbot/1.0 (+http://search.msn.com/msnbot.htm)"
207.46.98.140 - - [16/May/2005:18:10:54 +0200] "GET / HTTP/1.0" 200 644 "-" "msnbot/1.0 (+http://search.msn.com/msnbot.htm)"
84.222.72.102 - - [16/May/2005:23:18:25 +0200] "GET / HTTP/1.0" 200 644 "http://www.comites-it.org/" "Mozilla/4.0 (compatible; MSIE 6.0; Windows NT 5.1; SV1; .NET CLR 1.1.4322)"
207.46.98.140 - - [17/May/2005:00:03:41 +0200] "GET /robots.txt HTTP/1.0" 404 282 "-" "msnbot/1.0 (+http://search.msn.com/msnbot.htm)"
207.46.98.140 - - [17/May/2005:00:03:41 +0200] "GET / HTTP/1.0" 200 644 "-" "msnbot/1.0 (+http://search.msn.com/msnbot.htm)"
207.46.98.140 - - [17/May/2005:17:10:27 +0200] "GET /robots.txt HTTP/1.0" 404 282 "-" "msnbot/1.0 (+http://search.msn.com/msnbot.htm)"
207.46.98.140 - - [17/May/2005:17:10:27 +0200] "GET / HTTP/1.0" 200 644 "-" "msnbot/1.0 (+http://search.msn.com/msnbot.htm)"
207.46.98.140 - - [17/May/2005:22:20:47 +0200] "GET /robots.txt HTTP/1.0" 404 282 "-" "msnbot/1.0 (+http://search.msn.com/msnbot.htm)"
207.46.98.140 - - [17/May/2005:22:20:47 +0200] "GET / HTTP/1.0" 200 644 "-" "msnbot/1.0 (+http://search.msn.com/msnbot.htm)"
207.46.98.141 - - [18/May/2005:06:18:00 +0200] "GET /robots.txt HTTP/1.0" 404 282 "-" "msnbot/1.0 (+http://search.msn.com/msnbot.htm)"
207.46.98.141 - - [18/May/2005:06:18:00 +0200] "GET / HTTP/1.0" 200 644 "-" "msnbot/1.0 (+http://search.msn.com/msnbot.htm)"
207.46.98.140 - - [19/May/2005:00:11:36 +0200] "GET /robots.txt HTTP/1.0" 404 282 "-" "msnbot/1.0 (+http://search.msn.com/msnbot.htm)"
207.46.98.140 - - [19/May/2005:00:11:36 +0200] "GET / HTTP/1.0" 200 644 "-" "msnbot/1.0 (+http://search.msn.com/msnbot.htm)"
66.249.71.69 - - [19/May/2005:06:35:47 +0200] "GET /robots.txt HTTP/1.0" 404 282 "-" "Googlebot/2.1 (+http://www.google.com/bot.html)"
66.249.71.69 - - [19/May/2005:06:35:47 +0200] "GET /logs/ HTTP/1.0" 200 776 "-" "Googlebot/2.1 (+http://www.google.com/bot.html)"
66.249.64.18 - - [19/May/2005:06:36:49 +0200] "GET /logs/error_log HTTP/1.0" 200 12482 "-" "Googlebot/2.1 (+http://www.google.com/bot.html)"
66.249.64.33 - - [19/May/2005:06:41:45 +0200] "GET /logs/access_log HTTP/1.0" 200 44461 "-" "Googlebot/2.1 (+http://www.google.com/bot.html)"
66.249.71.39 - - [19/May/2005:07:32:05 +0200] "GET / HTTP/1.0" 200 644 "-" "Googlebot/2.1 (+http://www.google.com/bot.html)"
207.46.98.140 - - [19/May/2005:08:36:54 +0200] "GET /robots.txt HTTP/1.0" 404 282 "-" "msnbot/1.0 (+http://search.msn.com/msnbot.htm)"
207.46.98.140 - - [19/May/2005:08:36:54 +0200] "GET / HTTP/1.0" 200 644 "-" "msnbot/1.0 (+http://search.msn.com/msnbot.htm)"
207.46.98.140 - - [19/May/2005:15:50:42 +0200] "GET /robots.txt HTTP/1.0" 404 282 "-" "msnbot/1.0 (+http://search.msn.com/msnbot.htm)"
207.46.98.140 - - [19/May/2005:15:50:43 +0200] "GET / HTTP/1.0" 200 644 "-" "msnbot/1.0 (+http://search.msn.com/msnbot.htm)"
207.46.98.140 - - [19/May/2005:21:34:41 +0200] "GET /robots.txt HTTP/1.0" 404 282 "-" "msnbot/1.0 (+http://search.msn.com/msnbot.htm)"
207.46.98.140 - - [19/May/2005:21:34:41 +0200] "GET / HTTP/1.0" 200 644 "-" "msnbot/1.0 (+http://search.msn.com/msnbot.htm)"
64.242.88.10 - - [20/May/2005:01:26:34 +0200] "GET /?S=A HTTP/1.1" 200 656 "-" "Mozilla/4.0 compatible ZyBorg/1.0 (wn-14.zyborg@looksmart.net; http://www.WISEnutbot.com)"
64.242.88.10 - - [20/May/2005:02:03:53 +0200] "GET /?D=A HTTP/1.1" 200 656 "-" "Mozilla/4.0 compatible ZyBorg/1.0 (wn-14.zyborg@looksmart.net; http://www.WISEnutbot.com)"
64.242.88.10 - - [20/May/2005:02:43:55 +0200] "GET /robots.txt HTTP/1.1" 404 294 "-" "Mozilla/4.0 compatible ZyBorg/1.0 (wn-14.zyborg@looksmart.net; http://www.WISEnutbot.com)"
82.54.156.235 - - [20/May/2005:18:19:03 +0200] "GET / HTTP/1.1" 200 656 "http://www.comites-it.org/" "Mozilla/4.0 (compatible; MSIE 6.0; Windows NT 5.1; SV1)"
82.54.156.235 - - [20/May/2005:18:19:07 +0200] "GET /icons/blank.gif HTTP/1.1" 200 148 "http://newark.comites-it.org/" "Mozilla/4.0 (compatible; MSIE 6.0; Windows NT 5.1; SV1)"
82.54.156.235 - - [20/May/2005:18:19:07 +0200] "GET /icons/folder.gif HTTP/1.1" 200 225 "http://newark.comites-it.org/" "Mozilla/4.0 (compatible; MSIE 6.0; Windows NT 5.1; SV1)"
82.54.156.235 - - [20/May/2005:18:19:07 +0200] "GET /icons/back.gif HTTP/1.1" 200 216 "http://newark.comites-it.org/" "Mozilla/4.0 (compatible; MSIE 6.0; Windows NT 5.1; SV1)"
83.156.109.127 - - [20/May/2005:21:45:48 +0200] "GET / HTTP/1.1" 200 656 "http://66.102.9.104/search?q=cache:q-qfjzS_KeMJ:oklahoma.comites-it.org/colosimo.htm+%22comitato+italiani%22+new+jersey&hl=fr" "Mozilla/5.0 (Windows; U; Win98; fr-FR; rv:1.7.8) Gecko/20050511 Firefox/1.0.4"
83.156.109.127 - - [20/May/2005:21:45:49 +0200] "GET /icons/blank.gif HTTP/1.1" 200 148 "http://newark.comites-it.org/" "Mozilla/5.0 (Windows; U; Win98; fr-FR; rv:1.7.8) Gecko/20050511 Firefox/1.0.4"
83.156.109.127 - - [20/May/2005:21:45:50 +0200] "GET /icons/back.gif HTTP/1.1" 200 216 "http://newark.comites-it.org/" "Mozilla/5.0 (Windows; U; Win98; fr-FR; rv:1.7.8) Gecko/20050511 Firefox/1.0.4"
83.156.109.127 - - [20/May/2005:21:45:50 +0200] "GET /icons/folder.gif HTTP/1.1" 200 225 "http://newark.comites-it.org/" "Mozilla/5.0 (Windows; U; Win98; fr-FR; rv:1.7.8) Gecko/20050511 Firefox/1.0.4"
83.156.109.127 - - [20/May/2005:21:45:51 +0200] "GET /favicon.ico HTTP/1.1" 404 295 "-" "Mozilla/5.0 (Windows; U; Win98; fr-FR; rv:1.7.8) Gecko/20050511 Firefox/1.0.4"
83.156.109.127 - - [20/May/2005:21:45:54 +0200] "GET /logs/ HTTP/1.1" 200 788 "http://newark.comites-it.org/" "Mozilla/5.0 (Windows; U; Win98; fr-FR; rv:1.7.8) Gecko/20050511 Firefox/1.0.4"
83.156.109.127 - - [20/May/2005:21:45:55 +0200] "GET /icons/unknown.gif HTTP/1.1" 200 245 "http://newark.comites-it.org/logs/" "Mozilla/5.0 (Windows; U; Win98; fr-FR; rv:1.7.8) Gecko/20050511 Firefox/1.0.4"
83.156.109.127 - - [20/May/2005:21:45:56 +0200] "GET /favicon.ico HTTP/1.1" 404 295 "-" "Mozilla/5.0 (Windows; U; Win98; fr-FR; rv:1.7.8) Gecko/20050511 Firefox/1.0.4"
83.156.109.127 - - [20/May/2005:21:46:02 +0200] "GET /logs/access_log HTTP/1.1" 200 48331 "http://newark.comites-it.org/logs/" "Mozilla/5.0 (Windows; U; Win98; fr-FR; rv:1.7.8) Gecko/20050511 Firefox/1.0.4"
83.156.109.127 - - [20/May/2005:21:46:08 +0200] "GET /favicon.ico HTTP/1.1" 404 295 "-" "Mozilla/5.0 (Windows; U; Win98; fr-FR; rv:1.7.8) Gecko/20050511 Firefox/1.0.4"
83.156.109.127 - - [20/May/2005:21:46:09 +0200] "GET /favicon.ico HTTP/1.1" 404 295 "-" "Mozilla/5.0 (Windows; U; Win98; fr-FR; rv:1.7.8) Gecko/20050511 Firefox/1.0.4"
64.242.88.10 - - [21/May/2005:07:57:39 +0200] "GET /?M=A HTTP/1.1" 200 656 "-" "Mozilla/4.0 compatible ZyBorg/1.0 (wn-14.zyborg@looksmart.net; http://www.WISEnutbot.com)"
64.242.88.10 - - [21/May/2005:12:35:18 +0200] "GET /?N=D HTTP/1.1" 200 656 "-" "Mozilla/4.0 compatible ZyBorg/1.0 (wn-14.zyborg@looksmart.net; http://www.WISEnutbot.com)"
151.199.138.144 - - [21/May/2005:19:51:05 +0200] "GET http://newark.comites-it.org/logs/error_log HTTP/1.0" 200 13529 "-" "-"
207.46.98.140 - - [23/May/2005:00:54:41 +0200] "GET /robots.txt HTTP/1.0" 404 282 "-" "msnbot/1.0 (+http://search.msn.com/msnbot.htm)"
207.46.98.140 - - [23/May/2005:00:54:41 +0200] "GET / HTTP/1.0" 200 644 "-" "msnbot/1.0 (+http://search.msn.com/msnbot.htm)"
207.46.98.140 - - [23/May/2005:06:25:32 +0200] "GET /robots.txt HTTP/1.0" 404 282 "-" "msnbot/1.0 (+http://search.msn.com/msnbot.htm)"
207.46.98.140 - - [23/May/2005:06:25:32 +0200] "GET / HTTP/1.0" 200 644 "-" "msnbot/1.0 (+http://search.msn.com/msnbot.htm)"
